51.107.40.212 - - [24/Nov/2022:05:20:25 -0800] "GET /vendor/phpunit/phpunit/phpunit.xsd HTTP/1.1" 404 88 "-" "Mozilla/5.0 (X11; Linux x86_64; rv:52.0) Gecko/20100101 Firefox/52.0" "woodlandsfamilymedicine.org"
20.172.244.197 - - [24/Nov/2022:05:24:21 -0800] "GET /forms.html HTTP/1.1" 200 23351 "-" "Mozilla/5.0 (Windows NT 10.0; Win64; x64) AppleWebKit/537.36 (KHTML, like Gecko) Chrome/86.0.4240.75 Safari/537.36" "www.doctorallmon.com"
20.172.244.218 - - [24/Nov/2022:05:25:15 -0800] "GET /index.html HTTP/1.1" 200 25535 "-" "Mozilla/5.0 (Windows NT 10.0; Win64; x64) AppleWebKit/537.36 (KHTML, like Gecko) Chrome/86.0.4240.75 Safari/537.36" "www.doctorallmon.com"
40.77.167.31 - - [24/Nov/2022:05:25:43 -0800] "GET /js/xprs_helper.js?v=1.5.8c HTTP/1.1" 200 9186 "-" "Mozilla/5.0 (compatible; MSIE 9.0; Windows NT 6.1; Trident/5.0)" "woodlandsfamilymedicine.org"
185.174.159.245 - - [24/Nov/2022:05:27:04 -0800] "GET / HTTP/1.1" 200 176610 "http://doctorallmon.com/" "Mozilla/5.0 (Windows NT 6.1; ) AppleWebKit/537.36 (KHTML, like Gecko) Chrome/90.0.4430.72 Safari/537.36" "doctorallmon.com"
185.174.159.245 - - [24/Nov/2022:05:27:04 -0800] "GET / HTTP/1.1" 200 176610 "http://doctorallmon.com/" "Mozilla/5.0 (Windows NT 6.1; Win64; x64) AppleWebKit/537.36 (KHTML, like Gecko) Chrome/90.0.4427.0 Safari/537.36" "doctorallmon.com"
185.174.159.245 - - [24/Nov/2022:05:27:04 -0800] "GET / HTTP/1.1" 200 176610 "http://doctorallmon.com/" "Mozilla/5.0 (Windows NT 6.3; Win64; x64) AppleWebKit/537.36 (KHTML, like Gecko) Chrome/90.0.4430.85 Safari/537.36 Edg/90.0.818.46" "doctorallmon.com"
185.174.159.245 - - [24/Nov/2022:05:27:04 -0800] "GET / HTTP/1.1" 200 176610 "http://doctorallmon.com/" "Mozilla/5.0 (Windows NT 6.1; Win64; x64) AppleWebKit/537.36 (KHTML, like Gecko) Chrome/90.0.4427.0 Safari/537.36" "doctorallmon.com"
185.174.159.245 - - [24/Nov/2022:05:27:07 -0800] "GET /contact.html HTTP/1.1" 200 159740 "http://doctorallmon.com/contact.html" "Mozilla/5.0 (Windows NT 6.1; ) AppleWebKit/537.36 (KHTML, like Gecko) Chrome/90.0.4430.72 Safari/537.36" "doctorallmon.com"
185.174.159.245 - - [24/Nov/2022:05:27:07 -0800] "GET /contact.html HTTP/1.1" 200 159740 "http://doctorallmon.com/contact.html" "Mozilla/5.0 (Windows NT 6.3; Win64; x64) AppleWebKit/537.36 (KHTML, like Gecko) Chrome/90.0.4430.85 Safari/537.36 Edg/90.0.818.46" "doctorallmon.com"
185.174.159.245 - - [24/Nov/2022:05:27:07 -0800] "GET /contact.html HTTP/1.1" 200 159740 "http://doctorallmon.com/contact.html" "Mozilla/5.0 (Windows NT 6.1; Win64; x64) AppleWebKit/537.36 (KHTML, like Gecko) Chrome/90.0.4427.0 Safari/537.36" "doctorallmon.com"
185.174.159.245 - - [24/Nov/2022:05:27:07 -0800] "GET /contact.html HTTP/1.1" 200 159740 "http://doctorallmon.com/contact.html" "Mozilla/5.0 (Windows NT 6.1; Win64; x64) AppleWebKit/537.36 (KHTML, like Gecko) Chrome/90.0.4427.0 Safari/537.36" "doctorallmon.com"
157.55.39.39 - - [24/Nov/2022:05:29:25 -0800] "GET /sitemap.xml HTTP/1.1" 200 311 "-" "Mozilla/5.0 AppleWebKit/537.36 (KHTML, like Gecko; compatible; bingbot/2.0; +http://www.bing.com/bingbot.htm) Chrome/103.0.5060.134 Safari/537.36" "doctorallmon.com"
207.46.13.48 - - [24/Nov/2022:05:32:12 -0800] "GET / HTTP/1.1" 200 25535 "-" "Mozilla/5.0 (compatible; bingbot/2.0; +http://www.bing.com/bingbot.htm)" "woodlandsfamilymedicine.org"
20.172.244.197 - - [24/Nov/2022:05:35:12 -0800] "GET /forms.html HTTP/1.1" 200 23351 "-" "Mozilla/5.0 (Windows NT 10.0; Win64; x64) AppleWebKit/537.36 (KHTML, like Gecko) Chrome/86.0.4240.75 Safari/537.36" "www.doctorallmon.com"
20.172.244.218 - - [24/Nov/2022:05:36:33 -0800] "GET /index.html HTTP/1.1" 200 25535 "-" "Mozilla/5.0 (Windows NT 10.0; Win64; x64) AppleWebKit/537.36 (KHTML, like Gecko) Chrome/86.0.4240.75 Safari/537.36" "www.doctorallmon.com"
20.172.244.218 - - [24/Nov/2022:05:47:26 -0800] "GET /index.html HTTP/1.1" 200 25535 "-" "Mozilla/5.0 (Windows NT 10.0; Win64; x64) AppleWebKit/537.36 (KHTML, like Gecko) Chrome/86.0.4240.75 Safari/537.36" "www.doctorallmon.com"
20.172.244.197 - - [24/Nov/2022:05:48:51 -0800] "GET /forms.html HTTP/1.1" 200 23351 "-" "Mozilla/5.0 (Windows NT 10.0; Win64; x64) AppleWebKit/537.36 (KHTML, like Gecko) Chrome/86.0.4240.75 Safari/537.36" "www.doctorallmon.com"
20.172.244.197 - - [24/Nov/2022:05:58:41 -0800] "GET /forms.html HTTP/1.1" 200 23351 "-" "Mozilla/5.0 (Windows NT 10.0; Win64; x64) AppleWebKit/537.36 (KHTML, like Gecko) Chrome/86.0.4240.75 Safari/537.36" "www.doctorallmon.com"
20.172.244.218 - - [24/Nov/2022:05:59:20 -0800] "GET /index.html HTTP/1.1" 200 25535 "-" "Mozilla/5.0 (Windows NT 10.0; Win64; x64) AppleWebKit/537.36 (KHTML, like Gecko) Chrome/86.0.4240.75 Safari/537.36" "www.doctorallmon.com"
157.55.39.22 - - [24/Nov/2022:06:02:19 -0800] "GET /about_us/joel_kerschenbaum_md HTTP/1.1" 404 88 "-" "Mozilla/5.0 AppleWebKit/537.36 (KHTML, like Gecko; compatible; bingbot/2.0; +http://www.bing.com/bingbot.htm) Chrome/103.0.5060.134 Safari/537.36" "www.woodlandsfamilymedicine.org"
20.172.244.197 - - [24/Nov/2022:06:08:45 -0800] "GET /forms.html HTTP/1.1" 200 23351 "-" "Mozilla/5.0 (Windows NT 10.0; Win64; x64) AppleWebKit/537.36 (KHTML, like Gecko) Chrome/86.0.4240.75 Safari/537.36" "www.doctorallmon.com"
20.172.244.218 - - [24/Nov/2022:06:09:42 -0800] "GET /index.html HTTP/1.1" 200 25535 "-" "Mozilla/5.0 (Windows NT 10.0; Win64; x64) AppleWebKit/537.36 (KHTML, like Gecko) Chrome/86.0.4240.75 Safari/537.36" "www.doctorallmon.com"
20.172.244.218 - - [24/Nov/2022:06:20:09 -0800] "GET /index.html HTTP/1.1" 200 25535 "-" "Mozilla/5.0 (Windows NT 10.0; Win64; x64) AppleWebKit/537.36 (KHTML, like Gecko) Chrome/86.0.4240.75 Safari/537.36" "www.doctorallmon.com"
20.172.244.197 - - [24/Nov/2022:06:21:37 -0800] "GET /forms.html HTTP/1.1" 200 23351 "-" "Mozilla/5.0 (Windows NT 10.0; Win64; x64) AppleWebKit/537.36 (KHTML, like Gecko) Chrome/86.0.4240.75 Safari/537.36" "www.doctorallmon.com"
76.72.81.17 - - [24/Nov/2022:06:24:57 -0800] "GET / HTTP/1.1" 200 25535 "-" "Mozilla/5.0 (iPhone; CPU iPhone OS 14_8 like Mac OS X) AppleWebKit/605.1.15 (KHTML, like Gecko) Version/14.1.2 Mobile/15E148 Safari/604.1" "www.doctorallmon.com"
76.72.81.17 - - [24/Nov/2022:06:24:57 -0800] "GET /js/ysb.js HTTP/1.1" 200 20 "http://www.doctorallmon.com/" "Mozilla/5.0 (iPhone; CPU iPhone OS 14_8 like Mac OS X) AppleWebKit/605.1.15 (KHTML, like Gecko) Version/14.1.2 Mobile/15E148 Safari/604.1" "www.doctorallmon.com"
76.72.81.17 - - [24/Nov/2022:06:24:57 -0800] "GET /css/static_style.css HTTP/1.1" 200 4546 "http://www.doctorallmon.com/" "Mozilla/5.0 (iPhone; CPU iPhone OS 14_8 like Mac OS X) AppleWebKit/605.1.15 (KHTML, like Gecko) Version/14.1.2 Mobile/15E148 Safari/604.1" "www.doctorallmon.com"
76.72.81.17 - - [24/Nov/2022:06:24:57 -0800] "GET /js/xprs_helper.js?v=1.5.8c HTTP/1.1" 200 9186 "http://www.doctorallmon.com/" "Mozilla/5.0 (iPhone; CPU iPhone OS 14_8 like Mac OS X) AppleWebKit/605.1.15 (KHTML, like Gecko) Version/14.1.2 Mobile/15E148 Safari/604.1" "www.doctorallmon.com"
76.72.81.17 - - [24/Nov/2022:06:24:57 -0800] "GET /js/lib/touchswipe/jquery.mobile.custom.min.js HTTP/1.1" 200 2872 "http://www.doctorallmon.com/" "Mozilla/5.0 (iPhone; CPU iPhone OS 14_8 like Mac OS X) AppleWebKit/605.1.15 (KHTML, like Gecko) Version/14.1.2 Mobile/15E148 Safari/604.1" "www.doctorallmon.com"
52.129.7.37 - - [24/Nov/2022:06:29:10 -0800] "GET /our-services.html HTTP/1.1" 200 22750 "-" "Mozilla/5.0 (iPhone; CPU iPhone OS 16_1_1 like Mac OS X) AppleWebKit/605.1.15 (KHTML, like Gecko) Version/16.1 Mobile/15E148 Safari/604.1" "woodlandsfamilymedicine.org"
52.129.7.37 - - [24/Nov/2022:06:29:10 -0800] "GET /apple-touch-icon-120x120-precomposed.png HTTP/1.1" 404 88 "-" "MobileSafari/8614.2.9.0.10 CFNetwork/1399 Darwin/22.1.0" "woodlandsfamilymedicine.org"
52.129.7.37 - - [24/Nov/2022:06:29:10 -0800] "GET /apple-touch-icon-120x120.png HTTP/1.1" 404 88 "-" "MobileSafari/8614.2.9.0.10 CFNetwork/1399 Darwin/22.1.0" "woodlandsfamilymedicine.org"
20.172.244.218 - - [24/Nov/2022:06:30:41 -0800] "GET /index.html HTTP/1.1" 200 25535 "-" "Mozilla/5.0 (Windows NT 10.0; Win64; x64) AppleWebKit/537.36 (KHTML, like Gecko) Chrome/86.0.4240.75 Safari/537.36" "www.doctorallmon.com"
20.172.244.197 - - [24/Nov/2022:06:31:54 -0800] "GET /forms.html HTTP/1.1" 200 23351 "-" "Mozilla/5.0 (Windows NT 10.0; Win64; x64) AppleWebKit/537.36 (KHTML, like Gecko) Chrome/86.0.4240.75 Safari/537.36" "www.doctorallmon.com"
185.191.171.24 - - [24/Nov/2022:06:35:11 -0800] "GET /robots.txt HTTP/1.1" 200 44 "-" "Mozilla/5.0 (compatible; SemrushBot/7~bl; +http://www.semrush.com/bot.html)" "www.woodlandsfamilymedicine.org"
185.191.171.8 - - [24/Nov/2022:06:35:11 -0800] "GET /about.html HTTP/1.1" 200 24572 "-" "Mozilla/5.0 (compatible; SemrushBot/7~bl; +http://www.semrush.com/bot.html)" "www.woodlandsfamilymedicine.org"
47.220.205.45 - - [24/Nov/2022:06:36:16 -0800] "GET / HTTP/1.1" 200 25535 "-" "Mozilla/5.0 (iPhone; CPU iPhone OS 16_0_3 like Mac OS X) AppleWebKit/605.1.15 (KHTML, like Gecko) Version/16.0 Mobile/15E148 Safari/604.1" "woodlandsfamilymedicine.org"
47.220.205.45 - - [24/Nov/2022:06:36:16 -0800] "GET /css/fonts.css?v=1.5.8c HTTP/1.1" 200 1538 "https://woodlandsfamilymedicine.org/" "Mozilla/5.0 (iPhone; CPU iPhone OS 16_0_3 like Mac OS X) AppleWebKit/605.1.15 (KHTML, like Gecko) Version/16.0 Mobile/15E148 Safari/604.1" "woodlandsfamilymedicine.org"
47.220.205.45 - - [24/Nov/2022:06:36:16 -0800] "GET /js/lightbox.js?v=1.5.8c HTTP/1.1" 200 3021 "https://woodlandsfamilymedicine.org/" "Mozilla/5.0 (iPhone; CPU iPhone OS 16_0_3 like Mac OS X) AppleWebKit/605.1.15 (KHTML, like Gecko) Version/16.0 Mobile/15E148 Safari/604.1" "woodlandsfamilymedicine.org"
47.220.205.45 - - [24/Nov/2022:06:36:16 -0800] "GET /js/xprs_helper.js?v=1.5.8c HTTP/1.1" 200 9186 "https://woodlandsfamilymedicine.org/" "Mozilla/5.0 (iPhone; CPU iPhone OS 16_0_3 like Mac OS X) AppleWebKit/605.1.15 (KHTML, like Gecko) Version/16.0 Mobile/15E148 Safari/604.1" "woodlandsfamilymedicine.org"
47.220.205.45 - - [24/Nov/2022:06:36:16 -0800] "GET /css/static_style.css HTTP/1.1" 200 4546 "https://woodlandsfamilymedicine.org/" "Mozilla/5.0 (iPhone; CPU iPhone OS 16_0_3 like Mac OS X) AppleWebKit/605.1.15 (KHTML, like Gecko) Version/16.0 Mobile/15E148 Safari/604.1" "woodlandsfamilymedicine.org"
47.220.205.45 - - [24/Nov/2022:06:36:16 -0800] "GET /js/all_js.js HTTP/1.1" 200 14389 "https://woodlandsfamilymedicine.org/" "Mozilla/5.0 (iPhone; CPU iPhone OS 16_0_3 like Mac OS X) AppleWebKit/605.1.15 (KHTML, like Gecko) Version/16.0 Mobile/15E148 Safari/604.1" "woodlandsfamilymedicine.org"
47.220.205.45 - - [24/Nov/2022:06:36:16 -0800] "GET /js/ysb.js HTTP/1.1" 200 20 "https://woodlandsfamilymedicine.org/" "Mozilla/5.0 (iPhone; CPU iPhone OS 16_0_3 like Mac OS X) AppleWebKit/605.1.15 (KHTML, like Gecko) Version/16.0 Mobile/15E148 Safari/604.1" "woodlandsfamilymedicine.org"
47.220.205.45 - - [24/Nov/2022:06:36:16 -0800] "GET /js/lib/touchswipe/jquery.mobile.custom.min.js HTTP/1.1" 200 2872 "https://woodlandsfamilymedicine.org/" "Mozilla/5.0 (iPhone; CPU iPhone OS 16_0_3 like Mac OS X) AppleWebKit/605.1.15 (KHTML, like Gecko) Version/16.0 Mobile/15E148 Safari/604.1" "woodlandsfamilymedicine.org"
47.220.205.45 - - [24/Nov/2022:06:36:16 -0800] "GET /js/spimeengine.js?v=1.5.8c HTTP/1.1" 200 17277 "https://woodlandsfamilymedicine.org/" "Mozilla/5.0 (iPhone; CPU iPhone OS 16_0_3 like Mac OS X) AppleWebKit/605.1.15 (KHTML, like Gecko) Version/16.0 Mobile/15E148 Safari/604.1" "woodlandsfamilymedicine.org"
207.46.13.48 - - [24/Nov/2022:06:37:15 -0800] "GET / HTTP/1.1" 200 25535 "-" "Mozilla/5.0 (compatible; bingbot/2.0; +http://www.bing.com/bingbot.htm)" "www.woodlandsfamilymedicine.org"
207.46.13.73 - - [24/Nov/2022:06:37:34 -0800] "GET /css/static_style.css HTTP/1.1" 200 4546 "-" "Mozilla/5.0 (compatible; bingbot/2.0; +http://www.bing.com/bingbot.htm)" "www.woodlandsfamilymedicine.org"
207.46.13.73 - - [24/Nov/2022:06:37:34 -0800] "GET /js/lib/touchswipe/jquery.mobile.custom.min.js HTTP/1.1" 200 2872 "-" "Mozilla/5.0 AppleWebKit/537.36 (KHTML, like Gecko; compatible; bingbot/2.0; +http://www.bing.com/bingbot.htm) Chrome/103.0.5060.134 Safari/537.36" "www.woodlandsfamilymedicine.org"
207.46.13.73 - - [24/Nov/2022:06:37:34 -0800] "GET /js/spimeengine.js?v=1.5.8c HTTP/1.1" 200 17277 "-" "Mozilla/5.0 (compatible; bingbot/2.0; +http://www.bing.com/bingbot.htm)" "www.woodlandsfamilymedicine.org"
40.77.167.31 - - [24/Nov/2022:06:37:39 -0800] "GET /js/xprs_helper.js?v=1.5.8c HTTP/1.1" 200 9186 "-" "Mozilla/5.0 AppleWebKit/537.36 (KHTML, like Gecko; compatible; bingbot/2.0; +http://www.bing.com/bingbot.htm) Chrome/103.0.5060.134 Safari/537.36" "www.woodlandsfamilymedicine.org"
157.55.39.42 - - [24/Nov/2022:06:38:06 -0800] "GET /css/fonts.css?v=1.5.8c HTTP/1.1" 200 1538 "-" "Mozilla/5.0 (compatible; bingbot/2.0; +http://www.bing.com/bingbot.htm)" "www.woodlandsfamilymedicine.org"
157.55.39.42 - - [24/Nov/2022:06:38:06 -0800] "GET /js/lightbox.js?v=1.5.8c HTTP/1.1" 200 3021 "-" "Mozilla/5.0 (compatible; bingbot/2.0; +http://www.bing.com/bingbot.htm)" "www.woodlandsfamilymedicine.org"
207.46.13.96 - - [24/Nov/2022:06:38:28 -0800] "GET /js/all_js.js HTTP/1.1" 200 14389 "-" "Mozilla/5.0 AppleWebKit/537.36 (KHTML, like Gecko; compatible; bingbot/2.0; +http://www.bing.com/bingbot.htm) Chrome/103.0.5060.134 Safari/537.36" "www.woodlandsfamilymedicine.org"
20.172.244.218 - - [24/Nov/2022:06:41:50 -0800] "GET /index.html HTTP/1.1" 200 25535 "-" "Mozilla/5.0 (Windows NT 10.0; Win64; x64) AppleWebKit/537.36 (KHTML, like Gecko) Chrome/86.0.4240.75 Safari/537.36" "www.doctorallmon.com"
20.172.244.197 - - [24/Nov/2022:06:43:31 -0800] "GET /forms.html HTTP/1.1" 200 23351 "-" "Mozilla/5.0 (Windows NT 10.0; Win64; x64) AppleWebKit/537.36 (KHTML, like Gecko) Chrome/86.0.4240.75 Safari/537.36" "www.doctorallmon.com"
20.172.244.218 - - [24/Nov/2022:06:52:00 -0800] "GET /index.html HTTP/1.1" 200 25535 "-" "Mozilla/5.0 (Windows NT 10.0; Win64; x64) AppleWebKit/537.36 (KHTML, like Gecko) Chrome/86.0.4240.75 Safari/537.36" "www.doctorallmon.com"
20.172.244.197 - - [24/Nov/2022:06:55:11 -0800] "GET /forms.html HTTP/1.1" 200 23351 "-" "Mozilla/5.0 (Windows NT 10.0; Win64; x64) AppleWebKit/537.36 (KHTML, like Gecko) Chrome/86.0.4240.75 Safari/537.36" "www.doctorallmon.com"
85.208.98.23 - - [24/Nov/2022:06:57:52 -0800] "GET /robots.txt HTTP/1.1" 200 44 "-" "Mozilla/5.0 (compatible; SemrushBot-BA; +http://www.semrush.com/bot.html)" "doctorallmon.com"
85.208.98.23 - - [24/Nov/2022:06:57:52 -0800] "GET /robots.txt HTTP/1.1" 200 44 "http://www.woodlandsfamilymedicine.org/robots.txt" "Mozilla/5.0 (compatible; SemrushBot-BA; +http://www.semrush.com/bot.html)" "www.woodlandsfamilymedicine.org"
85.208.98.23 - - [24/Nov/2022:06:57:52 -0800] "GET /robots.txt HTTP/1.1" 200 44 "http://woodlandsfamilymedicine.org/robots.txt" "Mozilla/5.0 (compatible; SemrushBot-BA; +http://www.semrush.com/bot.html)" "woodlandsfamilymedicine.org"
85.208.98.23 - - [24/Nov/2022:06:57:52 -0800] "GET /robots.txt HTTP/1.1" 200 44 "-" "Mozilla/5.0 (compatible; SemrushBot-BA; +http://www.semrush.com/bot.html)" "www.doctorallmon.com"
85.208.98.24 - - [24/Nov/2022:06:58:10 -0800] "GET /coronavirus_covid-19 HTTP/1.1" 404 88 "-" "Mozilla/5.0 (compatible; SemrushBot-BA; +http://www.semrush.com/bot.html)" "woodlandsfamilymedicine.org"
85.208.98.20 - - [24/Nov/2022:06:58:10 -0800] "GET /coronavirus_covid-19 HTTP/1.1" 404 88 "-" "Mozilla/5.0 (compatible; SemrushBot-BA; +http://www.semrush.com/bot.html)" "www.doctorallmon.com"
85.208.98.24 - - [24/Nov/2022:06:58:10 -0800] "GET /coronavirus_covid-19 HTTP/1.1" 404 88 "-" "Mozilla/5.0 (compatible; SemrushBot-BA; +http://www.semrush.com/bot.html)" "doctorallmon.com"
85.208.98.19 - - [24/Nov/2022:06:58:11 -0800] "GET /coronavirus_covid-19 HTTP/1.1" 404 88 "-" "Mozilla/5.0 (compatible; SemrushBot-BA; +http://www.semrush.com/bot.html)" "www.woodlandsfamilymedicine.org"
185.191.171.45 - - [24/Nov/2022:06:59:15 -0800] "GET /robots.txt HTTP/1.1" 200 44 "-" "Mozilla/5.0 (compatible; SemrushBot/7~bl; +http://www.semrush.com/bot.html)" "doctorallmon.com"
185.191.171.45 - - [24/Nov/2022:06:59:16 -0800] "GET /office_policies/policy_for_guarding_patient_credit_card_information HTTP/1.1" 200 4379 "-" "Mozilla/5.0 (compatible; SemrushBot/7~bl; +http://www.semrush.com/bot.html)" "doctorallmon.com"
138.246.253.24 - - [24/Nov/2022:07:02:50 -0800] "GET /robots.txt HTTP/1.1" 200 24 "-" "Mozilla/5.0 (Windows NT 10.0; Win64; x64) AppleWebKit/537.36 (KHTML, like Gecko) Chrome/103.0.5060.134 Safari/537.36" "www.woodlandsfamilymedicine.org"
20.172.244.218 - - [24/Nov/2022:07:03:24 -0800] "GET /index.html HTTP/1.1" 200 25535 "-" "Mozilla/5.0 (Windows NT 10.0; Win64; x64) AppleWebKit/537.36 (KHTML, like Gecko) Chrome/86.0.4240.75 Safari/537.36" "www.doctorallmon.com"
3.238.136.171 - - [24/Nov/2022:07:04:13 -0800] "GET /robots.txt HTTP/1.1" 200 44 "-" "CCBot/2.0 (https://commoncrawl.org/faq/)" "woodlandsfamilymedicine.org"
3.238.136.171 - - [24/Nov/2022:07:04:13 -0800] "GET /robots.txt HTTP/1.1" 200 44 "-" "CCBot/2.0 (https://commoncrawl.org/faq/)" "woodlandsfamilymedicine.org"
3.238.136.171 - - [24/Nov/2022:07:04:14 -0800] "GET / HTTP/1.1" 200 25535 "-" "CCBot/2.0 (https://commoncrawl.org/faq/)" "woodlandsfamilymedicine.org"
20.172.244.197 - - [24/Nov/2022:07:05:03 -0800] "GET /forms.html HTTP/1.1" 200 23351 "-" "Mozilla/5.0 (Windows NT 10.0; Win64; x64) AppleWebKit/537.36 (KHTML, like Gecko) Chrome/86.0.4240.75 Safari/537.36" "www.doctorallmon.com"
190.92.167.23 - - [24/Nov/2022:07:12:48 -0800] "GET /contact_us HTTP/1.1" 404 88 "-" "Mozilla/5.0 (Linux x86_64; rv:102.0) Gecko/20100101 Firefox/102.0" "doctorallmon.com"
190.92.167.23 - - [24/Nov/2022:07:12:48 -0800] "GET / HTTP/1.1" 200 25535 "-" "Mozilla/5.0 (Linux x86_64; rv:102.0) Gecko/20100101 Firefox/102.0" "doctorallmon.com"
190.92.167.23 - - [24/Nov/2022:07:12:49 -0800] "GET /contact.html HTTP/1.1" 200 24481 "http://doctorallmon.com/contact_us" "Mozilla/5.0 (Linux x86_64; rv:102.0) Gecko/20100101 Firefox/102.0" "doctorallmon.com"
51.222.253.14 - - [24/Nov/2022:07:13:08 -0800] "GET /robots.txt HTTP/1.1" 200 44 "-" "Mozilla/5.0 (compatible; AhrefsBot/7.0; +http://ahrefs.com/robot/)" "www.woodlandsfamilymedicine.org"
51.222.253.6 - - [24/Nov/2022:07:13:09 -0800] "GET / HTTP/1.1" 200 25535 "-" "Mozilla/5.0 (compatible; AhrefsBot/7.0; +http://ahrefs.com/robot/)" "www.woodlandsfamilymedicine.org"
195.154.126.98 - - [24/Nov/2022:07:13:10 -0800] "GET /js/ysb.js HTTP/1.1" 200 20 "https://www.woodlandsfamilymedicine.org/" "Mozilla/5.0 (compatible; AhrefsBot/7.0; +http://ahrefs.com/robot/)" "www.woodlandsfamilymedicine.org"
195.154.126.98 - - [24/Nov/2022:07:13:10 -0800] "GET /js/lib/touchswipe/jquery.mobile.custom.min.js HTTP/1.1" 200 2872 "https://www.woodlandsfamilymedicine.org/" "Mozilla/5.0 (compatible; AhrefsBot/7.0; +http://ahrefs.com/robot/)" "www.woodlandsfamilymedicine.org"
195.154.126.98 - - [24/Nov/2022:07:13:10 -0800] "GET /css/static_style.css HTTP/1.1" 200 4546 "https://www.woodlandsfamilymedicine.org/" "Mozilla/5.0 (compatible; AhrefsBot/7.0; +http://ahrefs.com/robot/)" "www.woodlandsfamilymedicine.org"
195.154.126.98 - - [24/Nov/2022:07:13:10 -0800] "GET /css/fonts.css?v=1.5.8c HTTP/1.1" 200 1538 "https://www.woodlandsfamilymedicine.org/" "Mozilla/5.0 (compatible; AhrefsBot/7.0; +http://ahrefs.com/robot/)" "www.woodlandsfamilymedicine.org"
195.154.126.98 - - [24/Nov/2022:07:13:10 -0800] "GET /js/xprs_helper.js?v=1.5.8c HTTP/1.1" 200 9186 "https://www.woodlandsfamilymedicine.org/" "Mozilla/5.0 (compatible; AhrefsBot/7.0; +http://ahrefs.com/robot/)" "www.woodlandsfamilymedicine.org"
195.154.126.98 - - [24/Nov/2022:07:13:10 -0800] "GET /js/all_js.js HTTP/1.1" 200 14389 "https://www.woodlandsfamilymedicine.org/" "Mozilla/5.0 (compatible; AhrefsBot/7.0; +http://ahrefs.com/robot/)" "www.woodlandsfamilymedicine.org"
195.154.126.98 - - [24/Nov/2022:07:13:11 -0800] "GET /js/lightbox.js?v=1.5.8c HTTP/1.1" 200 3021 "https://www.woodlandsfamilymedicine.org/" "Mozilla/5.0 (compatible; AhrefsBot/7.0; +http://ahrefs.com/robot/)" "www.woodlandsfamilymedicine.org"
195.154.126.98 - - [24/Nov/2022:07:13:11 -0800] "GET /js/spimeengine.js?v=1.5.8c HTTP/1.1" 200 17277 "https://www.woodlandsfamilymedicine.org/" "Mozilla/5.0 (compatible; AhrefsBot/7.0; +http://ahrefs.com/robot/)" "www.woodlandsfamilymedicine.org"
195.154.126.98 - - [24/Nov/2022:07:13:11 -0800] "GET /css/effects.css?v=1.5.8c HTTP/1.1" 200 2395 "https://www.woodlandsfamilymedicine.org/" "Mozilla/5.0 (compatible; AhrefsBot/7.0; +http://ahrefs.com/robot/)" "www.woodlandsfamilymedicine.org"
195.154.126.98 - - [24/Nov/2022:07:13:11 -0800] "GET /css/lightbox.css?v=1.5.8c HTTP/1.1" 200 646 "https://www.woodlandsfamilymedicine.org/" "Mozilla/5.0 (compatible; AhrefsBot/7.0; +http://ahrefs.com/robot/)" "www.woodlandsfamilymedicine.org"
192.99.36.126 - - [24/Nov/2022:07:13:58 -0800] "GET /robots.txt HTTP/1.1" 200 24 "-" "Mozilla/5.0 (compatible; MJ12bot/v1.4.8; http://mj12bot.com/)" "woodlandsfamilymedicine.org"
192.99.36.126 - - [24/Nov/2022:07:14:02 -0800] "GET /telemedicine.html HTTP/1.1" 200 22595 "-" "Mozilla/5.0 (compatible; MJ12bot/v1.4.8; http://mj12bot.com/)" "woodlandsfamilymedicine.org"
192.99.36.126 - - [24/Nov/2022:07:14:03 -0800] "GET /telemedicine.html HTTP/1.1" 200 22595 "-" "Mozilla/5.0 (compatible; MJ12bot/v1.4.8; http://mj12bot.com/)" "woodlandsfamilymedicine.org"
20.172.244.197 - - [24/Nov/2022:07:14:59 -0800] "GET /forms.html HTTP/1.1" 200 23351 "-" "Mozilla/5.0 (Windows NT 10.0; Win64; x64) AppleWebKit/537.36 (KHTML, like Gecko) Chrome/86.0.4240.75 Safari/537.36" "www.doctorallmon.com"
20.172.244.218 - - [24/Nov/2022:07:15:49 -0800] "GET /index.html HTTP/1.1" 200 25535 "-" "Mozilla/5.0 (Windows NT 10.0; Win64; x64) AppleWebKit/537.36 (KHTML, like Gecko) Chrome/86.0.4240.75 Safari/537.36" "www.doctorallmon.com"
207.46.13.103 - - [24/Nov/2022:07:24:51 -0800] "GET /about_us/brent_allmon_md_faafp HTTP/1.1" 404 88 "-" "Mozilla/5.0 (compatible; bingbot/2.0; +http://www.bing.com/bingbot.htm)" "doctorallmon.com"
20.172.244.218 - - [24/Nov/2022:07:25:32 -0800] "GET /index.html HTTP/1.1" 200 25535 "-" "Mozilla/5.0 (Windows NT 10.0; Win64; x64) AppleWebKit/537.36 (KHTML, like Gecko) Chrome/86.0.4240.75 Safari/537.36" "www.doctorallmon.com"
20.172.244.197 - - [24/Nov/2022:07:26:14 -0800] "GET /forms.html HTTP/1.1" 200 23351 "-" "Mozilla/5.0 (Windows NT 10.0; Win64; x64) AppleWebKit/537.36 (KHTML, like Gecko) Chrome/86.0.4240.75 Safari/537.36" "www.doctorallmon.com"
20.172.244.197 - - [24/Nov/2022:07:36:45 -0800] "GET /forms.html HTTP/1.1" 200 23351 "-" "Mozilla/5.0 (Windows NT 10.0; Win64; x64) AppleWebKit/537.36 (KHTML, like Gecko) Chrome/86.0.4240.75 Safari/537.36" "www.doctorallmon.com"
20.172.244.218 - - [24/Nov/2022:07:37:06 -0800] "GET /index.html HTTP/1.1" 200 25535 "-" "Mozilla/5.0 (Windows NT 10.0; Win64; x64) AppleWebKit/537.36 (KHTML, like Gecko) Chrome/86.0.4240.75 Safari/537.36" "www.doctorallmon.com"
20.172.244.218 - - [24/Nov/2022:07:49:15 -0800] "GET /index.html HTTP/1.1" 200 25535 "-" "Mozilla/5.0 (Windows NT 10.0; Win64; x64) AppleWebKit/537.36 (KHTML, like Gecko) Chrome/86.0.4240.75 Safari/537.36" "www.doctorallmon.com"
20.172.244.197 - - [24/Nov/2022:07:49:32 -0800] "GET /forms.html HTTP/1.1" 200 23351 "-" "Mozilla/5.0 (Windows NT 10.0; Win64; x64) AppleWebKit/537.36 (KHTML, like Gecko) Chrome/86.0.4240.75 Safari/537.36" "www.doctorallmon.com"
114.119.157.43 - - [24/Nov/2022:07:58:53 -0800] "GET /telemedicine.html HTTP/1.1" 200 22595 "http://www.doctorallmon.com/lauren-michels.html" "Mozilla/5.0 (Linux; Android 7.0;) AppleWebKit/537.36 (KHTML, like Gecko) Mobile Safari/537.36 (compatible; PetalBot;+https://webmaster.petalsearch.com/site/petalbot)" "www.doctorallmon.com"
20.172.244.197 - - [24/Nov/2022:07:58:54 -0800] "GET /forms.html HTTP/1.1" 200 23351 "-" "Mozilla/5.0 (Windows NT 10.0; Win64; x64) AppleWebKit/537.36 (KHTML, like Gecko) Chrome/86.0.4240.75 Safari/537.36" "www.doctorallmon.com"
20.172.244.218 - - [24/Nov/2022:07:59:42 -0800] "GET /index.html HTTP/1.1" 200 25535 "-" "Mozilla/5.0 (Windows NT 10.0; Win64; x64) AppleWebKit/537.36 (KHTML, like Gecko) Chrome/86.0.4240.75 Safari/537.36" "www.doctorallmon.com"
114.119.144.87 - - [24/Nov/2022:08:04:05 -0800] "GET /sitemap.xml HTTP/1.1" 200 311 "-" "Mozilla/5.0 (Linux; Android 7.0;) AppleWebKit/537.36 (KHTML, like Gecko) Mobile Safari/537.36 (compatible; PetalBot;+https://webmaster.petalsearch.com/site/petalbot)" "doctorallmon.com"
20.172.244.197 - - [24/Nov/2022:08:09:04 -0800] "GET /forms.html HTTP/1.1" 200 23351 "-" "Mozilla/5.0 (Windows NT 10.0; Win64; x64) AppleWebKit/537.36 (KHTML, like Gecko) Chrome/86.0.4240.75 Safari/537.36" "www.doctorallmon.com"
20.172.244.218 - - [24/Nov/2022:08:12:00 -0800] "GET /index.html HTTP/1.1" 200 25535 "-" "Mozilla/5.0 (Windows NT 10.0; Win64; x64) AppleWebKit/537.36 (KHTML, like Gecko) Chrome/86.0.4240.75 Safari/537.36" "www.doctorallmon.com"
20.172.244.197 - - [24/Nov/2022:08:20:31 -0800] "GET /forms.html HTTP/1.1" 200 23351 "-" "Mozilla/5.0 (Windows NT 10.0; Win64; x64) AppleWebKit/537.36 (KHTML, like Gecko) Chrome/86.0.4240.75 Safari/537.36" "www.doctorallmon.com"
20.172.244.218 - - [24/Nov/2022:08:22:20 -0800] "GET /index.html HTTP/1.1" 200 25535 "-" "Mozilla/5.0 (Windows NT 10.0; Win64; x64) AppleWebKit/537.36 (KHTML, like Gecko) Chrome/86.0.4240.75 Safari/537.36" "www.doctorallmon.com"
35.86.192.215 - - [24/Nov/2022:08:25:21 -0800] "GET / HTTP/1.1" 200 25535 "-" "Mozilla/5.0 (Macintosh; Intel Mac OS X 10_8_3) AppleWebKit/537.31 (KHTML, like Gecko) Chrome/26.0.1410.65 Safari/537.31" "woodlandsfamilymedicine.org"
194.38.20.161 - - [24/Nov/2022:08:25:30 -0800] "GET /wp-content/themes/seotheme/db.php?u HTTP/1.1" 404 73 "-" "ALittle Client" "woodlandsfamilymedicine.org"
68.69.184.202 - - [24/Nov/2022:08:27:49 -0800] "GET /robots.txt HTTP/1.1" 200 44 "-" "test" "woodlandsfamilymedicine.org"
74.84.150.150 - - [24/Nov/2022:08:27:50 -0800] "GET / HTTP/1.1" 200 25535 "-" "test" "woodlandsfamilymedicine.org"
20.172.244.197 - - [24/Nov/2022:08:30:46 -0800] "GET /forms.html HTTP/1.1" 200 23351 "-" "Mozilla/5.0 (Windows NT 10.0; Win64; x64) AppleWebKit/537.36 (KHTML, like Gecko) Chrome/86.0.4240.75 Safari/537.36" "www.doctorallmon.com"
20.172.244.218 - - [24/Nov/2022:08:35:11 -0800] "GET /index.html HTTP/1.1" 200 25535 "-" "Mozilla/5.0 (Windows NT 10.0; Win64; x64) AppleWebKit/537.36 (KHTML, like Gecko) Chrome/86.0.4240.75 Safari/537.36" "www.doctorallmon.com"
199.249.230.146 - - [24/Nov/2022:08:39:59 -0800] "GET /contact_us HTTP/1.1" 404 73 "http://doctorallmon.com/contact_us" "Mozilla/5.0 (Windows NT 6.3; Win64; x64) AppleWebKit/537.36 (KHTML, like Gecko) Chrome/90.0.4430.85 Safari/537.36" "doctorallmon.com"
199.249.230.146 - - [24/Nov/2022:08:40:00 -0800] "GET / HTTP/1.1" 200 176610 "http://doctorallmon.com/" "Mozilla/5.0 (Windows NT 6.3; Win64; x64) AppleWebKit/537.36 (KHTML, like Gecko) Chrome/90.0.4430.85 Safari/537.36" "doctorallmon.com"
199.249.230.146 - - [24/Nov/2022:08:40:03 -0800] "GET /contact.html HTTP/1.1" 200 159740 "http://doctorallmon.com/contact.html" "Mozilla/5.0 (Windows NT 6.3; Win64; x64) AppleWebKit/537.36 (KHTML, like Gecko) Chrome/90.0.4430.85 Safari/537.36" "doctorallmon.com"
20.172.244.197 - - [24/Nov/2022:08:41:03 -0800] "GET /forms.html HTTP/1.1" 200 23351 "-" "Mozilla/5.0 (Windows NT 10.0; Win64; x64) AppleWebKit/537.36 (KHTML, like Gecko) Chrome/86.0.4240.75 Safari/537.36" "www.doctorallmon.com"
20.172.244.218 - - [24/Nov/2022:08:44:40 -0800] "GET /index.html HTTP/1.1" 200 25535 "-" "Mozilla/5.0 (Windows NT 10.0; Win64; x64) AppleWebKit/537.36 (KHTML, like Gecko) Chrome/86.0.4240.75 Safari/537.36" "www.doctorallmon.com"
172.7.229.180 - - [24/Nov/2022:08:45:30 -0800] "GET /?utm_source=woodlandsonline&utm_medium=website&utm_campaign=package HTTP/1.1" 200 25535 "-" "Mozilla/5.0 (iPad; CPU OS 13_7 like Mac OS X) AppleWebKit/605.1.15 (KHTML, like Gecko) GSA/181.0.401558652 Mobile/15E148 Safari/604.1" "woodlandsfamilymedicine.org"
172.7.229.180 - - [24/Nov/2022:08:45:31 -0800] "GET /css/fonts.css?v=1.5.8c HTTP/1.1" 200 1538 "https://woodlandsfamilymedicine.org/?utm_source=woodlandsonline&utm_medium=website&utm_campaign=package" "Mozilla/5.0 (iPad; CPU OS 13_7 like Mac OS X) AppleWebKit/605.1.15 (KHTML, like Gecko) GSA/181.0.401558652 Mobile/15E148 Safari/604.1" "woodlandsfamilymedicine.org"
172.7.229.180 - - [24/Nov/2022:08:45:31 -0800] "GET /css/static_style.css HTTP/1.1" 200 4546 "https://woodlandsfamilymedicine.org/?utm_source=woodlandsonline&utm_medium=website&utm_campaign=package" "Mozilla/5.0 (iPad; CPU OS 13_7 like Mac OS X) AppleWebKit/605.1.15 (KHTML, like Gecko) GSA/181.0.401558652 Mobile/15E148 Safari/604.1" "woodlandsfamilymedicine.org"
172.7.229.180 - - [24/Nov/2022:08:45:31 -0800] "GET /js/ysb.js HTTP/1.1" 200 20 "https://woodlandsfamilymedicine.org/?utm_source=woodlandsonline&utm_medium=website&utm_campaign=package" "Mozilla/5.0 (iPad; CPU OS 13_7 like Mac OS X) AppleWebKit/605.1.15 (KHTML, like Gecko) GSA/181.0.401558652 Mobile/15E148 Safari/604.1" "woodlandsfamilymedicine.org"
172.7.229.180 - - [24/Nov/2022:08:45:31 -0800] "GET /js/lightbox.js?v=1.5.8c HTTP/1.1" 200 3021 "https://woodlandsfamilymedicine.org/?utm_source=woodlandsonline&utm_medium=website&utm_campaign=package" "Mozilla/5.0 (iPad; CPU OS 13_7 like Mac OS X) AppleWebKit/605.1.15 (KHTML, like Gecko) GSA/181.0.401558652 Mobile/15E148 Safari/604.1" "woodlandsfamilymedicine.org"
172.7.229.180 - - [24/Nov/2022:08:45:31 -0800] "GET /js/all_js.js HTTP/1.1" 200 14389 "https://woodlandsfamilymedicine.org/?utm_source=woodlandsonline&utm_medium=website&utm_campaign=package" "Mozilla/5.0 (iPad; CPU OS 13_7 like Mac OS X) AppleWebKit/605.1.15 (KHTML, like Gecko) GSA/181.0.401558652 Mobile/15E148 Safari/604.1" "woodlandsfamilymedicine.org"
172.7.229.180 - - [24/Nov/2022:08:45:31 -0800] "GET /js/lib/touchswipe/jquery.mobile.custom.min.js HTTP/1.1" 200 2872 "https://woodlandsfamilymedicine.org/?utm_source=woodlandsonline&utm_medium=website&utm_campaign=package" "Mozilla/5.0 (iPad; CPU OS 13_7 like Mac OS X) AppleWebKit/605.1.15 (KHTML, like Gecko) GSA/181.0.401558652 Mobile/15E148 Safari/604.1" "woodlandsfamilymedicine.org"
172.7.229.180 - - [24/Nov/2022:08:45:31 -0800] "GET /js/xprs_helper.js?v=1.5.8c HTTP/1.1" 200 9186 "https://woodlandsfamilymedicine.org/?utm_source=woodlandsonline&utm_medium=website&utm_campaign=package" "Mozilla/5.0 (iPad; CPU OS 13_7 like Mac OS X) AppleWebKit/605.1.15 (KHTML, like Gecko) GSA/181.0.401558652 Mobile/15E148 Safari/604.1" "woodlandsfamilymedicine.org"
172.7.229.180 - - [24/Nov/2022:08:45:31 -0800] "GET /js/spimeengine.js?v=1.5.8c HTTP/1.1" 200 17277 "https://woodlandsfamilymedicine.org/?utm_source=woodlandsonline&utm_medium=website&utm_campaign=package" "Mozilla/5.0 (iPad; CPU OS 13_7 like Mac OS X) AppleWebKit/605.1.15 (KHTML, like Gecko) GSA/181.0.401558652 Mobile/15E148 Safari/604.1" "woodlandsfamilymedicine.org"
172.7.229.180 - - [24/Nov/2022:08:45:37 -0800] "GET /css/effects.css?v=1.5.8c HTTP/1.1" 200 2395 "https://woodlandsfamilymedicine.org/?utm_source=woodlandsonline&utm_medium=website&utm_campaign=package" "Mozilla/5.0 (iPad; CPU OS 13_7 like Mac OS X) AppleWebKit/605.1.15 (KHTML, like Gecko) GSA/181.0.401558652 Mobile/15E148 Safari/604.1" "woodlandsfamilymedicine.org"
172.7.229.180 - - [24/Nov/2022:08:45:37 -0800] "GET /css/lightbox.css?v=1.5.8c HTTP/1.1" 200 646 "https://woodlandsfamilymedicine.org/?utm_source=woodlandsonline&utm_medium=website&utm_campaign=package" "Mozilla/5.0 (iPad; CPU OS 13_7 like Mac OS X) AppleWebKit/605.1.15 (KHTML, like Gecko) GSA/181.0.401558652 Mobile/15E148 Safari/604.1" "woodlandsfamilymedicine.org"
50.87.144.61 - - [24/Nov/2022:08:50:26 -0800] "GET /desaul.php HTTP/1.1" 404 73 "-" "Mozilla/5.0 (Windows NT 10.0; Win64; x64) AppleWebKit/537.36 (KHTML, like Gecko) Chrome/81.0.4044.138 Safari/537.36" "woodlandsfamilymedicine.org"
50.87.144.61 - - [24/Nov/2022:08:50:26 -0800] "GET /defaul1.php HTTP/1.1" 404 73 "-" "Mozilla/5.0 (Linux; Android 10; SM-A505FN) AppleWebKit/537.36 (KHTML, like Gecko) Chrome/86.0.4240.110 Mobile Safari/537.36" "woodlandsfamilymedicine.org"
50.87.144.61 - - [24/Nov/2022:08:50:26 -0800] "GET /desau.php HTTP/1.1" 404 73 "-" "Mozilla/5.0 (iPhone; CPU iPhone OS 13_5 like Mac OS X) AppleWebKit/605.1.15 (KHTML, like Gecko) Version/13.1.1 Mobile/15E148 Safari/604.1" "woodlandsfamilymedicine.org"
50.87.144.61 - - [24/Nov/2022:08:50:26 -0800] "GET /defau1t.php HTTP/1.1" 404 73 "-" "Mozilla/5.0 (Windows NT 10.0; Win64; x64) AppleWebKit/537.36 (KHTML, like Gecko) Chrome/81.0.4044.138 Safari/537.36" "woodlandsfamilymedicine.org"
50.87.144.61 - - [24/Nov/2022:08:50:26 -0800] "GET /defau11.php HTTP/1.1" 404 73 "-" "Mozilla/5.0 (Linux; Android 9; Redmi Note 7) AppleWebKit/537.36 (KHTML, like Gecko) Chrome/83.0.4103.106 Mobile Safari/537.36" "woodlandsfamilymedicine.org"
50.87.144.61 - - [24/Nov/2022:08:50:26 -0800] "GET /desaul1.php HTTP/1.1" 404 73 "-" "Mozilla/5.0 (Linux; Android 5.1.1; SM-J111F) AppleWebKit/537.36 (KHTML, like Gecko) Chrome/73.0.3683.90 Mobile Safari/537.36" "woodlandsfamilymedicine.org"
20.172.244.197 - - [24/Nov/2022:08:51:54 -0800] "GET /forms.html HTTP/1.1" 200 23351 "-" "Mozilla/5.0 (Windows NT 10.0; Win64; x64) AppleWebKit/537.36 (KHTML, like Gecko) Chrome/86.0.4240.75 Safari/537.36" "www.doctorallmon.com"
20.172.244.218 - - [24/Nov/2022:08:56:28 -0800] "GET /index.html HTTP/1.1" 200 25535 "-" "Mozilla/5.0 (Windows NT 10.0; Win64; x64) AppleWebKit/537.36 (KHTML, like Gecko) Chrome/86.0.4240.75 Safari/537.36" "www.doctorallmon.com"
20.172.244.197 - - [24/Nov/2022:09:01:56 -0800] "GET /forms.html HTTP/1.1" 200 23351 "-" "Mozilla/5.0 (Windows NT 10.0; Win64; x64) AppleWebKit/537.36 (KHTML, like Gecko) Chrome/86.0.4240.75 Safari/537.36" "www.doctorallmon.com"
20.172.244.218 - - [24/Nov/2022:09:06:56 -0800] "GET /index.html HTTP/1.1" 200 25535 "-" "Mozilla/5.0 (Windows NT 10.0; Win64; x64) AppleWebKit/537.36 (KHTML, like Gecko) Chrome/86.0.4240.75 Safari/537.36" "www.doctorallmon.com"
23.129.64.148 - - [24/Nov/2022:09:12:01 -0800] "GET /contact_us HTTP/1.1" 404 73 "http://doctorallmon.com/contact_us" "Mozilla/5.0 (Windows NT 6.3; Win64; x64) AppleWebKit/537.36 (KHTML, like Gecko) Chrome/90.0.4430.85 Safari/537.36 Edg/90.0.818.49" "doctorallmon.com"
23.129.64.148 - - [24/Nov/2022:09:12:02 -0800] "GET / HTTP/1.1" 200 176610 "http://doctorallmon.com/" "Mozilla/5.0 (Windows NT 6.3; Win64; x64) AppleWebKit/537.36 (KHTML, like Gecko) Chrome/90.0.4430.85 Safari/537.36 Edg/90.0.818.49" "doctorallmon.com"
23.129.64.148 - - [24/Nov/2022:09:12:03 -0800] "GET /contact.html HTTP/1.1" 200 159740 "http://doctorallmon.com/contact.html" "Mozilla/5.0 (Windows NT 6.3; Win64; x64) AppleWebKit/537.36 (KHTML, like Gecko) Chrome/90.0.4430.85 Safari/537.36 Edg/90.0.818.49" "doctorallmon.com"
20.172.244.197 - - [24/Nov/2022:09:12:06 -0800] "GET /forms.html HTTP/1.1" 200 23351 "-" "Mozilla/5.0 (Windows NT 10.0; Win64; x64) AppleWebKit/537.36 (KHTML, like Gecko) Chrome/86.0.4240.75 Safari/537.36" "www.doctorallmon.com"
34.77.187.126 - - [24/Nov/2022:09:18:02 -0800] "HEAD / HTTP/1.1" 200 - "-" "Apache-HttpClient/4.5.5 (Java/11.0.9)" "woodlandsfamilymedicine.org"
20.172.244.218 - - [24/Nov/2022:09:18:31 -0800] "GET /index.html HTTP/1.1" 200 25535 "-" "Mozilla/5.0 (Windows NT 10.0; Win64; x64) AppleWebKit/537.36 (KHTML, like Gecko) Chrome/86.0.4240.75 Safari/537.36" "www.doctorallmon.com"
20.172.244.197 - - [24/Nov/2022:09:24:41 -0800] "GET /forms.html HTTP/1.1" 200 23351 "-" "Mozilla/5.0 (Windows NT 10.0; Win64; x64) AppleWebKit/537.36 (KHTML, like Gecko) Chrome/86.0.4240.75 Safari/537.36" "www.doctorallmon.com"
20.172.244.218 - - [24/Nov/2022:09:29:02 -0800] "GET /index.html HTTP/1.1" 200 25535 "-" "Mozilla/5.0 (Windows NT 10.0; Win64; x64) AppleWebKit/537.36 (KHTML, like Gecko) Chrome/86.0.4240.75 Safari/537.36" "www.doctorallmon.com"
20.172.244.197 - - [24/Nov/2022:09:34:19 -0800] "GET /forms.html HTTP/1.1" 200 23351 "-" "Mozilla/5.0 (Windows NT 10.0; Win64; x64) AppleWebKit/537.36 (KHTML, like Gecko) Chrome/86.0.4240.75 Safari/537.36" "www.doctorallmon.com"
20.172.244.218 - - [24/Nov/2022:09:39:43 -0800] "GET /index.html HTTP/1.1" 200 25535 "-" "Mozilla/5.0 (Windows NT 10.0; Win64; x64) AppleWebKit/537.36 (KHTML, like Gecko) Chrome/86.0.4240.75 Safari/537.36" "www.doctorallmon.com"
20.172.244.197 - - [24/Nov/2022:09:43:57 -0800] "GET /forms.html HTTP/1.1" 200 23351 "-" "Mozilla/5.0 (Windows NT 10.0; Win64; x64) AppleWebKit/537.36 (KHTML, like Gecko) Chrome/86.0.4240.75 Safari/537.36" "www.doctorallmon.com"
157.55.39.39 - - [24/Nov/2022:09:44:20 -0800] "GET /new_patients HTTP/1.1" 404 88 "-" "Mozilla/5.0 (compatible; bingbot/2.0; +http://www.bing.com/bingbot.htm)" "www.doctorallmon.com"
20.172.244.218 - - [24/Nov/2022:09:50:12 -0800] "GET /index.html HTTP/1.1" 200 25535 "-" "Mozilla/5.0 (Windows NT 10.0; Win64; x64) AppleWebKit/537.36 (KHTML, like Gecko) Chrome/86.0.4240.75 Safari/537.36" "www.doctorallmon.com"
185.191.171.5 - - [24/Nov/2022:09:54:16 -0800] "GET /robots.txt HTTP/1.1" 200 44 "-" "Mozilla/5.0 (compatible; SemrushBot/7~bl; +http://www.semrush.com/bot.html)" "www.woodlandsfamilymedicine.org"
185.191.171.21 - - [24/Nov/2022:09:54:16 -0800] "GET /after-hours-care.html HTTP/1.1" 200 22595 "-" "Mozilla/5.0 (compatible; SemrushBot/7~bl; +http://www.semrush.com/bot.html)" "www.woodlandsfamilymedicine.org"
20.172.244.197 - - [24/Nov/2022:09:54:29 -0800] "GET /forms.html HTTP/1.1" 200 23351 "-" "Mozilla/5.0 (Windows NT 10.0; Win64; x64) AppleWebKit/537.36 (KHTML, like Gecko) Chrome/86.0.4240.75 Safari/537.36" "www.doctorallmon.com"
185.174.159.245 - - [24/Nov/2022:09:56:31 -0800] "GET / HTTP/1.1" 200 176610 "http://doctorallmon.com/" "Mozilla/5.0 (Windows NT 6.3; Win64; x64) AppleWebKit/537.36 (KHTML, like Gecko) Chrome/90.0.4430.72 Safari/537.36 Edg/90.0.818.42" "doctorallmon.com"
185.174.159.245 - - [24/Nov/2022:09:56:31 -0800] "GET / HTTP/1.1" 200 176610 "http://doctorallmon.com/" "Mozilla/5.0 (Windows NT 10.0) AppleWebKit/537.36 (KHTML, like Gecko) Chrome/90.0.4430.85 Safari/537.36 Edg/90.0.818.46" "doctorallmon.com"
185.174.159.245 - - [24/Nov/2022:09:56:31 -0800] "GET / HTTP/1.1" 200 176610 "http://doctorallmon.com/" "Mozilla/5.0 (Windows NT 6.1; Win64; x64) AppleWebKit/537.36 (KHTML, like Gecko) Chrome/90.0.4430.85 Safari/537.36" "doctorallmon.com"
185.174.159.245 - - [24/Nov/2022:09:56:31 -0800] "GET / HTTP/1.1" 200 176610 "http://doctorallmon.com/" "Mozilla/5.0 (Windows NT 6.2; Win64; x64) AppleWebKit/537.36 (KHTML, like Gecko) Chrome/90.0.4430.72 Safari/537.36" "doctorallmon.com"
185.174.159.245 - - [24/Nov/2022:09:56:31 -0800] "GET / HTTP/1.1" 200 176610 "http://doctorallmon.com/" "Mozilla/5.0 (Windows NT 6.1) AppleWebKit/537.36 (KHTML, like Gecko) Chrome/90.0.4430.93 Safari/537.36" "doctorallmon.com"
185.174.159.245 - - [24/Nov/2022:09:56:34 -0800] "GET / HTTP/1.1" 200 176610 "http://doctorallmon.com/" "Mozilla/5.0 (Windows NT 6.1; WOW64) AppleWebKit/537.36 (KHTML, like Gecko) Chrome/90.0.4430.72 Safari/537.36" "doctorallmon.com"
185.174.159.245 - - [24/Nov/2022:09:56:34 -0800] "GET / HTTP/1.1" 200 176610 "http://doctorallmon.com/" "Mozilla/5.0 (Windows NT 6.1; Win64; x64) AppleWebKit/537.36 (KHTML, like Gecko) Chrome/90.0.4430.93 Safari/537.36" "doctorallmon.com"
185.174.159.245 - - [24/Nov/2022:09:56:38 -0800] "GET /contact.html HTTP/1.1" 200 159740 "http://doctorallmon.com/contact.html" "Mozilla/5.0 (Windows NT 6.1; Win64; x64) AppleWebKit/537.36 (KHTML, like Gecko) Chrome/90.0.4430.93 Safari/537.36" "doctorallmon.com"
185.174.159.245 - - [24/Nov/2022:09:56:50 -0800] "GET /contact.html HTTP/1.1" 200 159740 "http://doctorallmon.com/contact.html" "Mozilla/5.0 (Windows NT 6.2; Win64; x64) AppleWebKit/537.36 (KHTML, like Gecko) Chrome/90.0.4430.72 Safari/537.36" "doctorallmon.com"
185.174.159.245 - - [24/Nov/2022:09:57:02 -0800] "GET /contact.html HTTP/1.1" 200 159740 "http://doctorallmon.com/contact.html" "Mozilla/5.0 (Windows NT 6.1) AppleWebKit/537.36 (KHTML, like Gecko) Chrome/90.0.4430.93 Safari/537.36" "doctorallmon.com"
185.174.159.245 - - [24/Nov/2022:09:57:07 -0800] "GET /contact.html HTTP/1.1" 200 159740 "http://doctorallmon.com/contact.html" "Mozilla/5.0 (Windows NT 6.1; Win64; x64) AppleWebKit/537.36 (KHTML, like Gecko) Chrome/90.0.4430.85 Safari/537.36" "doctorallmon.com"
185.174.159.245 - - [24/Nov/2022:09:57:08 -0800] "GET /contact.html HTTP/1.1" 200 159740 "http://doctorallmon.com/contact.html" "Mozilla/5.0 (Windows NT 6.3; Win64; x64) AppleWebKit/537.36 (KHTML, like Gecko) Chrome/90.0.4430.72 Safari/537.36 Edg/90.0.818.42" "doctorallmon.com"
185.174.159.245 - - [24/Nov/2022:09:57:17 -0800] "GET /contact.html HTTP/1.1" 200 159740 "http://doctorallmon.com/contact.html" "Mozilla/5.0 (Windows NT 10.0) AppleWebKit/537.36 (KHTML, like Gecko) Chrome/90.0.4430.85 Safari/537.36 Edg/90.0.818.46" "doctorallmon.com"
185.174.159.245 - - [24/Nov/2022:09:57:19 -0800] "GET /contact.html HTTP/1.1" 200 159740 "http://doctorallmon.com/contact.html" "Mozilla/5.0 (Windows NT 6.1; WOW64) AppleWebKit/537.36 (KHTML, like Gecko) Chrome/90.0.4430.72 Safari/537.36" "doctorallmon.com"
18.237.14.238 - - [24/Nov/2022:09:58:35 -0800] "GET / HTTP/1.1" 200 25535 "-" "Mozilla/5.0 (X11; Linux x86_64) AppleWebKit/537.36 (KHTML, like Gecko) Chrome/83.0.4103.97 Safari/537.36" "woodlandsfamilymedicine.org"
52.42.237.82 - - [24/Nov/2022:09:58:36 -0800] "GET / HTTP/1.1" 200 25535 "-" "Mozilla/5.0 (X11; Linux x86_64) AppleWebKit/537.36 (KHTML, like Gecko) Chrome/83.0.4103.97 Safari/537.36" "woodlandsfamilymedicine.org"
34.221.69.101 - - [24/Nov/2022:09:58:40 -0800] "GET /favicon.ico HTTP/1.1" 404 88 "http://woodlandsfamilymedicine.org/favicon.ico" "Mozilla/5.0 (X11; Linux x86_64) AppleWebKit/537.36 (KHTML, like Gecko) Chrome/83.0.4103.97 Safari/537.36" "woodlandsfamilymedicine.org"
34.221.69.101 - - [24/Nov/2022:09:58:41 -0800] "GET / HTTP/1.1" 200 25535 "http://woodlandsfamilymedicine.org" "Mozilla/5.0 (X11; Linux x86_64) AppleWebKit/537.36 (KHTML, like Gecko) Chrome/83.0.4103.97 Safari/537.36" "woodlandsfamilymedicine.org"
20.172.244.218 - - [24/Nov/2022:10:01:15 -0800] "GET /index.html HTTP/1.1" 200 25535 "-" "Mozilla/5.0 (Windows NT 10.0; Win64; x64) AppleWebKit/537.36 (KHTML, like Gecko) Chrome/86.0.4240.75 Safari/537.36" "www.doctorallmon.com"
20.172.244.218 - - [24/Nov/2022:10:12:08 -0800] "GET /index.html HTTP/1.1" 200 25535 "-" "Mozilla/5.0 (Windows NT 10.0; Win64; x64) AppleWebKit/537.36 (KHTML, like Gecko) Chrome/86.0.4240.75 Safari/537.36" "www.doctorallmon.com"
20.172.244.197 - - [24/Nov/2022:10:17:04 -0800] "GET /forms.html HTTP/1.1" 200 23351 "-" "Mozilla/5.0 (Windows NT 10.0; Win64; x64) AppleWebKit/537.36 (KHTML, like Gecko) Chrome/86.0.4240.75 Safari/537.36" "www.doctorallmon.com"
20.172.244.218 - - [24/Nov/2022:10:23:09 -0800] "GET /index.html HTTP/1.1" 200 25535 "-" "Mozilla/5.0 (Windows NT 10.0; Win64; x64) AppleWebKit/537.36 (KHTML, like Gecko) Chrome/86.0.4240.75 Safari/537.36" "www.doctorallmon.com"
114.119.146.141 - - [24/Nov/2022:10:27:49 -0800] "GET /yahoo_site_admin/assets/docs/WFCM_New_Patient_Packet.277104231.pdf HTTP/1.1" 200 555512 "http://doctorallmon.com/about_us/lauren_michels_do" "Mozilla/5.0 (Linux; Android 7.0;) AppleWebKit/537.36 (KHTML, like Gecko) Mobile Safari/537.36 (compatible; PetalBot;+https://webmaster.petalsearch.com/site/petalbot)" "doctorallmon.com"
20.172.244.218 - - [24/Nov/2022:10:33:46 -0800] "GET /index.html HTTP/1.1" 200 25535 "-" "Mozilla/5.0 (Windows NT 10.0; Win64; x64) AppleWebKit/537.36 (KHTML, like Gecko) Chrome/86.0.4240.75 Safari/537.36" "www.doctorallmon.com"
77.88.9.130 - - [24/Nov/2022:10:39:09 -0800] "GET /robots.txt HTTP/1.1" 200 24 "-" "Mozilla/5.0 (compatible; YandexBot/3.0; +http://yandex.com/bots)" "www.woodlandsfamilymedicine.org"
77.88.9.140 - - [24/Nov/2022:10:39:13 -0800] "GET /yahoo_site_admin/assets/docs/LAUREN_MICHELS_CV.258190240.pdf HTTP/1.1" 200 89898 "-" "Mozilla/5.0 (compatible; YandexBot/3.0; +http://yandex.com/bots)" "www.woodlandsfamilymedicine.org"
20.172.244.218 - - [24/Nov/2022:10:43:51 -0800] "GET /index.html HTTP/1.1" 200 25535 "-" "Mozilla/5.0 (Windows NT 10.0; Win64; x64) AppleWebKit/537.36 (KHTML, like Gecko) Chrome/86.0.4240.75 Safari/537.36" "www.doctorallmon.com"
206.189.163.232 - - [24/Nov/2022:10:52:44 -0800] "GET /wp-login.php HTTP/1.1" 404 88 "-" "Mozilla/5.0 (Windows NT 10.0; Win64; x64; rv:96.0) Gecko/20100101 Firefox/96" "doctorallmon.com"
20.172.244.218 - - [24/Nov/2022:10:54:13 -0800] "GET /index.html HTTP/1.1" 200 25535 "-" "Mozilla/5.0 (Windows NT 10.0; Win64; x64) AppleWebKit/537.36 (KHTML, like Gecko) Chrome/86.0.4240.75 Safari/537.36" "www.doctorallmon.com"
13.229.53.140 - - [24/Nov/2022:10:55:45 -0800] "GET /robots.txt HTTP/1.1" 200 44 "-" "CheckMarkNetwork/1.0 (+http://www.checkmarknetwork.com/spider.html)" "doctorallmon.com"
13.229.53.140 - - [24/Nov/2022:10:55:45 -0800] "HEAD / HTTP/1.1" 200 - "-" "CheckMarkNetwork/1.0 (+http://www.checkmarknetwork.com/spider.html)" "doctorallmon.com"
13.229.53.140 - - [24/Nov/2022:10:55:45 -0800] "GET / HTTP/1.1" 200 25535 "-" "CheckMarkNetwork/1.0 (+http://www.checkmarknetwork.com/spider.html)" "doctorallmon.com"
13.229.53.140 - - [24/Nov/2022:10:55:47 -0800] "GET /js/xprs_helper.js?v=1.5.8c HTTP/1.1" 200 9186 "http://doctorallmon.com/" "CheckMarkNetwork/1.0 (+http://www.checkmarknetwork.com/spider.html)" "doctorallmon.com"
13.229.53.140 - - [24/Nov/2022:10:55:47 -0800] "GET /js/ysb.js HTTP/1.1" 200 20 "http://doctorallmon.com/" "CheckMarkNetwork/1.0 (+http://www.checkmarknetwork.com/spider.html)" "doctorallmon.com"
13.229.53.140 - - [24/Nov/2022:10:55:47 -0800] "GET /js/all_js.js HTTP/1.1" 200 14389 "http://doctorallmon.com/" "CheckMarkNetwork/1.0 (+http://www.checkmarknetwork.com/spider.html)" "doctorallmon.com"
13.229.53.140 - - [24/Nov/2022:10:55:47 -0800] "GET /js/lib/touchswipe/jquery.mobile.custom.min.js HTTP/1.1" 200 2872 "http://doctorallmon.com/" "CheckMarkNetwork/1.0 (+http://www.checkmarknetwork.com/spider.html)" "doctorallmon.com"
13.229.53.140 - - [24/Nov/2022:10:55:47 -0800] "GET /js/lightbox.js?v=1.5.8c HTTP/1.1" 200 3021 "http://doctorallmon.com/" "CheckMarkNetwork/1.0 (+http://www.checkmarknetwork.com/spider.html)" "doctorallmon.com"
13.229.53.140 - - [24/Nov/2022:10:55:48 -0800] "GET /js/spimeengine.js?v=1.5.8c HTTP/1.1" 200 17277 "http://doctorallmon.com/" "CheckMarkNetwork/1.0 (+http://www.checkmarknetwork.com/spider.html)" "doctorallmon.com"
13.229.53.140 - - [24/Nov/2022:10:55:48 -0800] "GET /css/fonts.css?v=1.5.8c HTTP/1.1" 200 1538 "-" "CheckMarkNetwork/1.0 (+http://www.checkmarknetwork.com/spider.html)" "doctorallmon.com"
13.229.53.140 - - [24/Nov/2022:10:55:48 -0800] "GET /css/effects.css?v=1.5.8c HTTP/1.1" 200 2395 "-" "CheckMarkNetwork/1.0 (+http://www.checkmarknetwork.com/spider.html)" "doctorallmon.com"
13.229.53.140 - - [24/Nov/2022:10:55:48 -0800] "GET /css/lightbox.css?v=1.5.8c HTTP/1.1" 200 646 "-" "CheckMarkNetwork/1.0 (+http://www.checkmarknetwork.com/spider.html)" "doctorallmon.com"
13.229.53.140 - - [24/Nov/2022:10:55:48 -0800] "GET /css/static_style.css HTTP/1.1" 200 4546 "-" "CheckMarkNetwork/1.0 (+http://www.checkmarknetwork.com/spider.html)" "doctorallmon.com"
13.229.53.140 - - [24/Nov/2022:10:55:52 -0800] "GET /js/xprs_helper.js?v=1.5.8c HTTP/1.1" 200 9186 "-" "CheckMarkNetwork/1.0 (+http://www.checkmarknetwork.com/spider.html)" "doctorallmon.com"
13.229.53.140 - - [24/Nov/2022:10:55:52 -0800] "GET /js/ysb.js HTTP/1.1" 200 20 "-" "CheckMarkNetwork/1.0 (+http://www.checkmarknetwork.com/spider.html)" "doctorallmon.com"
13.229.53.140 - - [24/Nov/2022:10:55:53 -0800] "GET /js/all_js.js HTTP/1.1" 200 14389 "-" "CheckMarkNetwork/1.0 (+http://www.checkmarknetwork.com/spider.html)" "doctorallmon.com"
13.229.53.140 - - [24/Nov/2022:10:55:53 -0800] "GET /js/lib/touchswipe/jquery.mobile.custom.min.js HTTP/1.1" 200 2872 "-" "CheckMarkNetwork/1.0 (+http://www.checkmarknetwork.com/spider.html)" "doctorallmon.com"
13.229.53.140 - - [24/Nov/2022:10:55:53 -0800] "GET /js/lightbox.js?v=1.5.8c HTTP/1.1" 200 3021 "-" "CheckMarkNetwork/1.0 (+http://www.checkmarknetwork.com/spider.html)" "doctorallmon.com"
13.229.53.140 - - [24/Nov/2022:10:55:53 -0800] "GET /js/spimeengine.js?v=1.5.8c HTTP/1.1" 200 17277 "-" "CheckMarkNetwork/1.0 (+http://www.checkmarknetwork.com/spider.html)" "doctorallmon.com"
114.119.144.87 - - [24/Nov/2022:10:58:05 -0800] "GET /victoria-long.html HTTP/1.1" 200 23715 "https://doctorallmon.com/about.html" "Mozilla/5.0 (Linux; Android 7.0;) AppleWebKit/537.36 (KHTML, like Gecko) Mobile Safari/537.36 (compatible; PetalBot;+https://webmaster.petalsearch.com/site/petalbot)" "doctorallmon.com"
20.172.244.218 - - [24/Nov/2022:11:04:59 -0800] "GET /index.html HTTP/1.1" 200 25535 "-" "Mozilla/5.0 (Windows NT 10.0; Win64; x64) AppleWebKit/537.36 (KHTML, like Gecko) Chrome/86.0.4240.75 Safari/537.36" "www.doctorallmon.com"
114.119.157.43 - - [24/Nov/2022:11:06:40 -0800] "GET /robots.txt HTTP/1.1" 200 44 "-" "Mozilla/5.0 (Linux; Android 7.0;) AppleWebKit/537.36 (KHTML, like Gecko) Mobile Safari/537.36 (compatible; PetalBot;+https://webmaster.petalsearch.com/site/petalbot)" "doctorallmon.com"
20.172.244.218 - - [24/Nov/2022:11:15:35 -0800] "GET /index.html HTTP/1.1" 200 25535 "-" "Mozilla/5.0 (Windows NT 10.0; Win64; x64) AppleWebKit/537.36 (KHTML, like Gecko) Chrome/86.0.4240.75 Safari/537.36" "www.doctorallmon.com"
185.191.171.24 - - [24/Nov/2022:11:17:46 -0800] "GET /robots.txt HTTP/1.1" 200 44 "-" "Mozilla/5.0 (compatible; SemrushBot/7~bl; +http://www.semrush.com/bot.html)" "www.woodlandsfamilymedicine.org"
185.191.171.38 - - [24/Nov/2022:11:17:46 -0800] "GET /telemedicine.html HTTP/1.1" 200 22595 "-" "Mozilla/5.0 (compatible; SemrushBot/7~bl; +http://www.semrush.com/bot.html)" "www.woodlandsfamilymedicine.org"
