168.119.65.49 - - [23/Nov/2022:22:45:35 -0800] "GET /js/spimeengine.js?v=1.5.8c HTTP/1.1" 200 17277 "http://www.doctorallmon.com/" "Mozilla/5.0 (compatible; AhrefsBot/7.0; +http://ahrefs.com/robot/)" "www.doctorallmon.com"
168.119.65.49 - - [23/Nov/2022:22:45:36 -0800] "GET /css/lightbox.css?v=1.5.8c HTTP/1.1" 200 646 "http://www.doctorallmon.com/" "Mozilla/5.0 (compatible; AhrefsBot/7.0; +http://ahrefs.com/robot/)" "www.doctorallmon.com"
168.119.65.49 - - [23/Nov/2022:22:45:36 -0800] "GET /css/effects.css?v=1.5.8c HTTP/1.1" 200 2395 "http://www.doctorallmon.com/" "Mozilla/5.0 (compatible; AhrefsBot/7.0; +http://ahrefs.com/robot/)" "www.doctorallmon.com"
185.169.102.79 - - [23/Nov/2022:22:48:09 -0800] "GET /contact_us HTTP/1.1" 404 73 "http://doctorallmon.com/contact_us" "Mozilla/5.0 (Windows NT 10.0; Win64; x64) AppleWebKit/537.36 (KHTML, like Gecko) Chrome/90.0.4430.85 Safari/537.36 Edg/90.0.818.46" "doctorallmon.com"
185.169.102.79 - - [23/Nov/2022:22:48:09 -0800] "GET / HTTP/1.1" 200 176610 "http://doctorallmon.com/" "Mozilla/5.0 (Windows NT 10.0; Win64; x64) AppleWebKit/537.36 (KHTML, like Gecko) Chrome/90.0.4430.85 Safari/537.36 Edg/90.0.818.46" "doctorallmon.com"
185.169.102.79 - - [23/Nov/2022:22:48:12 -0800] "GET /contact.html HTTP/1.1" 200 159740 "http://doctorallmon.com/contact.html" "Mozilla/5.0 (Windows NT 10.0; Win64; x64) AppleWebKit/537.36 (KHTML, like Gecko) Chrome/90.0.4430.85 Safari/537.36 Edg/90.0.818.46" "doctorallmon.com"
20.172.244.218 - - [23/Nov/2022:22:50:48 -0800] "GET /index.html HTTP/1.1" 200 25535 "-" "Mozilla/5.0 (Windows NT 10.0; Win64; x64) AppleWebKit/537.36 (KHTML, like Gecko) Chrome/86.0.4240.75 Safari/537.36" "www.doctorallmon.com"
20.172.244.197 - - [23/Nov/2022:22:56:26 -0800] "GET /forms.html HTTP/1.1" 200 23351 "-" "Mozilla/5.0 (Windows NT 10.0; Win64; x64) AppleWebKit/537.36 (KHTML, like Gecko) Chrome/86.0.4240.75 Safari/537.36" "www.doctorallmon.com"
20.172.244.218 - - [23/Nov/2022:23:01:26 -0800] "GET /index.html HTTP/1.1" 200 25535 "-" "Mozilla/5.0 (Windows NT 10.0; Win64; x64) AppleWebKit/537.36 (KHTML, like Gecko) Chrome/86.0.4240.75 Safari/537.36" "www.doctorallmon.com"
20.172.244.197 - - [23/Nov/2022:23:08:58 -0800] "GET /forms.html HTTP/1.1" 200 23351 "-" "Mozilla/5.0 (Windows NT 10.0; Win64; x64) AppleWebKit/537.36 (KHTML, like Gecko) Chrome/86.0.4240.75 Safari/537.36" "www.doctorallmon.com"
66.249.79.68 - - [23/Nov/2022:23:09:42 -0800] "GET /ads.txt HTTP/1.1" 404 88 "-" "Mozilla/5.0 (compatible; Googlebot/2.1; +http://www.google.com/bot.html)" "www.doctorallmon.com"
20.172.244.218 - - [23/Nov/2022:23:12:34 -0800] "GET /index.html HTTP/1.1" 200 25535 "-" "Mozilla/5.0 (Windows NT 10.0; Win64; x64) AppleWebKit/537.36 (KHTML, like Gecko) Chrome/86.0.4240.75 Safari/537.36" "www.doctorallmon.com"
20.172.244.197 - - [23/Nov/2022:23:20:22 -0800] "GET /forms.html HTTP/1.1" 200 23351 "-" "Mozilla/5.0 (Windows NT 10.0; Win64; x64) AppleWebKit/537.36 (KHTML, like Gecko) Chrome/86.0.4240.75 Safari/537.36" "www.doctorallmon.com"
20.172.244.218 - - [23/Nov/2022:23:22:39 -0800] "GET /index.html HTTP/1.1" 200 25535 "-" "Mozilla/5.0 (Windows NT 10.0; Win64; x64) AppleWebKit/537.36 (KHTML, like Gecko) Chrome/86.0.4240.75 Safari/537.36" "www.doctorallmon.com"
20.172.244.218 - - [23/Nov/2022:23:33:33 -0800] "GET /index.html HTTP/1.1" 200 25535 "-" "Mozilla/5.0 (Windows NT 10.0; Win64; x64) AppleWebKit/537.36 (KHTML, like Gecko) Chrome/86.0.4240.75 Safari/537.36" "www.doctorallmon.com"
20.172.244.197 - - [23/Nov/2022:23:34:26 -0800] "GET /forms.html HTTP/1.1" 200 23351 "-" "Mozilla/5.0 (Windows NT 10.0; Win64; x64) AppleWebKit/537.36 (KHTML, like Gecko) Chrome/86.0.4240.75 Safari/537.36" "www.doctorallmon.com"
44.197.113.165 - - [23/Nov/2022:23:39:26 -0800] "GET /robots.txt HTTP/1.1" 200 24 "-" "Mozilla/5.0 (X11; Linux x86_64) AppleWebKit/537.36 (KHTML, like Gecko) Chrome/94.0.4606.81 Safari/537.36" "doctorallmon.com"
44.197.113.165 - - [23/Nov/2022:23:39:26 -0800] "GET /contact.html HTTP/1.1" 304 - "-" "Mozilla/5.0 (X11; Linux x86_64) AppleWebKit/537.36 (KHTML, like Gecko) Chrome/94.0.4606.81 Safari/537.36" "doctorallmon.com"
44.197.113.165 - - [23/Nov/2022:23:43:49 -0800] "GET /about.html HTTP/1.1" 304 - "-" "Mozilla/5.0 (X11; Linux x86_64) AppleWebKit/537.36 (KHTML, like Gecko) Chrome/94.0.4606.81 Safari/537.36" "doctorallmon.com"
20.172.244.218 - - [23/Nov/2022:23:43:56 -0800] "GET /index.html HTTP/1.1" 200 25535 "-" "Mozilla/5.0 (Windows NT 10.0; Win64; x64) AppleWebKit/537.36 (KHTML, like Gecko) Chrome/86.0.4240.75 Safari/537.36" "www.doctorallmon.com"
123.125.109.91 - - [23/Nov/2022:23:45:03 -0800] "GET / HTTP/1.1" 200 25535 "-" "Sogou web spider/4.0(+http://www.sogou.com/docs/help/webmasters.htm#07)" "www.woodlandsfamilymedicine.org"
20.172.244.197 - - [23/Nov/2022:23:45:41 -0800] "GET /forms.html HTTP/1.1" 200 23351 "-" "Mozilla/5.0 (Windows NT 10.0; Win64; x64) AppleWebKit/537.36 (KHTML, like Gecko) Chrome/86.0.4240.75 Safari/537.36" "www.doctorallmon.com"
44.197.113.165 - - [23/Nov/2022:23:49:24 -0800] "GET /office-policies.html HTTP/1.1" 304 - "-" "Mozilla/5.0 (X11; Linux x86_64) AppleWebKit/537.36 (KHTML, like Gecko) Chrome/94.0.4606.81 Safari/537.36" "doctorallmon.com"
172.58.99.213 - - [23/Nov/2022:23:50:59 -0800] "GET /yahoo_site_admin/assets/docs/Victoria_CV.258191625.pdf HTTP/1.1" 200 219797 "https://www.google.com/" "Mozilla/5.0 (iPhone; CPU iPhone OS 15_5 like Mac OS X) AppleWebKit/605.1.15 (KHTML, like Gecko) Version/15.5 Mobile/15E148 Safari/604.1" "woodlandsfamilymedicine.org"
51.222.253.15 - - [23/Nov/2022:23:54:39 -0800] "GET /robots.txt HTTP/1.1" 200 44 "-" "Mozilla/5.0 (compatible; AhrefsBot/7.0; +http://ahrefs.com/robot/)" "doctorallmon.com"
51.222.253.18 - - [23/Nov/2022:23:54:40 -0800] "GET / HTTP/1.1" 200 25535 "-" "Mozilla/5.0 (compatible; AhrefsBot/7.0; +http://ahrefs.com/robot/)" "doctorallmon.com"
20.172.244.218 - - [23/Nov/2022:23:55:02 -0800] "GET /index.html HTTP/1.1" 200 25535 "-" "Mozilla/5.0 (Windows NT 10.0; Win64; x64) AppleWebKit/537.36 (KHTML, like Gecko) Chrome/86.0.4240.75 Safari/537.36" "www.doctorallmon.com"
185.169.102.79 - - [23/Nov/2022:23:55:17 -0800] "GET /contact_us HTTP/1.1" 404 73 "http://doctorallmon.com/contact_us" "Mozilla/5.0 (Windows NT 10.0; Win64; x64) AppleWebKit/537.36 (KHTML, like Gecko) Chrome/90.0.4430.72 Safari/537.36 Edg/90.0.818.42" "doctorallmon.com"
185.169.102.79 - - [23/Nov/2022:23:55:18 -0800] "GET / HTTP/1.1" 200 176610 "http://doctorallmon.com/" "Mozilla/5.0 (Windows NT 10.0; Win64; x64) AppleWebKit/537.36 (KHTML, like Gecko) Chrome/90.0.4430.72 Safari/537.36 Edg/90.0.818.42" "doctorallmon.com"
185.169.102.79 - - [23/Nov/2022:23:55:22 -0800] "GET /contact.html HTTP/1.1" 200 159740 "http://doctorallmon.com/contact.html" "Mozilla/5.0 (Windows NT 10.0; Win64; x64) AppleWebKit/537.36 (KHTML, like Gecko) Chrome/90.0.4430.72 Safari/537.36 Edg/90.0.818.42" "doctorallmon.com"
185.191.171.25 - - [23/Nov/2022:23:55:48 -0800] "GET /robots.txt HTTP/1.1" 200 44 "-" "Mozilla/5.0 (compatible; SemrushBot/7~bl; +http://www.semrush.com/bot.html)" "woodlandsfamilymedicine.org"
185.191.171.7 - - [23/Nov/2022:23:55:51 -0800] "GET /about.html HTTP/1.1" 200 24572 "-" "Mozilla/5.0 (compatible; SemrushBot/7~bl; +http://www.semrush.com/bot.html)" "woodlandsfamilymedicine.org"
20.172.244.197 - - [23/Nov/2022:23:56:42 -0800] "GET /forms.html HTTP/1.1" 200 23351 "-" "Mozilla/5.0 (Windows NT 10.0; Win64; x64) AppleWebKit/537.36 (KHTML, like Gecko) Chrome/86.0.4240.75 Safari/537.36" "www.doctorallmon.com"
66.249.79.68 - - [23/Nov/2022:23:57:54 -0800] "GET /favicon.ico HTTP/1.1" 404 88 "-" "Googlebot-Image/1.0" "www.doctorallmon.com"
193.38.235.118 - - [24/Nov/2022:00:01:40 -0800] "GET /contact_us HTTP/1.1" 404 73 "http://doctorallmon.com/contact_us" "Mozilla/5.0 (Windows NT 6.1; Win64; x64) AppleWebKit/537.36 (KHTML, like Gecko) Chrome/90.0.4430.85 Safari/537.36" "doctorallmon.com"
193.38.235.118 - - [24/Nov/2022:00:01:40 -0800] "GET / HTTP/1.1" 200 176610 "http://doctorallmon.com/" "Mozilla/5.0 (Windows NT 6.1; Win64; x64) AppleWebKit/537.36 (KHTML, like Gecko) Chrome/90.0.4430.85 Safari/537.36" "doctorallmon.com"
193.38.235.118 - - [24/Nov/2022:00:01:42 -0800] "GET /contact.html HTTP/1.1" 200 159740 "http://doctorallmon.com/contact.html" "Mozilla/5.0 (Windows NT 6.1; Win64; x64) AppleWebKit/537.36 (KHTML, like Gecko) Chrome/90.0.4430.85 Safari/537.36" "doctorallmon.com"
114.119.157.43 - - [24/Nov/2022:00:04:25 -0800] "GET /office-policies.html HTTP/1.1" 200 24312 "http://www.doctorallmon.com/lauren-michels.html" "Mozilla/5.0 (Linux; Android 7.0;) AppleWebKit/537.36 (KHTML, like Gecko) Mobile Safari/537.36 (compatible; PetalBot;+https://webmaster.petalsearch.com/site/petalbot)" "www.doctorallmon.com"
20.172.244.218 - - [24/Nov/2022:00:06:11 -0800] "GET /index.html HTTP/1.1" 200 25535 "-" "Mozilla/5.0 (Windows NT 10.0; Win64; x64) AppleWebKit/537.36 (KHTML, like Gecko) Chrome/86.0.4240.75 Safari/537.36" "www.doctorallmon.com"
20.172.244.197 - - [24/Nov/2022:00:07:06 -0800] "GET /forms.html HTTP/1.1" 200 23351 "-" "Mozilla/5.0 (Windows NT 10.0; Win64; x64) AppleWebKit/537.36 (KHTML, like Gecko) Chrome/86.0.4240.75 Safari/537.36" "www.doctorallmon.com"
66.249.79.21 - - [24/Nov/2022:00:10:02 -0800] "GET /ads.txt HTTP/1.1" 404 88 "-" "Mozilla/5.0 (compatible; Googlebot/2.1; +http://www.google.com/bot.html)" "woodlandsfamilymedicine.org"
114.119.150.27 - - [24/Nov/2022:00:10:24 -0800] "GET /office_policies/cancellationno_show_policy HTTP/1.1" 200 3619 "http://doctorallmon.com/about_us/lauren_michels_do" "Mozilla/5.0 (Linux; Android 7.0;) AppleWebKit/537.36 (KHTML, like Gecko) Mobile Safari/537.36 (compatible; PetalBot;+https://webmaster.petalsearch.com/site/petalbot)" "doctorallmon.com"
185.220.101.2 - - [24/Nov/2022:00:15:29 -0800] "GET /contact_us HTTP/1.1" 404 73 "http://doctorallmon.com/contact_us" "Mozilla/5.0 (Windows NT 6.1; ) AppleWebKit/537.36 (KHTML, like Gecko) Chrome/90.0.4430.85 Safari/537.36" "doctorallmon.com"
185.220.101.2 - - [24/Nov/2022:00:15:29 -0800] "GET / HTTP/1.1" 200 176610 "http://doctorallmon.com/" "Mozilla/5.0 (Windows NT 6.1; ) AppleWebKit/537.36 (KHTML, like Gecko) Chrome/90.0.4430.85 Safari/537.36" "doctorallmon.com"
87.118.116.90 - - [24/Nov/2022:00:15:33 -0800] "GET /contact.html HTTP/1.1" 200 159740 "http://doctorallmon.com/contact.html" "Mozilla/5.0 (Windows NT 6.1; ) AppleWebKit/537.36 (KHTML, like Gecko) Chrome/90.0.4430.85 Safari/537.36" "doctorallmon.com"
114.119.150.27 - - [24/Nov/2022:00:16:07 -0800] "GET /office_policies/cancellationno_show_policy HTTP/1.1" 200 3619 "http://www.doctorallmon.com/about_us" "Mozilla/5.0 (Linux; Android 7.0;) AppleWebKit/537.36 (KHTML, like Gecko) Mobile Safari/537.36 (compatible; PetalBot;+https://webmaster.petalsearch.com/site/petalbot)" "www.doctorallmon.com"
20.172.244.218 - - [24/Nov/2022:00:18:15 -0800] "GET /index.html HTTP/1.1" 200 25535 "-" "Mozilla/5.0 (Windows NT 10.0; Win64; x64) AppleWebKit/537.36 (KHTML, like Gecko) Chrome/86.0.4240.75 Safari/537.36" "www.doctorallmon.com"
20.172.244.197 - - [24/Nov/2022:00:18:31 -0800] "GET /forms.html HTTP/1.1" 200 23351 "-" "Mozilla/5.0 (Windows NT 10.0; Win64; x64) AppleWebKit/537.36 (KHTML, like Gecko) Chrome/86.0.4240.75 Safari/537.36" "www.doctorallmon.com"
20.172.244.218 - - [24/Nov/2022:00:29:26 -0800] "GET /index.html HTTP/1.1" 200 25535 "-" "Mozilla/5.0 (Windows NT 10.0; Win64; x64) AppleWebKit/537.36 (KHTML, like Gecko) Chrome/86.0.4240.75 Safari/537.36" "www.doctorallmon.com"
20.172.244.197 - - [24/Nov/2022:00:31:12 -0800] "GET /forms.html HTTP/1.1" 200 23351 "-" "Mozilla/5.0 (Windows NT 10.0; Win64; x64) AppleWebKit/537.36 (KHTML, like Gecko) Chrome/86.0.4240.75 Safari/537.36" "www.doctorallmon.com"
20.172.244.218 - - [24/Nov/2022:00:39:45 -0800] "GET /index.html HTTP/1.1" 200 25535 "-" "Mozilla/5.0 (Windows NT 10.0; Win64; x64) AppleWebKit/537.36 (KHTML, like Gecko) Chrome/86.0.4240.75 Safari/537.36" "www.doctorallmon.com"
78.129.221.32 - - [24/Nov/2022:00:41:03 -0800] "HEAD / HTTP/1.1" 200 - "-" "Mozilla/5.0 (Windows NT 10.0; Win64; x64) AppleWebKit/537.36 (KHTML, like Gecko, Foregenix) Chrome/91.0.4472.77 Safari/537.36" "www.doctorallmon.com"
78.129.221.32 - - [24/Nov/2022:00:41:03 -0800] "HEAD / HTTP/1.1" 200 - "-" "Mozilla/5.0 (Windows NT 10.0; Win64; x64) AppleWebKit/537.36 (KHTML, like Gecko, Foregenix) Chrome/91.0.4472.77 Safari/537.36" "www.doctorallmon.com"
78.129.221.32 - - [24/Nov/2022:00:41:03 -0800] "HEAD /1669279263907306469 HTTP/1.1" 404 - "-" "Mozilla/5.0 (Windows NT 10.0; Win64; x64) AppleWebKit/537.36 (KHTML, like Gecko, Foregenix) Chrome/91.0.4472.77 Safari/537.36" "www.doctorallmon.com"
78.129.221.32 - - [24/Nov/2022:00:41:04 -0800] "GET / HTTP/1.1" 200 25535 "-" "Mozilla/5.0 (Windows NT 10.0; Win64; x64) AppleWebKit/537.36 (KHTML, like Gecko, Foregenix) Chrome/91.0.4472.77 Safari/537.36" "www.doctorallmon.com"
78.129.221.32 - - [24/Nov/2022:00:41:04 -0800] "GET /js/varien/js.js HTTP/1.1" 404 88 "-" "Mozilla/5.0 (Windows NT 10.0; Win64; x64) AppleWebKit/537.36 (KHTML, like Gecko, Foregenix) Chrome/91.0.4472.77 Safari/537.36" "www.doctorallmon.com"
78.129.221.32 - - [24/Nov/2022:00:41:04 -0800] "GET /magento_version HTTP/1.1" 404 88 "-" "Mozilla/5.0 (Windows NT 10.0; Win64; x64) AppleWebKit/537.36 (KHTML, like Gecko, Foregenix) Chrome/91.0.4472.77 Safari/537.36" "www.doctorallmon.com"
78.129.221.32 - - [24/Nov/2022:00:41:04 -0800] "GET / HTTP/1.1" 200 25535 "-" "Mozilla/5.0 (Windows NT 10.0; Win64; x64) AppleWebKit/537.36 (KHTML, like Gecko, Foregenix) Chrome/91.0.4472.77 Safari/537.36" "www.doctorallmon.com"
78.129.221.32 - - [24/Nov/2022:00:41:04 -0800] "GET /js/mage/adminhtml/tools.js HTTP/1.1" 404 88 "-" "Mozilla/5.0 (Windows NT 10.0; Win64; x64) AppleWebKit/537.36 (KHTML, like Gecko, Foregenix) Chrome/91.0.4472.77 Safari/537.36" "www.doctorallmon.com"
78.129.221.32 - - [24/Nov/2022:00:41:04 -0800] "GET /js/mage/translate_inline.js HTTP/1.1" 404 88 "-" "Mozilla/5.0 (Windows NT 10.0; Win64; x64) AppleWebKit/537.36 (KHTML, like Gecko, Foregenix) Chrome/91.0.4472.77 Safari/537.36" "www.doctorallmon.com"
78.129.221.32 - - [24/Nov/2022:00:41:05 -0800] "GET /css/fonts.css?v=1.5.8c HTTP/1.1" 200 1538 "http://www.doctorallmon.com/" "Mozilla/5.0 (Windows NT 10.0; Win64; x64) AppleWebKit/537.36 (KHTML, like Gecko, Foregenix) Chrome/91.0.4472.77 Safari/537.36" "www.doctorallmon.com"
78.129.221.32 - - [24/Nov/2022:00:41:05 -0800] "GET /css/static_style.css HTTP/1.1" 200 4546 "http://www.doctorallmon.com/" "Mozilla/5.0 (Windows NT 10.0; Win64; x64) AppleWebKit/537.36 (KHTML, like Gecko, Foregenix) Chrome/91.0.4472.77 Safari/537.36" "www.doctorallmon.com"
78.129.221.32 - - [24/Nov/2022:00:41:05 -0800] "GET /js/mage/adminhtml/sales.js HTTP/1.1" 404 88 "-" "Mozilla/5.0 (Windows NT 10.0; Win64; x64) AppleWebKit/537.36 (KHTML, like Gecko, Foregenix) Chrome/91.0.4472.77 Safari/537.36" "www.doctorallmon.com"
78.129.221.32 - - [24/Nov/2022:00:41:05 -0800] "GET /js/xprs_helper.js?v=1.5.8c HTTP/1.1" 200 9186 "http://www.doctorallmon.com/" "Mozilla/5.0 (Windows NT 10.0; Win64; x64) AppleWebKit/537.36 (KHTML, like Gecko, Foregenix) Chrome/91.0.4472.77 Safari/537.36" "www.doctorallmon.com"
78.129.221.32 - - [24/Nov/2022:00:41:05 -0800] "GET /js/ysb.js HTTP/1.1" 200 20 "http://www.doctorallmon.com/" "Mozilla/5.0 (Windows NT 10.0; Win64; x64) AppleWebKit/537.36 (KHTML, like Gecko, Foregenix) Chrome/91.0.4472.77 Safari/537.36" "www.doctorallmon.com"
78.129.221.32 - - [24/Nov/2022:00:41:05 -0800] "GET /js/lib/touchswipe/jquery.mobile.custom.min.js HTTP/1.1" 200 2872 "http://www.doctorallmon.com/" "Mozilla/5.0 (Windows NT 10.0; Win64; x64) AppleWebKit/537.36 (KHTML, like Gecko, Foregenix) Chrome/91.0.4472.77 Safari/537.36" "www.doctorallmon.com"
78.129.221.32 - - [24/Nov/2022:00:41:05 -0800] "GET /js/all_js.js HTTP/1.1" 200 14389 "http://www.doctorallmon.com/" "Mozilla/5.0 (Windows NT 10.0; Win64; x64) AppleWebKit/537.36 (KHTML, like Gecko, Foregenix) Chrome/91.0.4472.77 Safari/537.36" "www.doctorallmon.com"
78.129.221.32 - - [24/Nov/2022:00:41:05 -0800] "GET /skin/adminhtml/default/default/boxes.css HTTP/1.1" 404 88 "-" "Mozilla/5.0 (Windows NT 10.0; Win64; x64) AppleWebKit/537.36 (KHTML, like Gecko, Foregenix) Chrome/91.0.4472.77 Safari/537.36" "www.doctorallmon.com"
78.129.221.32 - - [24/Nov/2022:00:41:05 -0800] "GET /js/lightbox.js?v=1.5.8c HTTP/1.1" 200 3021 "http://www.doctorallmon.com/" "Mozilla/5.0 (Windows NT 10.0; Win64; x64) AppleWebKit/537.36 (KHTML, like Gecko, Foregenix) Chrome/91.0.4472.77 Safari/537.36" "www.doctorallmon.com"
78.129.221.32 - - [24/Nov/2022:00:41:05 -0800] "GET /js/mage/adminhtml/product.js HTTP/1.1" 404 88 "-" "Mozilla/5.0 (Windows NT 10.0; Win64; x64) AppleWebKit/537.36 (KHTML, like Gecko, Foregenix) Chrome/91.0.4472.77 Safari/537.36" "www.doctorallmon.com"
78.129.221.32 - - [24/Nov/2022:00:41:05 -0800] "GET /js/spimeengine.js?v=1.5.8c HTTP/1.1" 200 17277 "http://www.doctorallmon.com/" "Mozilla/5.0 (Windows NT 10.0; Win64; x64) AppleWebKit/537.36 (KHTML, like Gecko, Foregenix) Chrome/91.0.4472.77 Safari/537.36" "www.doctorallmon.com"
78.129.221.32 - - [24/Nov/2022:00:41:05 -0800] "GET /js/varien/js.js HTTP/1.1" 404 88 "-" "Mozilla/5.0 (Windows NT 10.0; Win64; x64) AppleWebKit/537.36 (KHTML, like Gecko, Foregenix) Chrome/91.0.4472.77 Safari/537.36" "www.doctorallmon.com"
78.129.221.32 - - [24/Nov/2022:00:41:05 -0800] "GET /js/lib/flex.js HTTP/1.1" 404 88 "-" "Mozilla/5.0 (Windows NT 10.0; Win64; x64) AppleWebKit/537.36 (KHTML, like Gecko, Foregenix) Chrome/91.0.4472.77 Safari/537.36" "www.doctorallmon.com"
78.129.221.32 - - [24/Nov/2022:00:41:05 -0800] "GET /js/prototype/validation.js HTTP/1.1" 404 88 "-" "Mozilla/5.0 (Windows NT 10.0; Win64; x64) AppleWebKit/537.36 (KHTML, like Gecko, Foregenix) Chrome/91.0.4472.77 Safari/537.36" "www.doctorallmon.com"
78.129.221.32 - - [24/Nov/2022:00:41:05 -0800] "GET /css/lightbox.css?v=1.5.8c HTTP/1.1" 200 646 "http://www.doctorallmon.com/" "Mozilla/5.0 (Windows NT 10.0; Win64; x64) AppleWebKit/537.36 (KHTML, like Gecko, Foregenix) Chrome/91.0.4472.77 Safari/537.36" "www.doctorallmon.com"
78.129.221.32 - - [24/Nov/2022:00:41:05 -0800] "GET /css/effects.css?v=1.5.8c HTTP/1.1" 200 2395 "http://www.doctorallmon.com/" "Mozilla/5.0 (Windows NT 10.0; Win64; x64) AppleWebKit/537.36 (KHTML, like Gecko, Foregenix) Chrome/91.0.4472.77 Safari/537.36" "www.doctorallmon.com"
78.129.221.32 - - [24/Nov/2022:00:41:06 -0800] "GET /RELEASE_NOTES.txt HTTP/1.1" 404 88 "-" "Mozilla/5.0 (Windows NT 10.0; Win64; x64) AppleWebKit/537.36 (KHTML, like Gecko, Foregenix) Chrome/91.0.4472.77 Safari/537.36" "www.doctorallmon.com"
78.129.221.32 - - [24/Nov/2022:00:41:06 -0800] "GET /js/mage/cookies.js HTTP/1.1" 404 88 "-" "Mozilla/5.0 (Windows NT 10.0; Win64; x64) AppleWebKit/537.36 (KHTML, like Gecko, Foregenix) Chrome/91.0.4472.77 Safari/537.36" "www.doctorallmon.com"
78.129.221.32 - - [24/Nov/2022:00:41:06 -0800] "GET /js/js.js HTTP/1.1" 404 88 "-" "Mozilla/5.0 (Windows NT 10.0; Win64; x64) AppleWebKit/537.36 (KHTML, like Gecko, Foregenix) Chrome/91.0.4472.77 Safari/537.36" "www.doctorallmon.com"
78.129.221.32 - - [24/Nov/2022:00:41:06 -0800] "GET / HTTP/1.1" 200 25535 "-" "Mozilla/5.0 (Windows NT 10.0; Win64; x64) AppleWebKit/537.36 (KHTML, like Gecko, Foregenix) Chrome/91.0.4472.77 Safari/537.36" "www.doctorallmon.com"
78.129.221.32 - - [24/Nov/2022:00:41:06 -0800] "GET /wp-includes/wlwmanifest.xml HTTP/1.1" 404 88 "-" "Mozilla/5.0 (Windows NT 10.0; Win64; x64) AppleWebKit/537.36 (KHTML, like Gecko, Foregenix) Chrome/91.0.4472.77 Safari/537.36" "www.doctorallmon.com"
78.129.221.32 - - [24/Nov/2022:00:41:06 -0800] "GET /wp-admin HTTP/1.1" 404 88 "-" "Mozilla/5.0 (Windows NT 10.0; Win64; x64) AppleWebKit/537.36 (KHTML, like Gecko, Foregenix) Chrome/91.0.4472.77 Safari/537.36" "www.doctorallmon.com"
78.129.221.32 - - [24/Nov/2022:00:41:06 -0800] "GET /feed/ HTTP/1.1" 404 88 "-" "Mozilla/5.0 (Windows NT 10.0; Win64; x64) AppleWebKit/537.36 (KHTML, like Gecko, Foregenix) Chrome/91.0.4472.77 Safari/537.36" "www.doctorallmon.com"
78.129.221.32 - - [24/Nov/2022:00:41:07 -0800] "GET /images/wlw/wp-icon.png HTTP/1.1" 404 88 "-" "Mozilla/5.0 (Windows NT 10.0; Win64; x64) AppleWebKit/537.36 (KHTML, like Gecko, Foregenix) Chrome/91.0.4472.77 Safari/537.36" "www.doctorallmon.com"
78.129.221.32 - - [24/Nov/2022:00:41:07 -0800] "GET /static/admin/css/base.css HTTP/1.1" 404 88 "-" "Mozilla/5.0 (Windows NT 10.0; Win64; x64) AppleWebKit/537.36 (KHTML, like Gecko, Foregenix) Chrome/91.0.4472.77 Safari/537.36" "www.doctorallmon.com"
78.129.221.32 - - [24/Nov/2022:00:41:07 -0800] "GET /INSTALL.txt HTTP/1.1" 404 88 "-" "Mozilla/5.0 (Windows NT 10.0; Win64; x64) AppleWebKit/537.36 (KHTML, like Gecko, Foregenix) Chrome/91.0.4472.77 Safari/537.36" "www.doctorallmon.com"
78.129.221.32 - - [24/Nov/2022:00:41:07 -0800] "GET /a/j/volusion.js HTTP/1.1" 404 88 "-" "Mozilla/5.0 (Windows NT 10.0; Win64; x64) AppleWebKit/537.36 (KHTML, like Gecko, Foregenix) Chrome/91.0.4472.77 Safari/537.36" "www.doctorallmon.com"
78.129.221.32 - - [24/Nov/2022:00:41:07 -0800] "GET /CHANGELOG.txt HTTP/1.1" 404 88 "-" "Mozilla/5.0 (Windows NT 10.0; Win64; x64) AppleWebKit/537.36 (KHTML, like Gecko, Foregenix) Chrome/91.0.4472.77 Safari/537.36" "www.doctorallmon.com"
78.129.221.32 - - [24/Nov/2022:00:41:07 -0800] "GET /core/CHANGELOG.txt HTTP/1.1" 404 88 "-" "Mozilla/5.0 (Windows NT 10.0; Win64; x64) AppleWebKit/537.36 (KHTML, like Gecko, Foregenix) Chrome/91.0.4472.77 Safari/537.36" "www.doctorallmon.com"
78.129.221.32 - - [24/Nov/2022:00:41:08 -0800] "GET /misc/druplicon.png HTTP/1.1" 404 88 "-" "Mozilla/5.0 (Windows NT 10.0; Win64; x64) AppleWebKit/537.36 (KHTML, like Gecko, Foregenix) Chrome/91.0.4472.77 Safari/537.36" "www.doctorallmon.com"
78.129.221.32 - - [24/Nov/2022:00:41:08 -0800] "GET /misc/drupal.js HTTP/1.1" 404 88 "-" "Mozilla/5.0 (Windows NT 10.0; Win64; x64) AppleWebKit/537.36 (KHTML, like Gecko, Foregenix) Chrome/91.0.4472.77 Safari/537.36" "www.doctorallmon.com"
78.129.221.32 - - [24/Nov/2022:00:41:08 -0800] "GET /admin HTTP/1.1" 404 88 "-" "Mozilla/5.0 (Windows NT 10.0; Win64; x64) AppleWebKit/537.36 (KHTML, like Gecko, Foregenix) Chrome/91.0.4472.77 Safari/537.36" "www.doctorallmon.com"
78.129.221.32 - - [24/Nov/2022:00:41:08 -0800] "GET /catalog/view/theme/default/stylesheet/stylesheet.css HTTP/1.1" 404 88 "-" "Mozilla/5.0 (Windows NT 10.0; Win64; x64) AppleWebKit/537.36 (KHTML, like Gecko, Foregenix) Chrome/91.0.4472.77 Safari/537.36" "www.doctorallmon.com"
78.129.221.32 - - [24/Nov/2022:00:41:08 -0800] "GET /order/catalog/view/theme/default/stylesheet/stylesheet.css HTTP/1.1" 404 88 "-" "Mozilla/5.0 (Windows NT 10.0; Win64; x64) AppleWebKit/537.36 (KHTML, like Gecko, Foregenix) Chrome/91.0.4472.77 Safari/537.36" "www.doctorallmon.com"
78.129.221.32 - - [24/Nov/2022:00:41:08 -0800] "GET /catalog/view/javascript/common.js HTTP/1.1" 404 88 "-" "Mozilla/5.0 (Windows NT 10.0; Win64; x64) AppleWebKit/537.36 (KHTML, like Gecko, Foregenix) Chrome/91.0.4472.77 Safari/537.36" "www.doctorallmon.com"
78.129.221.32 - - [24/Nov/2022:00:41:09 -0800] "GET /README.md HTTP/1.1" 404 88 "-" "Mozilla/5.0 (Windows NT 10.0; Win64; x64) AppleWebKit/537.36 (KHTML, like Gecko, Foregenix) Chrome/91.0.4472.77 Safari/537.36" "www.doctorallmon.com"
78.129.221.32 - - [24/Nov/2022:00:41:09 -0800] "GET /themes/Frontend/Responsive/frontend/_public/src/fonts/shopware.woff2 HTTP/1.1" 404 88 "-" "Mozilla/5.0 (Windows NT 10.0; Win64; x64) AppleWebKit/537.36 (KHTML, like Gecko, Foregenix) Chrome/91.0.4472.77 Safari/537.36" "www.doctorallmon.com"
78.129.221.32 - - [24/Nov/2022:00:41:09 -0800] "GET /robots.txt HTTP/1.1" 200 44 "-" "Mozilla/5.0 (Windows NT 10.0; Win64; x64) AppleWebKit/537.36 (KHTML, like Gecko, Foregenix) Chrome/91.0.4472.77 Safari/537.36" "www.doctorallmon.com"
78.129.221.32 - - [24/Nov/2022:00:41:09 -0800] "GET /js/eccube.js HTTP/1.1" 404 88 "-" "Mozilla/5.0 (Windows NT 10.0; Win64; x64) AppleWebKit/537.36 (KHTML, like Gecko, Foregenix) Chrome/91.0.4472.77 Safari/537.36" "www.doctorallmon.com"
78.129.221.32 - - [24/Nov/2022:00:41:09 -0800] "GET /js/eccube.legacy.js HTTP/1.1" 404 88 "-" "Mozilla/5.0 (Windows NT 10.0; Win64; x64) AppleWebKit/537.36 (KHTML, like Gecko, Foregenix) Chrome/91.0.4472.77 Safari/537.36" "www.doctorallmon.com"
78.129.221.32 - - [24/Nov/2022:00:41:09 -0800] "GET /js/css.js HTTP/1.1" 404 88 "-" "Mozilla/5.0 (Windows NT 10.0; Win64; x64) AppleWebKit/537.36 (KHTML, like Gecko, Foregenix) Chrome/91.0.4472.77 Safari/537.36" "www.doctorallmon.com"
78.129.221.32 - - [24/Nov/2022:00:41:10 -0800] "GET /js/navi.js HTTP/1.1" 404 88 "-" "Mozilla/5.0 (Windows NT 10.0; Win64; x64) AppleWebKit/537.36 (KHTML, like Gecko, Foregenix) Chrome/91.0.4472.77 Safari/537.36" "www.doctorallmon.com"
78.129.221.32 - - [24/Nov/2022:00:41:10 -0800] "GET /js/win_op.js HTTP/1.1" 404 88 "-" "Mozilla/5.0 (Windows NT 10.0; Win64; x64) AppleWebKit/537.36 (KHTML, like Gecko, Foregenix) Chrome/91.0.4472.77 Safari/537.36" "www.doctorallmon.com"
78.129.221.32 - - [24/Nov/2022:00:41:10 -0800] "GET /js/site.js HTTP/1.1" 404 88 "-" "Mozilla/5.0 (Windows NT 10.0; Win64; x64) AppleWebKit/537.36 (KHTML, like Gecko, Foregenix) Chrome/91.0.4472.77 Safari/537.36" "www.doctorallmon.com"
78.129.221.32 - - [24/Nov/2022:00:41:10 -0800] "GET /js/locale.js HTTP/1.1" 404 88 "-" "Mozilla/5.0 (Windows NT 10.0; Win64; x64) AppleWebKit/537.36 (KHTML, like Gecko, Foregenix) Chrome/91.0.4472.77 Safari/537.36" "www.doctorallmon.com"
78.129.221.32 - - [24/Nov/2022:00:41:10 -0800] "GET /admin/ HTTP/1.1" 404 88 "-" "Mozilla/5.0 (Windows NT 10.0; Win64; x64) AppleWebKit/537.36 (KHTML, like Gecko, Foregenix) Chrome/91.0.4472.77 Safari/537.36" "www.doctorallmon.com"
78.129.221.32 - - [24/Nov/2022:00:41:10 -0800] "GET /user_data/css/common.css HTTP/1.1" 404 88 "-" "Mozilla/5.0 (Windows NT 10.0; Win64; x64) AppleWebKit/537.36 (KHTML, like Gecko, Foregenix) Chrome/91.0.4472.77 Safari/537.36" "www.doctorallmon.com"
78.129.221.32 - - [24/Nov/2022:00:41:10 -0800] "GET /template/admin/assets/img/logo2.png HTTP/1.1" 404 88 "-" "Mozilla/5.0 (Windows NT 10.0; Win64; x64) AppleWebKit/537.36 (KHTML, like Gecko, Foregenix) Chrome/91.0.4472.77 Safari/537.36" "www.doctorallmon.com"
78.129.221.32 - - [24/Nov/2022:00:41:11 -0800] "GET /user_data/packages/default/img/common/favicon.ico HTTP/1.1" 404 88 "-" "Mozilla/5.0 (Windows NT 10.0; Win64; x64) AppleWebKit/537.36 (KHTML, like Gecko, Foregenix) Chrome/91.0.4472.77 Safari/537.36" "www.doctorallmon.com"
78.129.221.32 - - [24/Nov/2022:00:41:11 -0800] "GET /administrator/manifests/files/joomla.xml HTTP/1.1" 404 88 "-" "Mozilla/5.0 (Windows NT 10.0; Win64; x64) AppleWebKit/537.36 (KHTML, like Gecko, Foregenix) Chrome/91.0.4472.77 Safari/537.36" "www.doctorallmon.com"
20.172.244.197 - - [24/Nov/2022:00:42:51 -0800] "GET /forms.html HTTP/1.1" 200 23351 "-" "Mozilla/5.0 (Windows NT 10.0; Win64; x64) AppleWebKit/537.36 (KHTML, like Gecko) Chrome/86.0.4240.75 Safari/537.36" "www.doctorallmon.com"
74.84.150.150 - - [24/Nov/2022:00:47:15 -0800] "GET /robots.txt HTTP/1.1" 200 44 "-" "test" "doctorallmon.com"
68.69.184.202 - - [24/Nov/2022:00:47:16 -0800] "GET / HTTP/1.1" 200 25535 "-" "test" "doctorallmon.com"
20.172.244.218 - - [24/Nov/2022:00:50:22 -0800] "GET /index.html HTTP/1.1" 200 25535 "-" "Mozilla/5.0 (Windows NT 10.0; Win64; x64) AppleWebKit/537.36 (KHTML, like Gecko) Chrome/86.0.4240.75 Safari/537.36" "www.doctorallmon.com"
185.169.102.79 - - [24/Nov/2022:00:55:12 -0800] "GET /contact_us HTTP/1.1" 404 73 "http://doctorallmon.com/contact_us" "Mozilla/5.0 (Windows NT 10.0; Win64; x64) AppleWebKit/537.36 (KHTML, like Gecko) Chrome/90.0.4430.72 Safari/537.36 Edg/90.0.818.39" "doctorallmon.com"
185.169.102.79 - - [24/Nov/2022:00:55:12 -0800] "GET / HTTP/1.1" 200 176610 "http://doctorallmon.com/" "Mozilla/5.0 (Windows NT 10.0; Win64; x64) AppleWebKit/537.36 (KHTML, like Gecko) Chrome/90.0.4430.72 Safari/537.36 Edg/90.0.818.39" "doctorallmon.com"
185.169.102.79 - - [24/Nov/2022:00:55:16 -0800] "GET /contact.html HTTP/1.1" 200 159740 "http://doctorallmon.com/contact.html" "Mozilla/5.0 (Windows NT 10.0; Win64; x64) AppleWebKit/537.36 (KHTML, like Gecko) Chrome/90.0.4430.72 Safari/537.36 Edg/90.0.818.39" "doctorallmon.com"
20.172.244.197 - - [24/Nov/2022:00:55:18 -0800] "GET /forms.html HTTP/1.1" 200 23351 "-" "Mozilla/5.0 (Windows NT 10.0; Win64; x64) AppleWebKit/537.36 (KHTML, like Gecko) Chrome/86.0.4240.75 Safari/537.36" "www.doctorallmon.com"
100.24.205.57 - - [24/Nov/2022:00:59:36 -0800] "GET /robots.txt HTTP/1.1" 200 24 "-" "Mozilla/5.0 (X11; Linux x86_64) AppleWebKit/537.36 (KHTML, like Gecko) Chrome/94.0.4606.81 Safari/537.36" "doctorallmon.com"
100.24.205.57 - - [24/Nov/2022:00:59:36 -0800] "GET /contact.html HTTP/1.1" 304 - "-" "Mozilla/5.0 (X11; Linux x86_64) AppleWebKit/537.36 (KHTML, like Gecko) Chrome/94.0.4606.81 Safari/537.36" "doctorallmon.com"
114.119.134.203 - - [24/Nov/2022:00:59:40 -0800] "GET /index.html HTTP/1.1" 200 25535 "http://www.doctorallmon.com/lauren-michels.html" "Mozilla/5.0 (Linux; Android 7.0;) AppleWebKit/537.36 (KHTML, like Gecko) Mobile Safari/537.36 (compatible; PetalBot;+https://webmaster.petalsearch.com/site/petalbot)" "www.doctorallmon.com"
37.139.53.10 - - [24/Nov/2022:00:59:49 -0800] "GET /about_us/brent_allmon_md_faafp HTTP/1.1" 404 73 "https://www.woodlandsfamilymedicine.org/about_us/brent_allmon_md_faafp" "Mozilla/5.0 (Windows NT 6.2; Win64; x64) AppleWebKit/537.36 (KHTML, like Gecko) Chrome/90.0.4430.93 Safari/537.36" "www.woodlandsfamilymedicine.org"
37.139.53.10 - - [24/Nov/2022:00:59:49 -0800] "GET / HTTP/1.1" 200 176610 "https://www.woodlandsfamilymedicine.org/" "Mozilla/5.0 (Windows NT 6.2; Win64; x64) AppleWebKit/537.36 (KHTML, like Gecko) Chrome/90.0.4430.93 Safari/537.36" "www.woodlandsfamilymedicine.org"
35.231.164.55 - - [24/Nov/2022:01:00:35 -0800] "GET /links HTTP/1.1" 404 73 "-" "Mozilla/5.0 (Macintosh; Intel Mac OS X 10_15_7) AppleWebKit/537.36 (KHTML, like Gecko) Chrome/101.0.4951.64 Safari/537.36" "woodlandsfamilymedicine.org"
20.172.244.218 - - [24/Nov/2022:01:01:03 -0800] "GET /index.html HTTP/1.1" 200 25535 "-" "Mozilla/5.0 (Windows NT 10.0; Win64; x64) AppleWebKit/537.36 (KHTML, like Gecko) Chrome/86.0.4240.75 Safari/537.36" "www.doctorallmon.com"
100.24.205.57 - - [24/Nov/2022:01:04:17 -0800] "GET /about.html HTTP/1.1" 304 - "-" "Mozilla/5.0 (X11; Linux x86_64) AppleWebKit/537.36 (KHTML, like Gecko) Chrome/94.0.4606.81 Safari/537.36" "doctorallmon.com"
20.172.244.197 - - [24/Nov/2022:01:06:15 -0800] "GET /forms.html HTTP/1.1" 200 23351 "-" "Mozilla/5.0 (Windows NT 10.0; Win64; x64) AppleWebKit/537.36 (KHTML, like Gecko) Chrome/86.0.4240.75 Safari/537.36" "www.doctorallmon.com"
100.24.205.57 - - [24/Nov/2022:01:09:46 -0800] "GET /office-policies.html HTTP/1.1" 304 - "-" "Mozilla/5.0 (X11; Linux x86_64) AppleWebKit/537.36 (KHTML, like Gecko) Chrome/94.0.4606.81 Safari/537.36" "doctorallmon.com"
20.172.244.218 - - [24/Nov/2022:01:12:47 -0800] "GET /index.html HTTP/1.1" 200 25535 "-" "Mozilla/5.0 (Windows NT 10.0; Win64; x64) AppleWebKit/537.36 (KHTML, like Gecko) Chrome/86.0.4240.75 Safari/537.36" "www.doctorallmon.com"
172.177.0.83 - - [24/Nov/2022:01:15:05 -0800] "GET / HTTP/1.1" 200 25535 "-" "Mozilla/5.0 (Windows NT 10.0; Win64; x64) AppleWebKit/537.36 (KHTML, like Gecko) Chrome/95.0.4638.69 Safari/537.36" "doctorallmon.com"
172.177.0.83 - - [24/Nov/2022:01:15:06 -0800] "GET /contact.html HTTP/1.1" 200 24481 "-" "Mozilla/5.0 (Windows NT 10.0; Win64; x64) AppleWebKit/537.36 (KHTML, like Gecko) Chrome/95.0.4638.69 Safari/537.36" "doctorallmon.com"
69.171.231.3 - - [24/Nov/2022:01:15:18 -0800] "HEAD / HTTP/1.1" 206 - "-" "facebookexternalhit/1.1 (+http://www.facebook.com/externalhit_uatext.php)" "www.woodlandsfamilymedicine.org"
69.171.231.119 - - [24/Nov/2022:01:15:19 -0800] "GET /robots.txt HTTP/1.1" 206 44 "-" "facebookexternalhit/1.1 (+http://www.facebook.com/externalhit_uatext.php)" "www.woodlandsfamilymedicine.org"
69.171.231.1 - - [24/Nov/2022:01:15:19 -0800] "GET / HTTP/1.1" 206 25535 "-" "facebookexternalhit/1.1 (+http://www.facebook.com/externalhit_uatext.php)" "www.woodlandsfamilymedicine.org"
20.172.244.197 - - [24/Nov/2022:01:18:05 -0800] "GET /forms.html HTTP/1.1" 200 23351 "-" "Mozilla/5.0 (Windows NT 10.0; Win64; x64) AppleWebKit/537.36 (KHTML, like Gecko) Chrome/86.0.4240.75 Safari/537.36" "www.doctorallmon.com"
20.172.244.218 - - [24/Nov/2022:01:24:12 -0800] "GET /index.html HTTP/1.1" 200 25535 "-" "Mozilla/5.0 (Windows NT 10.0; Win64; x64) AppleWebKit/537.36 (KHTML, like Gecko) Chrome/86.0.4240.75 Safari/537.36" "www.doctorallmon.com"
20.172.244.197 - - [24/Nov/2022:01:30:25 -0800] "GET /forms.html HTTP/1.1" 200 23351 "-" "Mozilla/5.0 (Windows NT 10.0; Win64; x64) AppleWebKit/537.36 (KHTML, like Gecko) Chrome/86.0.4240.75 Safari/537.36" "www.doctorallmon.com"
20.172.244.218 - - [24/Nov/2022:01:35:09 -0800] "GET /index.html HTTP/1.1" 200 25535 "-" "Mozilla/5.0 (Windows NT 10.0; Win64; x64) AppleWebKit/537.36 (KHTML, like Gecko) Chrome/86.0.4240.75 Safari/537.36" "www.doctorallmon.com"
20.172.244.197 - - [24/Nov/2022:01:42:29 -0800] "GET /forms.html HTTP/1.1" 200 23351 "-" "Mozilla/5.0 (Windows NT 10.0; Win64; x64) AppleWebKit/537.36 (KHTML, like Gecko) Chrome/86.0.4240.75 Safari/537.36" "www.doctorallmon.com"
20.172.244.218 - - [24/Nov/2022:01:45:39 -0800] "GET /index.html HTTP/1.1" 200 25535 "-" "Mozilla/5.0 (Windows NT 10.0; Win64; x64) AppleWebKit/537.36 (KHTML, like Gecko) Chrome/86.0.4240.75 Safari/537.36" "www.doctorallmon.com"
89.58.54.46 - - [24/Nov/2022:01:50:54 -0800] "GET /contact_us HTTP/1.1" 404 73 "http://doctorallmon.com/contact_us" "Mozilla/5.0 (Windows NT 6.1; ) AppleWebKit/537.36 (KHTML, like Gecko) Chrome/90.0.4430.72 Safari/537.36" "doctorallmon.com"
89.58.54.46 - - [24/Nov/2022:01:50:54 -0800] "GET / HTTP/1.1" 200 176610 "http://doctorallmon.com/" "Mozilla/5.0 (Windows NT 6.1; ) AppleWebKit/537.36 (KHTML, like Gecko) Chrome/90.0.4430.72 Safari/537.36" "doctorallmon.com"
89.58.54.46 - - [24/Nov/2022:01:50:56 -0800] "GET /contact.html HTTP/1.1" 200 159740 "http://doctorallmon.com/contact.html" "Mozilla/5.0 (Windows NT 6.1; ) AppleWebKit/537.36 (KHTML, like Gecko) Chrome/90.0.4430.72 Safari/537.36" "doctorallmon.com"
54.36.148.114 - - [24/Nov/2022:01:52:42 -0800] "GET /robots.txt HTTP/1.1" 200 44 "-" "Mozilla/5.0 (compatible; AhrefsBot/7.0; +http://ahrefs.com/robot/)" "woodlandsfamilymedicine.org"
20.172.244.197 - - [24/Nov/2022:01:54:24 -0800] "GET /forms.html HTTP/1.1" 200 23351 "-" "Mozilla/5.0 (Windows NT 10.0; Win64; x64) AppleWebKit/537.36 (KHTML, like Gecko) Chrome/86.0.4240.75 Safari/537.36" "www.doctorallmon.com"
20.172.244.218 - - [24/Nov/2022:01:57:00 -0800] "GET /index.html HTTP/1.1" 200 25535 "-" "Mozilla/5.0 (Windows NT 10.0; Win64; x64) AppleWebKit/537.36 (KHTML, like Gecko) Chrome/86.0.4240.75 Safari/537.36" "www.doctorallmon.com"
157.55.39.42 - - [24/Nov/2022:02:03:30 -0800] "GET /about.html HTTP/1.1" 304 - "-" "Mozilla/5.0 (compatible; bingbot/2.0; +http://www.bing.com/bingbot.htm)" "woodlandsfamilymedicine.org"
49.7.20.123 - - [24/Nov/2022:02:03:47 -0800] "GET / HTTP/1.1" 200 25535 "-" "Sogou web spider/4.0(+http://www.sogou.com/docs/help/webmasters.htm#07)" "woodlandsfamilymedicine.org"
185.191.171.18 - - [24/Nov/2022:02:04:37 -0800] "GET /robots.txt HTTP/1.1" 200 44 "-" "Mozilla/5.0 (compatible; SemrushBot/7~bl; +http://www.semrush.com/bot.html)" "www.doctorallmon.com"
185.191.171.44 - - [24/Nov/2022:02:04:38 -0800] "GET /victoria-long.html HTTP/1.1" 200 23715 "-" "Mozilla/5.0 (compatible; SemrushBot/7~bl; +http://www.semrush.com/bot.html)" "www.doctorallmon.com"
185.192.96.246 - - [24/Nov/2022:02:04:43 -0800] "POST / HTTP/1.1" 200 25535 "-" "Mozilla/5.0 (Linux; U; Android 4.4.2; en-US; HM NOTE 1W Build/KOT49H) AppleWebKit/534.30 (KHTML, like Gecko) Version/4.0 UCBrowser/11.0.5.850 U3/0.8.0 Mobile Safari/534.30" "woodlandsfamilymedicine.org"
185.192.96.246 - - [24/Nov/2022:02:04:48 -0800] "GET /vendor/phpunit/phpunit/src/Util/PHP/eval-stdin.php HTTP/1.1" 404 88 "-" "python-requests/2.26.0" "woodlandsfamilymedicine.org"
20.172.244.197 - - [24/Nov/2022:02:06:49 -0800] "GET /forms.html HTTP/1.1" 200 23351 "-" "Mozilla/5.0 (Windows NT 10.0; Win64; x64) AppleWebKit/537.36 (KHTML, like Gecko) Chrome/86.0.4240.75 Safari/537.36" "www.doctorallmon.com"
20.172.244.218 - - [24/Nov/2022:02:06:58 -0800] "GET /index.html HTTP/1.1" 200 25535 "-" "Mozilla/5.0 (Windows NT 10.0; Win64; x64) AppleWebKit/537.36 (KHTML, like Gecko) Chrome/86.0.4240.75 Safari/537.36" "www.doctorallmon.com"
20.172.244.218 - - [24/Nov/2022:02:17:31 -0800] "GET /index.html HTTP/1.1" 200 25535 "-" "Mozilla/5.0 (Windows NT 10.0; Win64; x64) AppleWebKit/537.36 (KHTML, like Gecko) Chrome/86.0.4240.75 Safari/537.36" "www.doctorallmon.com"
20.172.244.197 - - [24/Nov/2022:02:21:07 -0800] "GET /forms.html HTTP/1.1" 200 23351 "-" "Mozilla/5.0 (Windows NT 10.0; Win64; x64) AppleWebKit/537.36 (KHTML, like Gecko) Chrome/86.0.4240.75 Safari/537.36" "www.doctorallmon.com"
40.77.167.98 - - [24/Nov/2022:02:27:40 -0800] "GET /robots.txt HTTP/1.1" 200 44 "-" "Mozilla/5.0 AppleWebKit/537.36 (KHTML, like Gecko; compatible; bingbot/2.0; +http://www.bing.com/bingbot.htm) Chrome/103.0.5060.134 Safari/537.36" "woodlandsfamilymedicine.org"
20.172.244.218 - - [24/Nov/2022:02:29:07 -0800] "GET /index.html HTTP/1.1" 200 25535 "-" "Mozilla/5.0 (Windows NT 10.0; Win64; x64) AppleWebKit/537.36 (KHTML, like Gecko) Chrome/86.0.4240.75 Safari/537.36" "www.doctorallmon.com"
20.172.244.218 - - [24/Nov/2022:02:39:06 -0800] "GET /index.html HTTP/1.1" 200 25535 "-" "Mozilla/5.0 (Windows NT 10.0; Win64; x64) AppleWebKit/537.36 (KHTML, like Gecko) Chrome/86.0.4240.75 Safari/537.36" "www.doctorallmon.com"
20.172.244.197 - - [24/Nov/2022:02:39:22 -0800] "GET /forms.html HTTP/1.1" 200 23351 "-" "Mozilla/5.0 (Windows NT 10.0; Win64; x64) AppleWebKit/537.36 (KHTML, like Gecko) Chrome/86.0.4240.75 Safari/537.36" "www.doctorallmon.com"
66.249.68.40 - - [24/Nov/2022:02:39:23 -0800] "GET /ads.txt HTTP/1.1" 404 88 "-" "Mozilla/5.0 (compatible; Googlebot/2.1; +http://www.google.com/bot.html)" "doctorallmon.com"
20.172.244.218 - - [24/Nov/2022:02:50:06 -0800] "GET /index.html HTTP/1.1" 200 25535 "-" "Mozilla/5.0 (Windows NT 10.0; Win64; x64) AppleWebKit/537.36 (KHTML, like Gecko) Chrome/86.0.4240.75 Safari/537.36" "www.doctorallmon.com"
20.172.244.197 - - [24/Nov/2022:02:50:29 -0800] "GET /forms.html HTTP/1.1" 200 23351 "-" "Mozilla/5.0 (Windows NT 10.0; Win64; x64) AppleWebKit/537.36 (KHTML, like Gecko) Chrome/86.0.4240.75 Safari/537.36" "www.doctorallmon.com"
138.246.253.24 - - [24/Nov/2022:02:51:28 -0800] "GET /robots.txt HTTP/1.1" 200 24 "-" "Mozilla/5.0 (Windows NT 10.0; Win64; x64) AppleWebKit/537.36 (KHTML, like Gecko) Chrome/103.0.5060.134 Safari/537.36" "doctorallmon.com"
20.172.244.218 - - [24/Nov/2022:03:00:33 -0800] "GET /index.html HTTP/1.1" 200 25535 "-" "Mozilla/5.0 (Windows NT 10.0; Win64; x64) AppleWebKit/537.36 (KHTML, like Gecko) Chrome/86.0.4240.75 Safari/537.36" "www.doctorallmon.com"
20.172.244.197 - - [24/Nov/2022:03:01:50 -0800] "GET /forms.html HTTP/1.1" 200 23351 "-" "Mozilla/5.0 (Windows NT 10.0; Win64; x64) AppleWebKit/537.36 (KHTML, like Gecko) Chrome/86.0.4240.75 Safari/537.36" "www.doctorallmon.com"
14.29.228.249 - - [24/Nov/2022:03:03:01 -0800] "GET / HTTP/1.1" 200 25535 "-" "Mozilla/5.0 (iPhone; CPU iPhone OS 13_2_3 like Mac OS X) AppleWebKit/605.1.15 (KHTML, like Gecko) Version/13.0.3 Mobile/15E148 Safari/604.1" "www.doctorallmon.com"
20.172.244.218 - - [24/Nov/2022:03:11:49 -0800] "GET /index.html HTTP/1.1" 200 25535 "-" "Mozilla/5.0 (Windows NT 10.0; Win64; x64) AppleWebKit/537.36 (KHTML, like Gecko) Chrome/86.0.4240.75 Safari/537.36" "www.doctorallmon.com"
20.172.244.197 - - [24/Nov/2022:03:13:11 -0800] "GET /forms.html HTTP/1.1" 200 23351 "-" "Mozilla/5.0 (Windows NT 10.0; Win64; x64) AppleWebKit/537.36 (KHTML, like Gecko) Chrome/86.0.4240.75 Safari/537.36" "www.doctorallmon.com"
35.90.80.193 - - [24/Nov/2022:03:16:00 -0800] "GET / HTTP/1.1" 200 25535 "-" "Mozilla/5.0 (Macintosh; Intel Mac OS X 10_8_3) AppleWebKit/537.31 (KHTML, like Gecko) Chrome/26.0.1410.65 Safari/537.31" "doctorallmon.com"
92.37.150.115 - - [24/Nov/2022:03:18:11 -0800] "GET / HTTP/1.1" 200 25535 "-" "Mozilla/5.0 (Windows NT 10.0; Win64; x64) AppleWebKit/537.36 (KHTML, like Gecko) Chrome/85.0.4183.121 Safari/537.36" "doctorallmon.com"
92.37.150.115 - - [24/Nov/2022:03:18:30 -0800] "GET /contact.html HTTP/1.1" 200 24481 "-" "Mozilla/5.0 (Windows NT 10.0; Win64; x64) AppleWebKit/537.36 (KHTML, like Gecko) Chrome/85.0.4183.121 Safari/537.36" "doctorallmon.com"
20.168.27.255 - - [24/Nov/2022:03:20:59 -0800] "GET / HTTP/1.1" 200 25535 "-" "Mozilla/5.0 (Windows NT 10.0; Win64; x64) AppleWebKit/537.36 (KHTML, like Gecko) Chrome/95.0.4638.69 Safari/537.36" "woodlandsfamilymedicine.org"
20.168.27.255 - - [24/Nov/2022:03:21:00 -0800] "GET /contact.html HTTP/1.1" 200 24481 "-" "Mozilla/5.0 (Windows NT 10.0; Win64; x64) AppleWebKit/537.36 (KHTML, like Gecko) Chrome/95.0.4638.69 Safari/537.36" "woodlandsfamilymedicine.org"
20.172.244.218 - - [24/Nov/2022:03:22:27 -0800] "GET /index.html HTTP/1.1" 200 25535 "-" "Mozilla/5.0 (Windows NT 10.0; Win64; x64) AppleWebKit/537.36 (KHTML, like Gecko) Chrome/86.0.4240.75 Safari/537.36" "www.doctorallmon.com"
20.172.244.197 - - [24/Nov/2022:03:26:25 -0800] "GET /forms.html HTTP/1.1" 200 23351 "-" "Mozilla/5.0 (Windows NT 10.0; Win64; x64) AppleWebKit/537.36 (KHTML, like Gecko) Chrome/86.0.4240.75 Safari/537.36" "www.doctorallmon.com"
20.172.244.218 - - [24/Nov/2022:03:33:27 -0800] "GET /index.html HTTP/1.1" 200 25535 "-" "Mozilla/5.0 (Windows NT 10.0; Win64; x64) AppleWebKit/537.36 (KHTML, like Gecko) Chrome/86.0.4240.75 Safari/537.36" "www.doctorallmon.com"
20.172.244.197 - - [24/Nov/2022:03:38:13 -0800] "GET /forms.html HTTP/1.1" 200 23351 "-" "Mozilla/5.0 (Windows NT 10.0; Win64; x64) AppleWebKit/537.36 (KHTML, like Gecko) Chrome/86.0.4240.75 Safari/537.36" "www.doctorallmon.com"
20.172.244.218 - - [24/Nov/2022:03:45:45 -0800] "GET /index.html HTTP/1.1" 200 25535 "-" "Mozilla/5.0 (Windows NT 10.0; Win64; x64) AppleWebKit/537.36 (KHTML, like Gecko) Chrome/86.0.4240.75 Safari/537.36" "www.doctorallmon.com"
157.55.39.95 - - [24/Nov/2022:03:45:50 -0800] "GET /office_policies/credit_card_on_file_policy HTTP/1.1" 404 88 "-" "Mozilla/5.0 AppleWebKit/537.36 (KHTML, like Gecko; compatible; bingbot/2.0; +http://www.bing.com/bingbot.htm) Chrome/103.0.5060.134 Safari/537.36" "www.doctorallmon.com"
61.135.159.194 - - [24/Nov/2022:03:47:23 -0800] "GET / HTTP/1.1" 200 25535 "-" "Sogou web spider/4.0(+http://www.sogou.com/docs/help/webmasters.htm#07)" "www.woodlandsfamilymedicine.org"
20.172.244.197 - - [24/Nov/2022:03:47:47 -0800] "GET /forms.html HTTP/1.1" 200 23351 "-" "Mozilla/5.0 (Windows NT 10.0; Win64; x64) AppleWebKit/537.36 (KHTML, like Gecko) Chrome/86.0.4240.75 Safari/537.36" "www.doctorallmon.com"
123.125.109.46 - - [24/Nov/2022:03:50:47 -0800] "GET / HTTP/1.1" 200 25535 "-" "Sogou web spider/4.0(+http://www.sogou.com/docs/help/webmasters.htm#07)" "woodlandsfamilymedicine.org"
49.7.21.101 - - [24/Nov/2022:03:55:23 -0800] "GET / HTTP/1.1" 200 25535 "-" "Sogou web spider/4.0(+http://www.sogou.com/docs/help/webmasters.htm#07)" "doctorallmon.com"
20.172.244.218 - - [24/Nov/2022:03:57:06 -0800] "GET /index.html HTTP/1.1" 200 25535 "-" "Mozilla/5.0 (Windows NT 10.0; Win64; x64) AppleWebKit/537.36 (KHTML, like Gecko) Chrome/86.0.4240.75 Safari/537.36" "www.doctorallmon.com"
207.46.13.48 - - [24/Nov/2022:03:58:42 -0800] "GET /drmichels HTTP/1.1" 200 3688 "-" "Mozilla/5.0 (compatible; bingbot/2.0; +http://www.bing.com/bingbot.htm)" "woodlandsfamilymedicine.org"
20.172.244.197 - - [24/Nov/2022:03:58:57 -0800] "GET /forms.html HTTP/1.1" 200 23351 "-" "Mozilla/5.0 (Windows NT 10.0; Win64; x64) AppleWebKit/537.36 (KHTML, like Gecko) Chrome/86.0.4240.75 Safari/537.36" "www.doctorallmon.com"
20.172.244.218 - - [24/Nov/2022:04:07:15 -0800] "GET /index.html HTTP/1.1" 200 25535 "-" "Mozilla/5.0 (Windows NT 10.0; Win64; x64) AppleWebKit/537.36 (KHTML, like Gecko) Chrome/86.0.4240.75 Safari/537.36" "www.doctorallmon.com"
185.192.96.246 - - [24/Nov/2022:04:09:11 -0800] "POST / HTTP/1.1" 200 25535 "-" "Mozilla/5.0 (Linux; U; Android 4.4.2; en-US; HM NOTE 1W Build/KOT49H) AppleWebKit/534.30 (KHTML, like Gecko) Version/4.0 UCBrowser/11.0.5.850 U3/0.8.0 Mobile Safari/534.30" "doctorallmon.com"
185.192.96.246 - - [24/Nov/2022:04:09:13 -0800] "POST / HTTP/1.1" 200 25535 "-" "Mozilla/5.0 (Linux; U; Android 4.4.2; en-US; HM NOTE 1W Build/KOT49H) AppleWebKit/534.30 (KHTML, like Gecko) Version/4.0 UCBrowser/11.0.5.850 U3/0.8.0 Mobile Safari/534.30" "doctorallmon.com"
185.192.96.246 - - [24/Nov/2022:04:09:21 -0800] "GET /vendor/phpunit/phpunit/src/Util/PHP/eval-stdin.php HTTP/1.1" 404 88 "-" "python-requests/2.26.0" "doctorallmon.com"
20.172.244.197 - - [24/Nov/2022:04:09:25 -0800] "GET /forms.html HTTP/1.1" 200 23351 "-" "Mozilla/5.0 (Windows NT 10.0; Win64; x64) AppleWebKit/537.36 (KHTML, like Gecko) Chrome/86.0.4240.75 Safari/537.36" "www.doctorallmon.com"
49.7.21.101 - - [24/Nov/2022:04:13:16 -0800] "GET / HTTP/1.1" 200 25535 "-" "Sogou web spider/4.0(+http://www.sogou.com/docs/help/webmasters.htm#07)" "doctorallmon.com"
20.172.244.218 - - [24/Nov/2022:04:18:21 -0800] "GET /index.html HTTP/1.1" 200 25535 "-" "Mozilla/5.0 (Windows NT 10.0; Win64; x64) AppleWebKit/537.36 (KHTML, like Gecko) Chrome/86.0.4240.75 Safari/537.36" "www.doctorallmon.com"
20.172.244.197 - - [24/Nov/2022:04:19:28 -0800] "GET /forms.html HTTP/1.1" 200 23351 "-" "Mozilla/5.0 (Windows NT 10.0; Win64; x64) AppleWebKit/537.36 (KHTML, like Gecko) Chrome/86.0.4240.75 Safari/537.36" "www.doctorallmon.com"
20.172.244.197 - - [24/Nov/2022:04:30:05 -0800] "GET /forms.html HTTP/1.1" 200 23351 "-" "Mozilla/5.0 (Windows NT 10.0; Win64; x64) AppleWebKit/537.36 (KHTML, like Gecko) Chrome/86.0.4240.75 Safari/537.36" "www.doctorallmon.com"
20.172.244.218 - - [24/Nov/2022:04:30:28 -0800] "GET /index.html HTTP/1.1" 200 25535 "-" "Mozilla/5.0 (Windows NT 10.0; Win64; x64) AppleWebKit/537.36 (KHTML, like Gecko) Chrome/86.0.4240.75 Safari/537.36" "www.doctorallmon.com"
20.172.244.218 - - [24/Nov/2022:04:41:04 -0800] "GET /index.html HTTP/1.1" 200 25535 "-" "Mozilla/5.0 (Windows NT 10.0; Win64; x64) AppleWebKit/537.36 (KHTML, like Gecko) Chrome/86.0.4240.75 Safari/537.36" "www.doctorallmon.com"
20.172.244.197 - - [24/Nov/2022:04:41:51 -0800] "GET /forms.html HTTP/1.1" 200 23351 "-" "Mozilla/5.0 (Windows NT 10.0; Win64; x64) AppleWebKit/537.36 (KHTML, like Gecko) Chrome/86.0.4240.75 Safari/537.36" "www.doctorallmon.com"
20.172.244.218 - - [24/Nov/2022:04:51:31 -0800] "GET /index.html HTTP/1.1" 200 25535 "-" "Mozilla/5.0 (Windows NT 10.0; Win64; x64) AppleWebKit/537.36 (KHTML, like Gecko) Chrome/86.0.4240.75 Safari/537.36" "www.doctorallmon.com"
20.172.244.197 - - [24/Nov/2022:04:52:48 -0800] "GET /forms.html HTTP/1.1" 200 23351 "-" "Mozilla/5.0 (Windows NT 10.0; Win64; x64) AppleWebKit/537.36 (KHTML, like Gecko) Chrome/86.0.4240.75 Safari/537.36" "www.doctorallmon.com"
49.7.20.120 - - [24/Nov/2022:04:58:44 -0800] "GET / HTTP/1.1" 200 25535 "-" "Sogou web spider/4.0(+http://www.sogou.com/docs/help/webmasters.htm#07)" "www.woodlandsfamilymedicine.org"
20.172.244.218 - - [24/Nov/2022:05:03:02 -0800] "GET /index.html HTTP/1.1" 200 25535 "-" "Mozilla/5.0 (Windows NT 10.0; Win64; x64) AppleWebKit/537.36 (KHTML, like Gecko) Chrome/86.0.4240.75 Safari/537.36" "www.doctorallmon.com"
20.172.244.197 - - [24/Nov/2022:05:03:32 -0800] "GET /forms.html HTTP/1.1" 200 23351 "-" "Mozilla/5.0 (Windows NT 10.0; Win64; x64) AppleWebKit/537.36 (KHTML, like Gecko) Chrome/86.0.4240.75 Safari/537.36" "www.doctorallmon.com"
46.148.206.226 - - [24/Nov/2022:05:05:07 -0800] "GET /contact_us HTTP/1.1" 404 73 "http://doctorallmon.com/contact_us" "Mozilla/5.0 (Windows NT 10.0; Win64; x64) AppleWebKit/537.36 (KHTML, like Gecko) Chrome/90.0.4430.85 Safari/537.36 Edg/90.0.818.46" "doctorallmon.com"
46.148.206.226 - - [24/Nov/2022:05:05:07 -0800] "GET / HTTP/1.1" 200 176610 "http://doctorallmon.com/" "Mozilla/5.0 (Windows NT 10.0; Win64; x64) AppleWebKit/537.36 (KHTML, like Gecko) Chrome/90.0.4430.85 Safari/537.36 Edg/90.0.818.46" "doctorallmon.com"
46.148.206.226 - - [24/Nov/2022:05:05:10 -0800] "GET /contact.html HTTP/1.1" 200 159740 "http://doctorallmon.com/contact.html" "Mozilla/5.0 (Windows NT 10.0; Win64; x64) AppleWebKit/537.36 (KHTML, like Gecko) Chrome/90.0.4430.85 Safari/537.36 Edg/90.0.818.46" "doctorallmon.com"
20.172.244.197 - - [24/Nov/2022:05:13:30 -0800] "GET /forms.html HTTP/1.1" 200 23351 "-" "Mozilla/5.0 (Windows NT 10.0; Win64; x64) AppleWebKit/537.36 (KHTML, like Gecko) Chrome/86.0.4240.75 Safari/537.36" "www.doctorallmon.com"
20.172.244.218 - - [24/Nov/2022:05:14:00 -0800] "GET /index.html HTTP/1.1" 200 25535 "-" "Mozilla/5.0 (Windows NT 10.0; Win64; x64) AppleWebKit/537.36 (KHTML, like Gecko) Chrome/86.0.4240.75 Safari/537.36" "www.doctorallmon.com"
157.55.39.39 - - [24/Nov/2022:05:19:08 -0800] "GET /sitemap.xml HTTP/1.1" 200 311 "-" "Mozilla/5.0 AppleWebKit/537.36 (KHTML, like Gecko; compatible; bingbot/2.0; +http://www.bing.com/bingbot.htm) Chrome/103.0.5060.134 Safari/537.36" "www.doctorallmon.com"
157.55.39.39 - - [24/Nov/2022:05:19:08 -0800] "GET /sitemap.xml HTTP/1.1" 200 311 "-" "Mozilla/5.0 AppleWebKit/537.36 (KHTML, like Gecko; compatible; bingbot/2.0; +http://www.bing.com/bingbot.htm) Chrome/103.0.5060.134 Safari/537.36" "www.doctorallmon.com"
185.191.171.16 - - [24/Nov/2022:05:19:48 -0800] "GET /robots.txt HTTP/1.1" 200 44 "-" "Mozilla/5.0 (compatible; SemrushBot/7~bl; +http://www.semrush.com/bot.html)" "www.doctorallmon.com"
185.191.171.24 - - [24/Nov/2022:05:19:49 -0800] "GET /contact.html HTTP/1.1" 200 24481 "-" "Mozilla/5.0 (compatible; SemrushBot/7~bl; +http://www.semrush.com/bot.html)" "www.doctorallmon.com"
