114.119.145.126 - - [23/Nov/2022:16:00:50 -0800] "GET /robots.txt HTTP/1.1" 200 44 "-" "Mozilla/5.0 (compatible;PetalBot;+https://webmaster.petalsearch.com/site/petalbot)" "www.doctorallmon.com"
20.172.244.218 - - [23/Nov/2022:16:01:46 -0800] "GET /index.html HTTP/1.1" 200 25535 "-" "Mozilla/5.0 (Windows NT 10.0; Win64; x64) AppleWebKit/537.36 (KHTML, like Gecko) Chrome/86.0.4240.75 Safari/537.36" "www.doctorallmon.com"
20.172.244.197 - - [23/Nov/2022:16:02:54 -0800] "GET /forms.html HTTP/1.1" 200 23351 "-" "Mozilla/5.0 (Windows NT 10.0; Win64; x64) AppleWebKit/537.36 (KHTML, like Gecko) Chrome/86.0.4240.75 Safari/537.36" "www.doctorallmon.com"
185.191.171.2 - - [23/Nov/2022:16:03:04 -0800] "GET /robots.txt HTTP/1.1" 200 44 "-" "Mozilla/5.0 (compatible; SemrushBot/7~bl; +http://www.semrush.com/bot.html)" "woodlandsfamilymedicine.org"
185.191.171.34 - - [23/Nov/2022:16:03:06 -0800] "GET /drmichels HTTP/1.1" 200 3688 "-" "Mozilla/5.0 (compatible; SemrushBot/7~bl; +http://www.semrush.com/bot.html)" "woodlandsfamilymedicine.org"
114.119.148.187 - - [23/Nov/2022:16:08:59 -0800] "GET /office_policies/policy_for_guarding_patient_credit_card_information HTTP/1.1" 200 4379 "http://doctorallmon.com/about_us/lauren_michels_do" "Mozilla/5.0 (Linux; Android 7.0;) AppleWebKit/537.36 (KHTML, like Gecko) Mobile Safari/537.36 (compatible; PetalBot;+https://webmaster.petalsearch.com/site/petalbot)" "doctorallmon.com"
172.56.48.40 - - [23/Nov/2022:16:09:20 -0800] "GET /lauren-michels.html HTTP/1.1" 200 23707 "https://woodlandsfamilymedicine.org/about.html" "Mozilla/5.0 (Macintosh; Intel Mac OS X 10_15_7) AppleWebKit/605.1.15 (KHTML, like Gecko) Version/16.1 Safari/605.1.15" "woodlandsfamilymedicine.org"
172.56.48.40 - - [23/Nov/2022:16:09:20 -0800] "GET /css/lauren-michels/static_style.css HTTP/1.1" 200 2997 "https://woodlandsfamilymedicine.org/lauren-michels.html" "Mozilla/5.0 (Macintosh; Intel Mac OS X 10_15_7) AppleWebKit/605.1.15 (KHTML, like Gecko) Version/16.1 Safari/605.1.15" "woodlandsfamilymedicine.org"
172.56.48.40 - - [23/Nov/2022:16:11:56 -0800] "GET /brent-allmon.html HTTP/1.1" 200 24301 "https://woodlandsfamilymedicine.org/about.html" "Mozilla/5.0 (Macintosh; Intel Mac OS X 10_15_7) AppleWebKit/605.1.15 (KHTML, like Gecko) Version/16.1 Safari/605.1.15" "woodlandsfamilymedicine.org"
172.56.48.40 - - [23/Nov/2022:16:11:56 -0800] "GET /css/brent-allmon/static_style.css HTTP/1.1" 200 2967 "https://woodlandsfamilymedicine.org/brent-allmon.html" "Mozilla/5.0 (Macintosh; Intel Mac OS X 10_15_7) AppleWebKit/605.1.15 (KHTML, like Gecko) Version/16.1 Safari/605.1.15" "woodlandsfamilymedicine.org"
20.172.244.218 - - [23/Nov/2022:16:12:44 -0800] "GET /index.html HTTP/1.1" 200 25535 "-" "Mozilla/5.0 (Windows NT 10.0; Win64; x64) AppleWebKit/537.36 (KHTML, like Gecko) Chrome/86.0.4240.75 Safari/537.36" "www.doctorallmon.com"
20.172.244.197 - - [23/Nov/2022:16:13:32 -0800] "GET /forms.html HTTP/1.1" 200 23351 "-" "Mozilla/5.0 (Windows NT 10.0; Win64; x64) AppleWebKit/537.36 (KHTML, like Gecko) Chrome/86.0.4240.75 Safari/537.36" "www.doctorallmon.com"
20.172.244.218 - - [23/Nov/2022:16:23:09 -0800] "GET /index.html HTTP/1.1" 200 25535 "-" "Mozilla/5.0 (Windows NT 10.0; Win64; x64) AppleWebKit/537.36 (KHTML, like Gecko) Chrome/86.0.4240.75 Safari/537.36" "www.doctorallmon.com"
20.172.244.197 - - [23/Nov/2022:16:24:08 -0800] "GET /forms.html HTTP/1.1" 200 23351 "-" "Mozilla/5.0 (Windows NT 10.0; Win64; x64) AppleWebKit/537.36 (KHTML, like Gecko) Chrome/86.0.4240.75 Safari/537.36" "www.doctorallmon.com"
20.172.244.218 - - [23/Nov/2022:16:34:19 -0800] "GET /index.html HTTP/1.1" 200 25535 "-" "Mozilla/5.0 (Windows NT 10.0; Win64; x64) AppleWebKit/537.36 (KHTML, like Gecko) Chrome/86.0.4240.75 Safari/537.36" "www.doctorallmon.com"
20.172.244.197 - - [23/Nov/2022:16:37:21 -0800] "GET /forms.html HTTP/1.1" 200 23351 "-" "Mozilla/5.0 (Windows NT 10.0; Win64; x64) AppleWebKit/537.36 (KHTML, like Gecko) Chrome/86.0.4240.75 Safari/537.36" "www.doctorallmon.com"
185.191.171.15 - - [23/Nov/2022:16:44:00 -0800] "GET /victoria-long.html HTTP/1.1" 200 23715 "-" "Mozilla/5.0 (compatible; SemrushBot/7~bl; +http://www.semrush.com/bot.html)" "woodlandsfamilymedicine.org"
20.172.244.218 - - [23/Nov/2022:16:46:05 -0800] "GET /index.html HTTP/1.1" 200 25535 "-" "Mozilla/5.0 (Windows NT 10.0; Win64; x64) AppleWebKit/537.36 (KHTML, like Gecko) Chrome/86.0.4240.75 Safari/537.36" "www.doctorallmon.com"
20.172.244.197 - - [23/Nov/2022:16:49:12 -0800] "GET /forms.html HTTP/1.1" 200 23351 "-" "Mozilla/5.0 (Windows NT 10.0; Win64; x64) AppleWebKit/537.36 (KHTML, like Gecko) Chrome/86.0.4240.75 Safari/537.36" "www.doctorallmon.com"
174.203.15.229 - - [23/Nov/2022:16:55:11 -0800] "GET / HTTP/1.1" 200 25535 "-" "Mozilla/5.0 (iPhone; CPU iPhone OS 14_7_1 like Mac OS X) AppleWebKit/605.1.15 (KHTML, like Gecko) Version/14.1.2 Mobile/15E148 Safari/604.1" "www.doctorallmon.com"
174.203.15.229 - - [23/Nov/2022:16:55:11 -0800] "GET /apple-touch-icon-120x120-precomposed.png HTTP/1.1" 404 88 "-" "MobileSafari/604.1 CFNetwork/1240.0.4 Darwin/20.6.0" "www.doctorallmon.com"
174.203.15.229 - - [23/Nov/2022:16:55:11 -0800] "GET /apple-touch-icon-120x120.png HTTP/1.1" 404 88 "-" "MobileSafari/604.1 CFNetwork/1240.0.4 Darwin/20.6.0" "www.doctorallmon.com"
20.172.244.218 - - [23/Nov/2022:16:57:56 -0800] "GET /index.html HTTP/1.1" 200 25535 "-" "Mozilla/5.0 (Windows NT 10.0; Win64; x64) AppleWebKit/537.36 (KHTML, like Gecko) Chrome/86.0.4240.75 Safari/537.36" "www.doctorallmon.com"
20.172.244.197 - - [23/Nov/2022:17:01:50 -0800] "GET /forms.html HTTP/1.1" 200 23351 "-" "Mozilla/5.0 (Windows NT 10.0; Win64; x64) AppleWebKit/537.36 (KHTML, like Gecko) Chrome/86.0.4240.75 Safari/537.36" "www.doctorallmon.com"
20.172.244.218 - - [23/Nov/2022:17:09:12 -0800] "GET /index.html HTTP/1.1" 200 25535 "-" "Mozilla/5.0 (Windows NT 10.0; Win64; x64) AppleWebKit/537.36 (KHTML, like Gecko) Chrome/86.0.4240.75 Safari/537.36" "www.doctorallmon.com"
20.172.244.197 - - [23/Nov/2022:17:13:31 -0800] "GET /forms.html HTTP/1.1" 200 23351 "-" "Mozilla/5.0 (Windows NT 10.0; Win64; x64) AppleWebKit/537.36 (KHTML, like Gecko) Chrome/86.0.4240.75 Safari/537.36" "www.doctorallmon.com"
20.172.244.218 - - [23/Nov/2022:17:21:18 -0800] "GET /index.html HTTP/1.1" 200 25535 "-" "Mozilla/5.0 (Windows NT 10.0; Win64; x64) AppleWebKit/537.36 (KHTML, like Gecko) Chrome/86.0.4240.75 Safari/537.36" "www.doctorallmon.com"
20.172.244.197 - - [23/Nov/2022:17:25:44 -0800] "GET /forms.html HTTP/1.1" 200 23351 "-" "Mozilla/5.0 (Windows NT 10.0; Win64; x64) AppleWebKit/537.36 (KHTML, like Gecko) Chrome/86.0.4240.75 Safari/537.36" "www.doctorallmon.com"
20.172.244.218 - - [23/Nov/2022:17:34:20 -0800] "GET /index.html HTTP/1.1" 200 25535 "-" "Mozilla/5.0 (Windows NT 10.0; Win64; x64) AppleWebKit/537.36 (KHTML, like Gecko) Chrome/86.0.4240.75 Safari/537.36" "www.doctorallmon.com"
20.172.244.197 - - [23/Nov/2022:17:38:27 -0800] "GET /forms.html HTTP/1.1" 200 23351 "-" "Mozilla/5.0 (Windows NT 10.0; Win64; x64) AppleWebKit/537.36 (KHTML, like Gecko) Chrome/86.0.4240.75 Safari/537.36" "www.doctorallmon.com"
185.191.171.19 - - [23/Nov/2022:17:41:25 -0800] "GET /robots.txt HTTP/1.1" 200 44 "-" "Mozilla/5.0 (compatible; SemrushBot/7~bl; +http://www.semrush.com/bot.html)" "woodlandsfamilymedicine.org"
185.191.171.4 - - [23/Nov/2022:17:41:26 -0800] "GET /office_policies/cancellationno_show_policy HTTP/1.1" 200 3619 "-" "Mozilla/5.0 (compatible; SemrushBot/7~bl; +http://www.semrush.com/bot.html)" "woodlandsfamilymedicine.org"
185.191.171.20 - - [23/Nov/2022:17:44:09 -0800] "GET /index.html HTTP/1.1" 200 25535 "-" "Mozilla/5.0 (compatible; SemrushBot/7~bl; +http://www.semrush.com/bot.html)" "woodlandsfamilymedicine.org"
17.121.115.230 - - [23/Nov/2022:17:44:28 -0800] "GET /contact.html HTTP/1.1" 200 24481 "-" "Mozilla/5.0 (Macintosh; Intel Mac OS X 10_15_5) AppleWebKit/605.1.15 (KHTML, like Gecko) Version/13.1.1 Safari/605.1.15 (Applebot/0.1; +http://www.apple.com/go/applebot)" "woodlandsfamilymedicine.org"
20.172.244.218 - - [23/Nov/2022:17:46:19 -0800] "GET /index.html HTTP/1.1" 200 25535 "-" "Mozilla/5.0 (Windows NT 10.0; Win64; x64) AppleWebKit/537.36 (KHTML, like Gecko) Chrome/86.0.4240.75 Safari/537.36" "www.doctorallmon.com"
107.189.12.7 - - [23/Nov/2022:17:49:40 -0800] "GET /contact_us HTTP/1.1" 404 73 "http://doctorallmon.com/contact_us" "Mozilla/5.0 (Windows NT 10.0; Win64; x64) AppleWebKit/537.36 (KHTML, like Gecko) Chrome/90.0.4430.72 Safari/537.36 Edg/90.0.818.39" "doctorallmon.com"
107.189.12.7 - - [23/Nov/2022:17:49:41 -0800] "GET / HTTP/1.1" 200 176610 "http://doctorallmon.com/" "Mozilla/5.0 (Windows NT 10.0; Win64; x64) AppleWebKit/537.36 (KHTML, like Gecko) Chrome/90.0.4430.72 Safari/537.36 Edg/90.0.818.39" "doctorallmon.com"
20.172.244.197 - - [23/Nov/2022:17:52:26 -0800] "GET /forms.html HTTP/1.1" 200 23351 "-" "Mozilla/5.0 (Windows NT 10.0; Win64; x64) AppleWebKit/537.36 (KHTML, like Gecko) Chrome/86.0.4240.75 Safari/537.36" "www.doctorallmon.com"
104.28.50.189 - - [23/Nov/2022:17:52:38 -0800] "GET /lauren-michels.html HTTP/1.1" 200 23707 "-" "Mozilla/5.0 (Macintosh; Intel Mac OS X 10_15_7) AppleWebKit/605.1.15 (KHTML, like Gecko) Version/15.5 Safari/605.1.15" "woodlandsfamilymedicine.org"
104.28.50.189 - - [23/Nov/2022:17:52:38 -0800] "GET /css/fonts.css?v=1.5.8c HTTP/1.1" 200 1538 "https://woodlandsfamilymedicine.org/lauren-michels.html" "Mozilla/5.0 (Macintosh; Intel Mac OS X 10_15_7) AppleWebKit/605.1.15 (KHTML, like Gecko) Version/15.5 Safari/605.1.15" "woodlandsfamilymedicine.org"
104.28.50.189 - - [23/Nov/2022:17:52:38 -0800] "GET /js/ysb.js HTTP/1.1" 200 20 "https://woodlandsfamilymedicine.org/lauren-michels.html" "Mozilla/5.0 (Macintosh; Intel Mac OS X 10_15_7) AppleWebKit/605.1.15 (KHTML, like Gecko) Version/15.5 Safari/605.1.15" "woodlandsfamilymedicine.org"
104.28.50.189 - - [23/Nov/2022:17:52:38 -0800] "GET /js/xprs_helper.js?v=1.5.8c HTTP/1.1" 200 9186 "https://woodlandsfamilymedicine.org/lauren-michels.html" "Mozilla/5.0 (Macintosh; Intel Mac OS X 10_15_7) AppleWebKit/605.1.15 (KHTML, like Gecko) Version/15.5 Safari/605.1.15" "woodlandsfamilymedicine.org"
104.28.50.189 - - [23/Nov/2022:17:52:38 -0800] "GET /js/spimeengine.js?v=1.5.8c HTTP/1.1" 200 17277 "https://woodlandsfamilymedicine.org/lauren-michels.html" "Mozilla/5.0 (Macintosh; Intel Mac OS X 10_15_7) AppleWebKit/605.1.15 (KHTML, like Gecko) Version/15.5 Safari/605.1.15" "woodlandsfamilymedicine.org"
104.28.50.189 - - [23/Nov/2022:17:52:38 -0800] "GET /css/lauren-michels/static_style.css HTTP/1.1" 200 2997 "https://woodlandsfamilymedicine.org/lauren-michels.html" "Mozilla/5.0 (Macintosh; Intel Mac OS X 10_15_7) AppleWebKit/605.1.15 (KHTML, like Gecko) Version/15.5 Safari/605.1.15" "woodlandsfamilymedicine.org"
104.28.50.189 - - [23/Nov/2022:17:52:38 -0800] "GET /js/lib/touchswipe/jquery.mobile.custom.min.js HTTP/1.1" 200 2872 "https://woodlandsfamilymedicine.org/lauren-michels.html" "Mozilla/5.0 (Macintosh; Intel Mac OS X 10_15_7) AppleWebKit/605.1.15 (KHTML, like Gecko) Version/15.5 Safari/605.1.15" "woodlandsfamilymedicine.org"
104.28.50.189 - - [23/Nov/2022:17:52:38 -0800] "GET /js/lightbox.js?v=1.5.8c HTTP/1.1" 200 3021 "https://woodlandsfamilymedicine.org/lauren-michels.html" "Mozilla/5.0 (Macintosh; Intel Mac OS X 10_15_7) AppleWebKit/605.1.15 (KHTML, like Gecko) Version/15.5 Safari/605.1.15" "woodlandsfamilymedicine.org"
104.28.50.189 - - [23/Nov/2022:17:52:38 -0800] "GET /js/all_js.js HTTP/1.1" 200 14389 "https://woodlandsfamilymedicine.org/lauren-michels.html" "Mozilla/5.0 (Macintosh; Intel Mac OS X 10_15_7) AppleWebKit/605.1.15 (KHTML, like Gecko) Version/15.5 Safari/605.1.15" "woodlandsfamilymedicine.org"
104.28.50.189 - - [23/Nov/2022:17:52:39 -0800] "GET /css/lightbox.css?v=1.5.8c HTTP/1.1" 200 646 "https://woodlandsfamilymedicine.org/lauren-michels.html" "Mozilla/5.0 (Macintosh; Intel Mac OS X 10_15_7) AppleWebKit/605.1.15 (KHTML, like Gecko) Version/15.5 Safari/605.1.15" "woodlandsfamilymedicine.org"
104.28.50.189 - - [23/Nov/2022:17:52:39 -0800] "GET /css/effects.css?v=1.5.8c HTTP/1.1" 200 2395 "https://woodlandsfamilymedicine.org/lauren-michels.html" "Mozilla/5.0 (Macintosh; Intel Mac OS X 10_15_7) AppleWebKit/605.1.15 (KHTML, like Gecko) Version/15.5 Safari/605.1.15" "woodlandsfamilymedicine.org"
104.28.50.189 - - [23/Nov/2022:17:52:40 -0800] "GET /brent-allmon.html HTTP/1.1" 200 24301 "-" "Mozilla/5.0 (Macintosh; Intel Mac OS X 10_15_7) AppleWebKit/605.1.15 (KHTML, like Gecko) Version/15.5 Safari/605.1.15" "woodlandsfamilymedicine.org"
104.28.50.189 - - [23/Nov/2022:17:52:40 -0800] "GET /css/brent-allmon/static_style.css HTTP/1.1" 200 2967 "https://woodlandsfamilymedicine.org/brent-allmon.html" "Mozilla/5.0 (Macintosh; Intel Mac OS X 10_15_7) AppleWebKit/605.1.15 (KHTML, like Gecko) Version/15.5 Safari/605.1.15" "woodlandsfamilymedicine.org"
20.172.244.218 - - [23/Nov/2022:17:59:55 -0800] "GET /index.html HTTP/1.1" 200 25535 "-" "Mozilla/5.0 (Windows NT 10.0; Win64; x64) AppleWebKit/537.36 (KHTML, like Gecko) Chrome/86.0.4240.75 Safari/537.36" "www.doctorallmon.com"
185.191.171.23 - - [23/Nov/2022:18:01:13 -0800] "GET /robots.txt HTTP/1.1" 200 44 "-" "Mozilla/5.0 (compatible; SemrushBot/7~bl; +http://www.semrush.com/bot.html)" "www.woodlandsfamilymedicine.org"
185.191.171.13 - - [23/Nov/2022:18:01:16 -0800] "GET /forms.html HTTP/1.1" 200 23351 "-" "Mozilla/5.0 (compatible; SemrushBot/7~bl; +http://www.semrush.com/bot.html)" "www.woodlandsfamilymedicine.org"
20.172.244.197 - - [23/Nov/2022:18:07:00 -0800] "GET /forms.html HTTP/1.1" 200 23351 "-" "Mozilla/5.0 (Windows NT 10.0; Win64; x64) AppleWebKit/537.36 (KHTML, like Gecko) Chrome/86.0.4240.75 Safari/537.36" "www.doctorallmon.com"
108.240.46.244 - - [23/Nov/2022:18:08:18 -0800] "GET / HTTP/1.1" 200 25535 "https://www.google.com/" "Mozilla/5.0 (iPhone; CPU iPhone OS 16_1_1 like Mac OS X) AppleWebKit/605.1.15 (KHTML, like Gecko) Version/16.1 Mobile/15E148 Safari/604.1" "woodlandsfamilymedicine.org"
108.240.46.244 - - [23/Nov/2022:18:08:18 -0800] "GET /css/fonts.css?v=1.5.8c HTTP/1.1" 200 1538 "https://woodlandsfamilymedicine.org/" "Mozilla/5.0 (iPhone; CPU iPhone OS 16_1_1 like Mac OS X) AppleWebKit/605.1.15 (KHTML, like Gecko) Version/16.1 Mobile/15E148 Safari/604.1" "woodlandsfamilymedicine.org"
108.240.46.244 - - [23/Nov/2022:18:08:18 -0800] "GET /js/ysb.js HTTP/1.1" 200 20 "https://woodlandsfamilymedicine.org/" "Mozilla/5.0 (iPhone; CPU iPhone OS 16_1_1 like Mac OS X) AppleWebKit/605.1.15 (KHTML, like Gecko) Version/16.1 Mobile/15E148 Safari/604.1" "woodlandsfamilymedicine.org"
108.240.46.244 - - [23/Nov/2022:18:08:18 -0800] "GET /js/lib/touchswipe/jquery.mobile.custom.min.js HTTP/1.1" 200 2872 "https://woodlandsfamilymedicine.org/" "Mozilla/5.0 (iPhone; CPU iPhone OS 16_1_1 like Mac OS X) AppleWebKit/605.1.15 (KHTML, like Gecko) Version/16.1 Mobile/15E148 Safari/604.1" "woodlandsfamilymedicine.org"
108.240.46.244 - - [23/Nov/2022:18:08:18 -0800] "GET /css/static_style.css HTTP/1.1" 200 4546 "https://woodlandsfamilymedicine.org/" "Mozilla/5.0 (iPhone; CPU iPhone OS 16_1_1 like Mac OS X) AppleWebKit/605.1.15 (KHTML, like Gecko) Version/16.1 Mobile/15E148 Safari/604.1" "woodlandsfamilymedicine.org"
20.172.244.218 - - [23/Nov/2022:18:12:11 -0800] "GET /index.html HTTP/1.1" 200 25535 "-" "Mozilla/5.0 (Windows NT 10.0; Win64; x64) AppleWebKit/537.36 (KHTML, like Gecko) Chrome/86.0.4240.75 Safari/537.36" "www.doctorallmon.com"
20.172.244.218 - - [23/Nov/2022:18:22:43 -0800] "GET /index.html HTTP/1.1" 200 25535 "-" "Mozilla/5.0 (Windows NT 10.0; Win64; x64) AppleWebKit/537.36 (KHTML, like Gecko) Chrome/86.0.4240.75 Safari/537.36" "www.doctorallmon.com"
20.172.244.197 - - [23/Nov/2022:18:24:21 -0800] "GET /forms.html HTTP/1.1" 200 23351 "-" "Mozilla/5.0 (Windows NT 10.0; Win64; x64) AppleWebKit/537.36 (KHTML, like Gecko) Chrome/86.0.4240.75 Safari/537.36" "www.doctorallmon.com"
123.125.109.109 - - [23/Nov/2022:18:33:19 -0800] "GET / HTTP/1.1" 200 25535 "-" "Sogou web spider/4.0(+http://www.sogou.com/docs/help/webmasters.htm#07)" "doctorallmon.com"
20.172.244.218 - - [23/Nov/2022:18:34:21 -0800] "GET /index.html HTTP/1.1" 200 25535 "-" "Mozilla/5.0 (Windows NT 10.0; Win64; x64) AppleWebKit/537.36 (KHTML, like Gecko) Chrome/86.0.4240.75 Safari/537.36" "www.doctorallmon.com"
123.125.109.114 - - [23/Nov/2022:18:36:17 -0800] "GET / HTTP/1.1" 200 25535 "-" "Sogou web spider/4.0(+http://www.sogou.com/docs/help/webmasters.htm#07)" "www.woodlandsfamilymedicine.org"
20.172.244.197 - - [23/Nov/2022:18:37:40 -0800] "GET /forms.html HTTP/1.1" 200 23351 "-" "Mozilla/5.0 (Windows NT 10.0; Win64; x64) AppleWebKit/537.36 (KHTML, like Gecko) Chrome/86.0.4240.75 Safari/537.36" "www.doctorallmon.com"
64.113.1.169 - - [23/Nov/2022:18:39:38 -0800] "GET /contact_us HTTP/1.1" 404 73 "http://doctorallmon.com/contact_us" "Mozilla/5.0 (Windows NT 10.0; Win64; x64) AppleWebKit/537.36 (KHTML, like Gecko) Chrome/90.0.4430.72 Safari/537.36" "doctorallmon.com"
64.113.1.169 - - [23/Nov/2022:18:39:39 -0800] "GET / HTTP/1.1" 200 176610 "http://doctorallmon.com/" "Mozilla/5.0 (Windows NT 10.0; Win64; x64) AppleWebKit/537.36 (KHTML, like Gecko) Chrome/90.0.4430.72 Safari/537.36" "doctorallmon.com"
64.113.1.169 - - [23/Nov/2022:18:39:43 -0800] "GET /contact.html HTTP/1.1" 200 159740 "http://doctorallmon.com/contact.html" "Mozilla/5.0 (Windows NT 10.0; Win64; x64) AppleWebKit/537.36 (KHTML, like Gecko) Chrome/90.0.4430.72 Safari/537.36" "doctorallmon.com"
49.7.20.117 - - [23/Nov/2022:18:45:05 -0800] "GET / HTTP/1.1" 200 25535 "-" "Sogou web spider/4.0(+http://www.sogou.com/docs/help/webmasters.htm#07)" "woodlandsfamilymedicine.org"
20.172.244.218 - - [23/Nov/2022:18:46:21 -0800] "GET /index.html HTTP/1.1" 200 25535 "-" "Mozilla/5.0 (Windows NT 10.0; Win64; x64) AppleWebKit/537.36 (KHTML, like Gecko) Chrome/86.0.4240.75 Safari/537.36" "www.doctorallmon.com"
20.172.244.197 - - [23/Nov/2022:18:49:42 -0800] "GET /forms.html HTTP/1.1" 200 23351 "-" "Mozilla/5.0 (Windows NT 10.0; Win64; x64) AppleWebKit/537.36 (KHTML, like Gecko) Chrome/86.0.4240.75 Safari/537.36" "www.doctorallmon.com"
185.191.171.35 - - [23/Nov/2022:18:55:23 -0800] "GET /robots.txt HTTP/1.1" 200 44 "-" "Mozilla/5.0 (compatible; SemrushBot/7~bl; +http://www.semrush.com/bot.html)" "woodlandsfamilymedicine.org"
185.191.171.6 - - [23/Nov/2022:18:55:26 -0800] "GET /telemedicine.html HTTP/1.1" 200 22595 "-" "Mozilla/5.0 (compatible; SemrushBot/7~bl; +http://www.semrush.com/bot.html)" "woodlandsfamilymedicine.org"
20.172.244.218 - - [23/Nov/2022:18:58:10 -0800] "GET /index.html HTTP/1.1" 200 25535 "-" "Mozilla/5.0 (Windows NT 10.0; Win64; x64) AppleWebKit/537.36 (KHTML, like Gecko) Chrome/86.0.4240.75 Safari/537.36" "www.doctorallmon.com"
185.191.171.24 - - [23/Nov/2022:18:58:39 -0800] "GET /robots.txt HTTP/1.1" 200 44 "-" "Mozilla/5.0 (compatible; SemrushBot/7~bl; +http://www.semrush.com/bot.html)" "www.doctorallmon.com"
185.191.171.24 - - [23/Nov/2022:18:58:39 -0800] "GET /office_policies/cancellationno_show_policy HTTP/1.1" 200 3619 "-" "Mozilla/5.0 (compatible; SemrushBot/7~bl; +http://www.semrush.com/bot.html)" "www.doctorallmon.com"
20.172.244.197 - - [23/Nov/2022:19:01:54 -0800] "GET /forms.html HTTP/1.1" 200 23351 "-" "Mozilla/5.0 (Windows NT 10.0; Win64; x64) AppleWebKit/537.36 (KHTML, like Gecko) Chrome/86.0.4240.75 Safari/537.36" "www.doctorallmon.com"
199.249.230.110 - - [23/Nov/2022:19:04:21 -0800] "GET /contact_us HTTP/1.1" 404 73 "http://doctorallmon.com/contact_us" "Mozilla/5.0 (Windows NT 10.0; Win64; x64) AppleWebKit/537.36 (KHTML, like Gecko) Chrome/90.0.4430.85 Safari/537.36 Edg/90.0.818.49" "doctorallmon.com"
199.249.230.110 - - [23/Nov/2022:19:04:22 -0800] "GET / HTTP/1.1" 200 176610 "http://doctorallmon.com/" "Mozilla/5.0 (Windows NT 10.0; Win64; x64) AppleWebKit/537.36 (KHTML, like Gecko) Chrome/90.0.4430.85 Safari/537.36 Edg/90.0.818.49" "doctorallmon.com"
199.249.230.110 - - [23/Nov/2022:19:04:23 -0800] "GET /contact.html HTTP/1.1" 200 159740 "http://doctorallmon.com/contact.html" "Mozilla/5.0 (Windows NT 10.0; Win64; x64) AppleWebKit/537.36 (KHTML, like Gecko) Chrome/90.0.4430.85 Safari/537.36 Edg/90.0.818.49" "doctorallmon.com"
20.172.244.218 - - [23/Nov/2022:19:11:10 -0800] "GET /index.html HTTP/1.1" 200 25535 "-" "Mozilla/5.0 (Windows NT 10.0; Win64; x64) AppleWebKit/537.36 (KHTML, like Gecko) Chrome/86.0.4240.75 Safari/537.36" "www.doctorallmon.com"
20.172.244.197 - - [23/Nov/2022:19:12:18 -0800] "GET /forms.html HTTP/1.1" 200 23351 "-" "Mozilla/5.0 (Windows NT 10.0; Win64; x64) AppleWebKit/537.36 (KHTML, like Gecko) Chrome/86.0.4240.75 Safari/537.36" "www.doctorallmon.com"
20.172.244.218 - - [23/Nov/2022:19:22:12 -0800] "GET /index.html HTTP/1.1" 200 25535 "-" "Mozilla/5.0 (Windows NT 10.0; Win64; x64) AppleWebKit/537.36 (KHTML, like Gecko) Chrome/86.0.4240.75 Safari/537.36" "www.doctorallmon.com"
20.172.244.197 - - [23/Nov/2022:19:24:36 -0800] "GET /forms.html HTTP/1.1" 200 23351 "-" "Mozilla/5.0 (Windows NT 10.0; Win64; x64) AppleWebKit/537.36 (KHTML, like Gecko) Chrome/86.0.4240.75 Safari/537.36" "www.doctorallmon.com"
114.119.153.49 - - [23/Nov/2022:19:26:44 -0800] "GET /robots.txt HTTP/1.1" 200 44 "-" "Mozilla/5.0 (compatible;PetalBot;+https://webmaster.petalsearch.com/site/petalbot)" "www.woodlandsfamilymedicine.org"
20.172.244.218 - - [23/Nov/2022:19:34:35 -0800] "GET /index.html HTTP/1.1" 200 25535 "-" "Mozilla/5.0 (Windows NT 10.0; Win64; x64) AppleWebKit/537.36 (KHTML, like Gecko) Chrome/86.0.4240.75 Safari/537.36" "www.doctorallmon.com"
136.244.29.156 - - [23/Nov/2022:19:36:33 -0800] "GET / HTTP/1.1" 200 25535 "-" "Mozilla/5.0 (iPhone; CPU iPhone OS 16_1_1 like Mac OS X) AppleWebKit/605.1.15 (KHTML, like Gecko) Version/16.1 Mobile/15E148 Safari/604.1" "woodlandsfamilymedicine.org"
136.244.29.156 - - [23/Nov/2022:19:36:33 -0800] "GET /css/fonts.css?v=1.5.8c HTTP/1.1" 200 1538 "https://woodlandsfamilymedicine.org/" "Mozilla/5.0 (iPhone; CPU iPhone OS 16_1_1 like Mac OS X) AppleWebKit/605.1.15 (KHTML, like Gecko) Version/16.1 Mobile/15E148 Safari/604.1" "woodlandsfamilymedicine.org"
136.244.29.156 - - [23/Nov/2022:19:36:33 -0800] "GET /css/static_style.css HTTP/1.1" 200 4546 "https://woodlandsfamilymedicine.org/" "Mozilla/5.0 (iPhone; CPU iPhone OS 16_1_1 like Mac OS X) AppleWebKit/605.1.15 (KHTML, like Gecko) Version/16.1 Mobile/15E148 Safari/604.1" "woodlandsfamilymedicine.org"
136.244.29.156 - - [23/Nov/2022:19:36:33 -0800] "GET /js/ysb.js HTTP/1.1" 200 20 "https://woodlandsfamilymedicine.org/" "Mozilla/5.0 (iPhone; CPU iPhone OS 16_1_1 like Mac OS X) AppleWebKit/605.1.15 (KHTML, like Gecko) Version/16.1 Mobile/15E148 Safari/604.1" "woodlandsfamilymedicine.org"
136.244.29.156 - - [23/Nov/2022:19:36:33 -0800] "GET /js/lightbox.js?v=1.5.8c HTTP/1.1" 200 3021 "https://woodlandsfamilymedicine.org/" "Mozilla/5.0 (iPhone; CPU iPhone OS 16_1_1 like Mac OS X) AppleWebKit/605.1.15 (KHTML, like Gecko) Version/16.1 Mobile/15E148 Safari/604.1" "woodlandsfamilymedicine.org"
136.244.29.156 - - [23/Nov/2022:19:36:33 -0800] "GET /js/xprs_helper.js?v=1.5.8c HTTP/1.1" 200 9186 "https://woodlandsfamilymedicine.org/" "Mozilla/5.0 (iPhone; CPU iPhone OS 16_1_1 like Mac OS X) AppleWebKit/605.1.15 (KHTML, like Gecko) Version/16.1 Mobile/15E148 Safari/604.1" "woodlandsfamilymedicine.org"
136.244.29.156 - - [23/Nov/2022:19:36:33 -0800] "GET /js/spimeengine.js?v=1.5.8c HTTP/1.1" 200 17277 "https://woodlandsfamilymedicine.org/" "Mozilla/5.0 (iPhone; CPU iPhone OS 16_1_1 like Mac OS X) AppleWebKit/605.1.15 (KHTML, like Gecko) Version/16.1 Mobile/15E148 Safari/604.1" "woodlandsfamilymedicine.org"
136.244.29.156 - - [23/Nov/2022:19:36:33 -0800] "GET /js/all_js.js HTTP/1.1" 200 14389 "https://woodlandsfamilymedicine.org/" "Mozilla/5.0 (iPhone; CPU iPhone OS 16_1_1 like Mac OS X) AppleWebKit/605.1.15 (KHTML, like Gecko) Version/16.1 Mobile/15E148 Safari/604.1" "woodlandsfamilymedicine.org"
136.244.29.156 - - [23/Nov/2022:19:36:33 -0800] "GET /js/lib/touchswipe/jquery.mobile.custom.min.js HTTP/1.1" 200 2872 "https://woodlandsfamilymedicine.org/" "Mozilla/5.0 (iPhone; CPU iPhone OS 16_1_1 like Mac OS X) AppleWebKit/605.1.15 (KHTML, like Gecko) Version/16.1 Mobile/15E148 Safari/604.1" "woodlandsfamilymedicine.org"
136.244.29.156 - - [23/Nov/2022:19:36:34 -0800] "GET /css/lightbox.css?v=1.5.8c HTTP/1.1" 200 646 "https://woodlandsfamilymedicine.org/" "Mozilla/5.0 (iPhone; CPU iPhone OS 16_1_1 like Mac OS X) AppleWebKit/605.1.15 (KHTML, like Gecko) Version/16.1 Mobile/15E148 Safari/604.1" "woodlandsfamilymedicine.org"
136.244.29.156 - - [23/Nov/2022:19:36:34 -0800] "GET /css/effects.css?v=1.5.8c HTTP/1.1" 200 2395 "https://woodlandsfamilymedicine.org/" "Mozilla/5.0 (iPhone; CPU iPhone OS 16_1_1 like Mac OS X) AppleWebKit/605.1.15 (KHTML, like Gecko) Version/16.1 Mobile/15E148 Safari/604.1" "woodlandsfamilymedicine.org"
136.244.29.156 - - [23/Nov/2022:19:37:06 -0800] "GET /our-services.html HTTP/1.1" 200 22750 "https://woodlandsfamilymedicine.org/" "Mozilla/5.0 (iPhone; CPU iPhone OS 16_1_1 like Mac OS X) AppleWebKit/605.1.15 (KHTML, like Gecko) Version/16.1 Mobile/15E148 Safari/604.1" "woodlandsfamilymedicine.org"
136.244.29.156 - - [23/Nov/2022:19:37:06 -0800] "GET /css/our-services/static_style.css HTTP/1.1" 200 3018 "https://woodlandsfamilymedicine.org/our-services.html" "Mozilla/5.0 (iPhone; CPU iPhone OS 16_1_1 like Mac OS X) AppleWebKit/605.1.15 (KHTML, like Gecko) Version/16.1 Mobile/15E148 Safari/604.1" "woodlandsfamilymedicine.org"
136.244.29.156 - - [23/Nov/2022:19:37:46 -0800] "GET /forms.html HTTP/1.1" 200 23351 "https://woodlandsfamilymedicine.org/our-services.html" "Mozilla/5.0 (iPhone; CPU iPhone OS 16_1_1 like Mac OS X) AppleWebKit/605.1.15 (KHTML, like Gecko) Version/16.1 Mobile/15E148 Safari/604.1" "woodlandsfamilymedicine.org"
136.244.29.156 - - [23/Nov/2022:19:37:46 -0800] "GET /css/forms/static_style.css HTTP/1.1" 200 4225 "https://woodlandsfamilymedicine.org/forms.html" "Mozilla/5.0 (iPhone; CPU iPhone OS 16_1_1 like Mac OS X) AppleWebKit/605.1.15 (KHTML, like Gecko) Version/16.1 Mobile/15E148 Safari/604.1" "woodlandsfamilymedicine.org"
20.172.244.197 - - [23/Nov/2022:19:38:31 -0800] "GET /forms.html HTTP/1.1" 200 23351 "-" "Mozilla/5.0 (Windows NT 10.0; Win64; x64) AppleWebKit/537.36 (KHTML, like Gecko) Chrome/86.0.4240.75 Safari/537.36" "www.doctorallmon.com"
114.119.143.250 - - [23/Nov/2022:19:43:02 -0800] "GET /robots.txt HTTP/1.1" 200 44 "-" "Mozilla/5.0 (compatible;PetalBot;+https://webmaster.petalsearch.com/site/petalbot)" "doctorallmon.com"
66.249.79.81 - - [23/Nov/2022:19:43:07 -0800] "GET /ads.txt HTTP/1.1" 404 88 "-" "Mozilla/5.0 (compatible; Googlebot/2.1; +http://www.google.com/bot.html)" "www.doctorallmon.com"
20.172.244.218 - - [23/Nov/2022:19:45:12 -0800] "GET /index.html HTTP/1.1" 200 25535 "-" "Mozilla/5.0 (Windows NT 10.0; Win64; x64) AppleWebKit/537.36 (KHTML, like Gecko) Chrome/86.0.4240.75 Safari/537.36" "www.doctorallmon.com"
20.172.244.197 - - [23/Nov/2022:19:50:22 -0800] "GET /forms.html HTTP/1.1" 200 23351 "-" "Mozilla/5.0 (Windows NT 10.0; Win64; x64) AppleWebKit/537.36 (KHTML, like Gecko) Chrome/86.0.4240.75 Safari/537.36" "www.doctorallmon.com"
49.7.20.117 - - [23/Nov/2022:19:57:19 -0800] "GET / HTTP/1.1" 200 25535 "-" "Sogou web spider/4.0(+http://www.sogou.com/docs/help/webmasters.htm#07)" "woodlandsfamilymedicine.org"
20.172.244.218 - - [23/Nov/2022:19:57:52 -0800] "GET /index.html HTTP/1.1" 200 25535 "-" "Mozilla/5.0 (Windows NT 10.0; Win64; x64) AppleWebKit/537.36 (KHTML, like Gecko) Chrome/86.0.4240.75 Safari/537.36" "www.doctorallmon.com"
20.172.244.197 - - [23/Nov/2022:20:03:51 -0800] "GET /forms.html HTTP/1.1" 200 23351 "-" "Mozilla/5.0 (Windows NT 10.0; Win64; x64) AppleWebKit/537.36 (KHTML, like Gecko) Chrome/86.0.4240.75 Safari/537.36" "www.doctorallmon.com"
107.77.222.10 - - [23/Nov/2022:20:04:04 -0800] "GET /our-services.html HTTP/1.1" 200 22750 "-" "Mozilla/5.0 (iPhone; CPU iPhone OS 15_6_1 like Mac OS X) AppleWebKit/605.1.15 (KHTML, like Gecko) Version/15.6.1 Mobile/15E148 Safari/604.1" "woodlandsfamilymedicine.org"
107.77.222.10 - - [23/Nov/2022:20:04:06 -0800] "GET /css/fonts.css?v=1.5.8c HTTP/1.1" 200 1538 "https://woodlandsfamilymedicine.org/our-services.html" "Mozilla/5.0 (iPhone; CPU iPhone OS 15_6_1 like Mac OS X) AppleWebKit/605.1.15 (KHTML, like Gecko) Version/15.6.1 Mobile/15E148 Safari/604.1" "woodlandsfamilymedicine.org"
107.77.222.10 - - [23/Nov/2022:20:04:06 -0800] "GET /js/ysb.js HTTP/1.1" 200 20 "https://woodlandsfamilymedicine.org/our-services.html" "Mozilla/5.0 (iPhone; CPU iPhone OS 15_6_1 like Mac OS X) AppleWebKit/605.1.15 (KHTML, like Gecko) Version/15.6.1 Mobile/15E148 Safari/604.1" "woodlandsfamilymedicine.org"
107.77.222.10 - - [23/Nov/2022:20:04:06 -0800] "GET /js/xprs_helper.js?v=1.5.8c HTTP/1.1" 200 9186 "https://woodlandsfamilymedicine.org/our-services.html" "Mozilla/5.0 (iPhone; CPU iPhone OS 15_6_1 like Mac OS X) AppleWebKit/605.1.15 (KHTML, like Gecko) Version/15.6.1 Mobile/15E148 Safari/604.1" "woodlandsfamilymedicine.org"
107.77.222.10 - - [23/Nov/2022:20:04:06 -0800] "GET /js/all_js.js HTTP/1.1" 200 14389 "https://woodlandsfamilymedicine.org/our-services.html" "Mozilla/5.0 (iPhone; CPU iPhone OS 15_6_1 like Mac OS X) AppleWebKit/605.1.15 (KHTML, like Gecko) Version/15.6.1 Mobile/15E148 Safari/604.1" "woodlandsfamilymedicine.org"
107.77.222.10 - - [23/Nov/2022:20:04:06 -0800] "GET /css/our-services/static_style.css HTTP/1.1" 200 3018 "https://woodlandsfamilymedicine.org/our-services.html" "Mozilla/5.0 (iPhone; CPU iPhone OS 15_6_1 like Mac OS X) AppleWebKit/605.1.15 (KHTML, like Gecko) Version/15.6.1 Mobile/15E148 Safari/604.1" "woodlandsfamilymedicine.org"
107.77.222.10 - - [23/Nov/2022:20:04:06 -0800] "GET /js/lib/touchswipe/jquery.mobile.custom.min.js HTTP/1.1" 200 2872 "https://woodlandsfamilymedicine.org/our-services.html" "Mozilla/5.0 (iPhone; CPU iPhone OS 15_6_1 like Mac OS X) AppleWebKit/605.1.15 (KHTML, like Gecko) Version/15.6.1 Mobile/15E148 Safari/604.1" "woodlandsfamilymedicine.org"
107.77.222.10 - - [23/Nov/2022:20:04:06 -0800] "GET /js/lightbox.js?v=1.5.8c HTTP/1.1" 200 3021 "https://woodlandsfamilymedicine.org/our-services.html" "Mozilla/5.0 (iPhone; CPU iPhone OS 15_6_1 like Mac OS X) AppleWebKit/605.1.15 (KHTML, like Gecko) Version/15.6.1 Mobile/15E148 Safari/604.1" "woodlandsfamilymedicine.org"
107.77.222.10 - - [23/Nov/2022:20:04:06 -0800] "GET /js/spimeengine.js?v=1.5.8c HTTP/1.1" 200 17277 "https://woodlandsfamilymedicine.org/our-services.html" "Mozilla/5.0 (iPhone; CPU iPhone OS 15_6_1 like Mac OS X) AppleWebKit/605.1.15 (KHTML, like Gecko) Version/15.6.1 Mobile/15E148 Safari/604.1" "woodlandsfamilymedicine.org"
185.191.171.42 - - [23/Nov/2022:20:06:02 -0800] "GET /robots.txt HTTP/1.1" 200 44 "-" "Mozilla/5.0 (compatible; SemrushBot/7~bl; +http://www.semrush.com/bot.html)" "www.woodlandsfamilymedicine.org"
185.191.171.1 - - [23/Nov/2022:20:06:02 -0800] "GET /contact.html HTTP/1.1" 200 24481 "-" "Mozilla/5.0 (compatible; SemrushBot/7~bl; +http://www.semrush.com/bot.html)" "www.woodlandsfamilymedicine.org"
20.172.244.218 - - [23/Nov/2022:20:08:06 -0800] "GET /index.html HTTP/1.1" 200 25535 "-" "Mozilla/5.0 (Windows NT 10.0; Win64; x64) AppleWebKit/537.36 (KHTML, like Gecko) Chrome/86.0.4240.75 Safari/537.36" "www.doctorallmon.com"
185.209.31.169 - - [23/Nov/2022:20:12:45 -0800] "GET /contact_us HTTP/1.1" 404 73 "http://doctorallmon.com/contact_us" "Mozilla/5.0 (Windows NT 10.0; WOW64) AppleWebKit/537.36 (KHTML, like Gecko) Chrome/90.0.4430.85 Safari/537.36" "doctorallmon.com"
185.209.31.169 - - [23/Nov/2022:20:12:45 -0800] "GET / HTTP/1.1" 200 176610 "http://doctorallmon.com/" "Mozilla/5.0 (Windows NT 10.0; WOW64) AppleWebKit/537.36 (KHTML, like Gecko) Chrome/90.0.4430.85 Safari/537.36" "doctorallmon.com"
185.209.31.169 - - [23/Nov/2022:20:12:48 -0800] "GET /contact.html HTTP/1.1" 200 159740 "http://doctorallmon.com/contact.html" "Mozilla/5.0 (Windows NT 10.0; WOW64) AppleWebKit/537.36 (KHTML, like Gecko) Chrome/90.0.4430.85 Safari/537.36" "doctorallmon.com"
66.249.68.53 - - [23/Nov/2022:20:13:52 -0800] "GET /ads.txt HTTP/1.1" 404 88 "-" "Mozilla/5.0 (compatible; Googlebot/2.1; +http://www.google.com/bot.html)" "doctorallmon.com"
44.204.1.226 - - [23/Nov/2022:20:16:06 -0800] "GET /robots.txt HTTP/1.1" 200 24 "-" "Mozilla/5.0 (X11; Linux x86_64) AppleWebKit/537.36 (KHTML, like Gecko) Chrome/94.0.4606.81 Safari/537.36" "doctorallmon.com"
44.204.1.226 - - [23/Nov/2022:20:16:07 -0800] "GET /contact.html HTTP/1.1" 304 - "-" "Mozilla/5.0 (X11; Linux x86_64) AppleWebKit/537.36 (KHTML, like Gecko) Chrome/94.0.4606.81 Safari/537.36" "doctorallmon.com"
20.172.244.218 - - [23/Nov/2022:20:18:27 -0800] "GET /index.html HTTP/1.1" 200 25535 "-" "Mozilla/5.0 (Windows NT 10.0; Win64; x64) AppleWebKit/537.36 (KHTML, like Gecko) Chrome/86.0.4240.75 Safari/537.36" "www.doctorallmon.com"
20.172.244.197 - - [23/Nov/2022:20:18:48 -0800] "GET /forms.html HTTP/1.1" 200 23351 "-" "Mozilla/5.0 (Windows NT 10.0; Win64; x64) AppleWebKit/537.36 (KHTML, like Gecko) Chrome/86.0.4240.75 Safari/537.36" "www.doctorallmon.com"
44.204.1.226 - - [23/Nov/2022:20:20:58 -0800] "GET /about.html HTTP/1.1" 304 - "-" "Mozilla/5.0 (X11; Linux x86_64) AppleWebKit/537.36 (KHTML, like Gecko) Chrome/94.0.4606.81 Safari/537.36" "doctorallmon.com"
44.204.1.226 - - [23/Nov/2022:20:27:04 -0800] "GET /office-policies.html HTTP/1.1" 304 - "-" "Mozilla/5.0 (X11; Linux x86_64) AppleWebKit/537.36 (KHTML, like Gecko) Chrome/94.0.4606.81 Safari/537.36" "doctorallmon.com"
20.172.244.218 - - [23/Nov/2022:20:28:57 -0800] "GET /index.html HTTP/1.1" 200 25535 "-" "Mozilla/5.0 (Windows NT 10.0; Win64; x64) AppleWebKit/537.36 (KHTML, like Gecko) Chrome/86.0.4240.75 Safari/537.36" "www.doctorallmon.com"
31.43.185.30 - - [23/Nov/2022:20:31:40 -0800] "GET / HTTP/1.1" 200 25535 "-" "Mozilla/5.0 (Windows NT 6.1; WOW64) AppleWebKit/537.1 (KHTML, like Gecko) Chrome/22.0.1207.1 Safari/537.1" "doctorallmon.com"
20.172.244.197 - - [23/Nov/2022:20:33:14 -0800] "GET /forms.html HTTP/1.1" 200 23351 "-" "Mozilla/5.0 (Windows NT 10.0; Win64; x64) AppleWebKit/537.36 (KHTML, like Gecko) Chrome/86.0.4240.75 Safari/537.36" "www.doctorallmon.com"
114.119.145.68 - - [23/Nov/2022:20:39:48 -0800] "GET /robots.txt HTTP/1.1" 200 44 "-" "Mozilla/5.0 (compatible;PetalBot;+https://webmaster.petalsearch.com/site/petalbot)" "woodlandsfamilymedicine.org"
20.172.244.218 - - [23/Nov/2022:20:40:39 -0800] "GET /index.html HTTP/1.1" 200 25535 "-" "Mozilla/5.0 (Windows NT 10.0; Win64; x64) AppleWebKit/537.36 (KHTML, like Gecko) Chrome/86.0.4240.75 Safari/537.36" "www.doctorallmon.com"
17.121.114.216 - - [23/Nov/2022:20:40:39 -0800] "GET / HTTP/1.1" 200 25535 "-" "Mozilla/5.0 (Macintosh; Intel Mac OS X 10_15_5) AppleWebKit/605.1.15 (KHTML, like Gecko) Version/13.1.1 Safari/605.1.15 (Applebot/0.1; +http://www.apple.com/go/applebot)" "woodlandsfamilymedicine.org"
20.172.244.197 - - [23/Nov/2022:20:43:51 -0800] "GET /forms.html HTTP/1.1" 200 23351 "-" "Mozilla/5.0 (Windows NT 10.0; Win64; x64) AppleWebKit/537.36 (KHTML, like Gecko) Chrome/86.0.4240.75 Safari/537.36" "www.doctorallmon.com"
54.90.204.9 - - [23/Nov/2022:20:50:18 -0800] "GET / HTTP/1.1" 200 25535 "-" "Ruby, Mozilla/5.0 (Macintosh; Intel Mac OS X 10_15_7) AppleWebKit/537.36 (KHTML, like Gecko) Chrome/98.0.4758.80 Safari/537.36" "www.doctorallmon.com"
20.172.244.218 - - [23/Nov/2022:20:51:21 -0800] "GET /index.html HTTP/1.1" 200 25535 "-" "Mozilla/5.0 (Windows NT 10.0; Win64; x64) AppleWebKit/537.36 (KHTML, like Gecko) Chrome/86.0.4240.75 Safari/537.36" "www.doctorallmon.com"
20.172.244.197 - - [23/Nov/2022:20:55:33 -0800] "GET /forms.html HTTP/1.1" 200 23351 "-" "Mozilla/5.0 (Windows NT 10.0; Win64; x64) AppleWebKit/537.36 (KHTML, like Gecko) Chrome/86.0.4240.75 Safari/537.36" "www.doctorallmon.com"
20.172.244.218 - - [23/Nov/2022:21:01:30 -0800] "GET /index.html HTTP/1.1" 200 25535 "-" "Mozilla/5.0 (Windows NT 10.0; Win64; x64) AppleWebKit/537.36 (KHTML, like Gecko) Chrome/86.0.4240.75 Safari/537.36" "www.doctorallmon.com"
20.172.244.197 - - [23/Nov/2022:21:06:38 -0800] "GET /forms.html HTTP/1.1" 200 23351 "-" "Mozilla/5.0 (Windows NT 10.0; Win64; x64) AppleWebKit/537.36 (KHTML, like Gecko) Chrome/86.0.4240.75 Safari/537.36" "www.doctorallmon.com"
20.172.244.218 - - [23/Nov/2022:21:12:43 -0800] "GET /index.html HTTP/1.1" 200 25535 "-" "Mozilla/5.0 (Windows NT 10.0; Win64; x64) AppleWebKit/537.36 (KHTML, like Gecko) Chrome/86.0.4240.75 Safari/537.36" "www.doctorallmon.com"
20.172.244.197 - - [23/Nov/2022:21:18:00 -0800] "GET /forms.html HTTP/1.1" 200 23351 "-" "Mozilla/5.0 (Windows NT 10.0; Win64; x64) AppleWebKit/537.36 (KHTML, like Gecko) Chrome/86.0.4240.75 Safari/537.36" "www.doctorallmon.com"
31.43.185.30 - - [23/Nov/2022:21:21:10 -0800] "GET / HTTP/1.1" 200 25535 "-" "Mozilla/5.0 (Windows NT 6.1; WOW64) AppleWebKit/537.1 (KHTML, like Gecko) Chrome/22.0.1207.1 Safari/537.1" "woodlandsfamilymedicine.org"
20.172.244.218 - - [23/Nov/2022:21:23:44 -0800] "GET /index.html HTTP/1.1" 200 25535 "-" "Mozilla/5.0 (Windows NT 10.0; Win64; x64) AppleWebKit/537.36 (KHTML, like Gecko) Chrome/86.0.4240.75 Safari/537.36" "www.doctorallmon.com"
194.38.20.161 - - [23/Nov/2022:21:27:42 -0800] "GET /admin/js/swfupload/upload.php HTTP/1.1" 404 73 "-" "ALittle Client" "doctorallmon.com"
185.191.171.36 - - [23/Nov/2022:21:29:36 -0800] "GET /robots.txt HTTP/1.1" 200 44 "-" "Mozilla/5.0 (compatible; SemrushBot/7~bl; +http://www.semrush.com/bot.html)" "www.doctorallmon.com"
185.191.171.22 - - [23/Nov/2022:21:29:36 -0800] "GET /our-services.html HTTP/1.1" 200 22750 "-" "Mozilla/5.0 (compatible; SemrushBot/7~bl; +http://www.semrush.com/bot.html)" "www.doctorallmon.com"
20.172.244.197 - - [23/Nov/2022:21:30:06 -0800] "GET /forms.html HTTP/1.1" 200 23351 "-" "Mozilla/5.0 (Windows NT 10.0; Win64; x64) AppleWebKit/537.36 (KHTML, like Gecko) Chrome/86.0.4240.75 Safari/537.36" "www.doctorallmon.com"
20.172.244.218 - - [23/Nov/2022:21:34:26 -0800] "GET /index.html HTTP/1.1" 200 25535 "-" "Mozilla/5.0 (Windows NT 10.0; Win64; x64) AppleWebKit/537.36 (KHTML, like Gecko) Chrome/86.0.4240.75 Safari/537.36" "www.doctorallmon.com"
20.172.244.197 - - [23/Nov/2022:21:43:20 -0800] "GET /forms.html HTTP/1.1" 200 23351 "-" "Mozilla/5.0 (Windows NT 10.0; Win64; x64) AppleWebKit/537.36 (KHTML, like Gecko) Chrome/86.0.4240.75 Safari/537.36" "www.doctorallmon.com"
167.94.138.44 - - [23/Nov/2022:21:44:13 -0800] "GET / HTTP/1.1" 200 25535 "-" "Mozilla/5.0 (compatible; CensysInspect/1.1; +https://about.censys.io/)" "www.woodlandsfamilymedicine.org"
167.94.138.44 - - [23/Nov/2022:21:44:13 -0800] "GET / HTTP/1.1" 200 25535 "-" "Mozilla/5.0 (compatible; CensysInspect/1.1; +https://about.censys.io/)" "www.woodlandsfamilymedicine.org"
167.94.138.44 - - [23/Nov/2022:21:44:13 -0800] "GET /favicon.ico HTTP/1.1" 404 88 "-" "Mozilla/5.0 (compatible; CensysInspect/1.1; +https://about.censys.io/)" "www.woodlandsfamilymedicine.org"
20.172.244.218 - - [23/Nov/2022:21:44:38 -0800] "GET /index.html HTTP/1.1" 200 25535 "-" "Mozilla/5.0 (Windows NT 10.0; Win64; x64) AppleWebKit/537.36 (KHTML, like Gecko) Chrome/86.0.4240.75 Safari/537.36" "www.doctorallmon.com"
157.55.39.22 - - [23/Nov/2022:21:46:40 -0800] "GET /js/ysb.js HTTP/1.1" 200 20 "-" "Mozilla/5.0 (compatible; MSIE 9.0; Windows NT 6.1; Trident/5.0)" "woodlandsfamilymedicine.org"
20.172.244.197 - - [23/Nov/2022:21:54:09 -0800] "GET /forms.html HTTP/1.1" 200 23351 "-" "Mozilla/5.0 (Windows NT 10.0; Win64; x64) AppleWebKit/537.36 (KHTML, like Gecko) Chrome/86.0.4240.75 Safari/537.36" "www.doctorallmon.com"
20.172.244.218 - - [23/Nov/2022:21:55:20 -0800] "GET /index.html HTTP/1.1" 200 25535 "-" "Mozilla/5.0 (Windows NT 10.0; Win64; x64) AppleWebKit/537.36 (KHTML, like Gecko) Chrome/86.0.4240.75 Safari/537.36" "www.doctorallmon.com"
185.191.171.41 - - [23/Nov/2022:21:58:26 -0800] "GET /robots.txt HTTP/1.1" 200 44 "-" "Mozilla/5.0 (compatible; SemrushBot/7~bl; +http://www.semrush.com/bot.html)" "doctorallmon.com"
185.191.171.19 - - [23/Nov/2022:21:58:27 -0800] "GET /our-services.html HTTP/1.1" 200 22750 "-" "Mozilla/5.0 (compatible; SemrushBot/7~bl; +http://www.semrush.com/bot.html)" "doctorallmon.com"
161.117.9.99 - - [23/Nov/2022:21:58:31 -0800] "GET /contact_us HTTP/1.1" 404 73 "http://doctorallmon.com/contact_us" "Mozilla/5.0 (Windows NT 6.3; Win64; x64) AppleWebKit/537.36 (KHTML, like Gecko) Chrome/90.0.4430.72 Safari/537.36" "doctorallmon.com"
161.117.9.99 - - [23/Nov/2022:21:58:31 -0800] "GET / HTTP/1.1" 200 176610 "http://doctorallmon.com/" "Mozilla/5.0 (Windows NT 6.3; Win64; x64) AppleWebKit/537.36 (KHTML, like Gecko) Chrome/90.0.4430.72 Safari/537.36" "doctorallmon.com"
161.117.9.99 - - [23/Nov/2022:21:58:34 -0800] "GET /contact.html HTTP/1.1" 200 159740 "http://doctorallmon.com/contact.html" "Mozilla/5.0 (Windows NT 6.3; Win64; x64) AppleWebKit/537.36 (KHTML, like Gecko) Chrome/90.0.4430.72 Safari/537.36" "doctorallmon.com"
51.222.253.13 - - [23/Nov/2022:21:59:58 -0800] "GET / HTTP/1.1" 200 25535 "-" "Mozilla/5.0 (compatible; AhrefsBot/7.0; +http://ahrefs.com/robot/)" "woodlandsfamilymedicine.org"
195.154.126.95 - - [23/Nov/2022:21:59:59 -0800] "GET /css/fonts.css?v=1.5.8c HTTP/1.1" 200 1538 "https://woodlandsfamilymedicine.org/" "Mozilla/5.0 (compatible; AhrefsBot/7.0; +http://ahrefs.com/robot/)" "woodlandsfamilymedicine.org"
195.154.126.95 - - [23/Nov/2022:21:59:59 -0800] "GET /js/all_js.js HTTP/1.1" 200 14389 "https://woodlandsfamilymedicine.org/" "Mozilla/5.0 (compatible; AhrefsBot/7.0; +http://ahrefs.com/robot/)" "woodlandsfamilymedicine.org"
195.154.126.95 - - [23/Nov/2022:21:59:59 -0800] "GET /js/ysb.js HTTP/1.1" 200 20 "https://woodlandsfamilymedicine.org/" "Mozilla/5.0 (compatible; AhrefsBot/7.0; +http://ahrefs.com/robot/)" "woodlandsfamilymedicine.org"
195.154.126.95 - - [23/Nov/2022:21:59:59 -0800] "GET /js/xprs_helper.js?v=1.5.8c HTTP/1.1" 200 9186 "https://woodlandsfamilymedicine.org/" "Mozilla/5.0 (compatible; AhrefsBot/7.0; +http://ahrefs.com/robot/)" "woodlandsfamilymedicine.org"
195.154.126.95 - - [23/Nov/2022:21:59:59 -0800] "GET /css/static_style.css HTTP/1.1" 200 4546 "https://woodlandsfamilymedicine.org/" "Mozilla/5.0 (compatible; AhrefsBot/7.0; +http://ahrefs.com/robot/)" "woodlandsfamilymedicine.org"
195.154.126.95 - - [23/Nov/2022:21:59:59 -0800] "GET /js/lib/touchswipe/jquery.mobile.custom.min.js HTTP/1.1" 200 2872 "https://woodlandsfamilymedicine.org/" "Mozilla/5.0 (compatible; AhrefsBot/7.0; +http://ahrefs.com/robot/)" "woodlandsfamilymedicine.org"
195.154.126.95 - - [23/Nov/2022:22:00:00 -0800] "GET /js/lightbox.js?v=1.5.8c HTTP/1.1" 200 3021 "https://woodlandsfamilymedicine.org/" "Mozilla/5.0 (compatible; AhrefsBot/7.0; +http://ahrefs.com/robot/)" "woodlandsfamilymedicine.org"
195.154.126.95 - - [23/Nov/2022:22:00:00 -0800] "GET /js/spimeengine.js?v=1.5.8c HTTP/1.1" 200 17277 "https://woodlandsfamilymedicine.org/" "Mozilla/5.0 (compatible; AhrefsBot/7.0; +http://ahrefs.com/robot/)" "woodlandsfamilymedicine.org"
195.154.126.95 - - [23/Nov/2022:22:00:00 -0800] "GET /css/lightbox.css?v=1.5.8c HTTP/1.1" 200 646 "https://woodlandsfamilymedicine.org/" "Mozilla/5.0 (compatible; AhrefsBot/7.0; +http://ahrefs.com/robot/)" "woodlandsfamilymedicine.org"
195.154.126.95 - - [23/Nov/2022:22:00:00 -0800] "GET /css/effects.css?v=1.5.8c HTTP/1.1" 200 2395 "https://woodlandsfamilymedicine.org/" "Mozilla/5.0 (compatible; AhrefsBot/7.0; +http://ahrefs.com/robot/)" "woodlandsfamilymedicine.org"
185.191.171.44 - - [23/Nov/2022:22:01:31 -0800] "GET /robots.txt HTTP/1.1" 200 44 "-" "Mozilla/5.0 (compatible; SemrushBot/7~bl; +http://www.semrush.com/bot.html)" "www.woodlandsfamilymedicine.org"
185.191.171.10 - - [23/Nov/2022:22:01:31 -0800] "GET /office-policies.html HTTP/1.1" 200 24312 "-" "Mozilla/5.0 (compatible; SemrushBot/7~bl; +http://www.semrush.com/bot.html)" "www.woodlandsfamilymedicine.org"
20.172.244.197 - - [23/Nov/2022:22:05:55 -0800] "GET /forms.html HTTP/1.1" 200 23351 "-" "Mozilla/5.0 (Windows NT 10.0; Win64; x64) AppleWebKit/537.36 (KHTML, like Gecko) Chrome/86.0.4240.75 Safari/537.36" "www.doctorallmon.com"
20.172.244.218 - - [23/Nov/2022:22:05:56 -0800] "GET /index.html HTTP/1.1" 200 25535 "-" "Mozilla/5.0 (Windows NT 10.0; Win64; x64) AppleWebKit/537.36 (KHTML, like Gecko) Chrome/86.0.4240.75 Safari/537.36" "www.doctorallmon.com"
35.235.69.188 - - [23/Nov/2022:22:15:53 -0800] "POST /wp-plain.php HTTP/1.1" 404 73 "www.google.com" "Mozilla/5.0 (Linux; Android 7.0; SM-G892A Bulid/NRD90M; wv) AppleWebKit/537.36 (KHTML, like Gecko) Version/4.0 Chrome/60.0.3112.107 Moblie Safari/537.36" "doctorallmon.com"
35.235.69.188 - - [23/Nov/2022:22:15:53 -0800] "POST /ALFA_DATA/alfacgiapi/perl.alfa HTTP/1.1" 404 73 "www.google.com" "Mozlila/5.0 (Linux; Android 7.0; SM-G892A Bulid/NRD90M; wv) AppleWebKit/537.36 (KHTML, like Gecko) Version/4.0 Chrome/60.0.3112.107 Moblie Safari/537.36" "doctorallmon.com"
35.235.69.188 - - [23/Nov/2022:22:15:53 -0800] "GET /mpgxnrxm.php?Fox=d3wL7 HTTP/1.1" 404 73 "www.google.com" "Mozilla/5.0 (Linux; Android 7.0; SM-G892A Bulid/NRD90M; wv) AppleWebKit/537.36 (KHTML, like Gecko) Version/4.0 Chrome/60.0.3112.107 Moblie Safari/537.36" "doctorallmon.com"
35.235.69.188 - - [23/Nov/2022:22:15:53 -0800] "GET / HTTP/1.1" 200 176610 "-" "Mozlila/5.0 (Linux; Android 7.0; SM-G892A Bulid/NRD90M; wv) AppleWebKit/537.36 (KHTML, like Gecko) Version/4.0 Chrome/60.0.3112.107 Moblie Safari/537.36" "doctorallmon.com"
35.235.69.188 - - [23/Nov/2022:22:15:53 -0800] "POST /alfacgiapi/perl.alfa HTTP/1.1" 404 73 "www.google.com" "Mozlila/5.0 (Linux; Android 7.0; SM-G892A Bulid/NRD90M; wv) AppleWebKit/537.36 (KHTML, like Gecko) Version/4.0 Chrome/60.0.3112.107 Moblie Safari/537.36" "doctorallmon.com"
35.235.69.188 - - [23/Nov/2022:22:15:54 -0800] "POST /wp-plain.php HTTP/1.1" 404 73 "www.google.com" "Mozilla/5.0 (Linux; Android 7.0; SM-G892A Bulid/NRD90M; wv) AppleWebKit/537.36 (KHTML, like Gecko) Version/4.0 Chrome/60.0.3112.107 Moblie Safari/537.36" "doctorallmon.com"
35.235.69.188 - - [23/Nov/2022:22:15:54 -0800] "GET /michvrvt.php?Fox=d3wL7 HTTP/1.1" 404 73 "www.google.com" "Mozilla/5.0 (Linux; Android 7.0; SM-G892A Bulid/NRD90M; wv) AppleWebKit/537.36 (KHTML, like Gecko) Version/4.0 Chrome/60.0.3112.107 Moblie Safari/537.36" "doctorallmon.com"
20.172.244.218 - - [23/Nov/2022:22:17:23 -0800] "GET /index.html HTTP/1.1" 200 25535 "-" "Mozilla/5.0 (Windows NT 10.0; Win64; x64) AppleWebKit/537.36 (KHTML, like Gecko) Chrome/86.0.4240.75 Safari/537.36" "www.doctorallmon.com"
20.172.244.197 - - [23/Nov/2022:22:18:43 -0800] "GET /forms.html HTTP/1.1" 200 23351 "-" "Mozilla/5.0 (Windows NT 10.0; Win64; x64) AppleWebKit/537.36 (KHTML, like Gecko) Chrome/86.0.4240.75 Safari/537.36" "www.doctorallmon.com"
35.231.164.55 - - [23/Nov/2022:22:22:40 -0800] "GET /links HTTP/1.1" 404 73 "-" "Mozilla/5.0 (Windows NT 10.0; Win64; x64) AppleWebKit/537.36 (KHTML, like Gecko) Chrome/101.0.4951.64 Safari/537.36 Edg/101.0.1210.47" "www.doctorallmon.com"
20.172.244.218 - - [23/Nov/2022:22:28:00 -0800] "GET /index.html HTTP/1.1" 200 25535 "-" "Mozilla/5.0 (Windows NT 10.0; Win64; x64) AppleWebKit/537.36 (KHTML, like Gecko) Chrome/86.0.4240.75 Safari/537.36" "www.doctorallmon.com"
20.172.244.197 - - [23/Nov/2022:22:30:27 -0800] "GET /forms.html HTTP/1.1" 200 23351 "-" "Mozilla/5.0 (Windows NT 10.0; Win64; x64) AppleWebKit/537.36 (KHTML, like Gecko) Chrome/86.0.4240.75 Safari/537.36" "www.doctorallmon.com"
20.172.244.218 - - [23/Nov/2022:22:39:39 -0800] "GET /index.html HTTP/1.1" 200 25535 "-" "Mozilla/5.0 (Windows NT 10.0; Win64; x64) AppleWebKit/537.36 (KHTML, like Gecko) Chrome/86.0.4240.75 Safari/537.36" "www.doctorallmon.com"
20.172.244.197 - - [23/Nov/2022:22:40:53 -0800] "GET /forms.html HTTP/1.1" 200 23351 "-" "Mozilla/5.0 (Windows NT 10.0; Win64; x64) AppleWebKit/537.36 (KHTML, like Gecko) Chrome/86.0.4240.75 Safari/537.36" "www.doctorallmon.com"
114.119.151.1 - - [23/Nov/2022:22:43:08 -0800] "GET /robots.txt HTTP/1.1" 200 44 "-" "Mozilla/5.0 (compatible;PetalBot;+https://webmaster.petalsearch.com/site/petalbot)" "www.doctorallmon.com"
54.36.148.123 - - [23/Nov/2022:22:45:32 -0800] "GET /robots.txt HTTP/1.1" 200 44 "-" "Mozilla/5.0 (compatible; AhrefsBot/7.0; +http://ahrefs.com/robot/)" "www.doctorallmon.com"
51.222.253.7 - - [23/Nov/2022:22:45:34 -0800] "GET / HTTP/1.1" 200 25535 "-" "Mozilla/5.0 (compatible; AhrefsBot/7.0; +http://ahrefs.com/robot/)" "www.doctorallmon.com"
168.119.65.49 - - [23/Nov/2022:22:45:35 -0800] "GET /js/ysb.js HTTP/1.1" 200 20 "http://www.doctorallmon.com/" "Mozilla/5.0 (compatible; AhrefsBot/7.0; +http://ahrefs.com/robot/)" "www.doctorallmon.com"
168.119.65.49 - - [23/Nov/2022:22:45:35 -0800] "GET /css/fonts.css?v=1.5.8c HTTP/1.1" 200 1538 "http://www.doctorallmon.com/" "Mozilla/5.0 (compatible; AhrefsBot/7.0; +http://ahrefs.com/robot/)" "www.doctorallmon.com"
168.119.65.49 - - [23/Nov/2022:22:45:35 -0800] "GET /css/static_style.css HTTP/1.1" 200 4546 "http://www.doctorallmon.com/" "Mozilla/5.0 (compatible; AhrefsBot/7.0; +http://ahrefs.com/robot/)" "www.doctorallmon.com"
168.119.65.49 - - [23/Nov/2022:22:45:35 -0800] "GET /js/xprs_helper.js?v=1.5.8c HTTP/1.1" 200 9186 "http://www.doctorallmon.com/" "Mozilla/5.0 (compatible; AhrefsBot/7.0; +http://ahrefs.com/robot/)" "www.doctorallmon.com"
168.119.65.49 - - [23/Nov/2022:22:45:35 -0800] "GET /js/lib/touchswipe/jquery.mobile.custom.min.js HTTP/1.1" 200 2872 "http://www.doctorallmon.com/" "Mozilla/5.0 (compatible; AhrefsBot/7.0; +http://ahrefs.com/robot/)" "www.doctorallmon.com"
168.119.65.49 - - [23/Nov/2022:22:45:35 -0800] "GET /js/all_js.js HTTP/1.1" 200 14389 "http://www.doctorallmon.com/" "Mozilla/5.0 (compatible; AhrefsBot/7.0; +http://ahrefs.com/robot/)" "www.doctorallmon.com"
168.119.65.49 - - [23/Nov/2022:22:45:35 -0800] "GET /js/lightbox.js?v=1.5.8c HTTP/1.1" 200 3021 "http://www.doctorallmon.com/" "Mozilla/5.0 (compatible; AhrefsBot/7.0; +http://ahrefs.com/robot/)" "www.doctorallmon.com"
